000
CDUS43 KMQT 290520
CLIMQT


CLIMATE REPORT
NATIONAL WEATHER SERVICE MARQUETTE MI
110 AM EDT SUN MAR 29 2015


...................................

...THE MARQUETTE MI CLIMATE SUMMARY FOR MARCH 28 2015...

CLIMATE NORMAL PERIOD 1981 TO 2010
CLIMATE RECORD PERIOD 1961 TO 2015


WEATHER ITEM   OBSERVED RECORD YEAR NORMAL DEPARTURE LAST
                VALUE   VALUE       VALUE  FROM      YEAR
                                           NORMAL
...........................................................
TEMPERATURE (F)
 YESTERDAY
  MAXIMUM         39     68    1986  39      0       32
  MINIMUM         -9    -10    1966  19    -28       19
  AVERAGE         15                 29    -14       26

PRECIPITATION (IN)
  YESTERDAY        0.00   1.19 2003   0.10  -0.10     0.02
  MONTH TO DATE    0.93               2.73  -1.80     1.94
  SINCE MAR 1      0.93               2.73  -1.80     1.94
  SINCE JAN 1      3.85               7.28  -3.43     5.46

SNOWFALL (IN)
  YESTERDAY        0.0   10.5  2003   0.9   -0.9      0.2
  MONTH TO DATE    8.5               32.5  -24.0     30.0
  SINCE MAR 1      8.5               32.5  -24.0     30.0
  SINCE JUL 1    162.5              184.9  -22.4    159.5
  SNOW DEPTH      19

DEGREE DAYS
 HEATING
  YESTERDAY       50                 36     14       39
  MONTH TO DATE 1143               1157    -14     1430
  SINCE MAR 1   1143               1157    -14     1430
  SINCE JUL 1   8454               7781    673     8752

 COOLING
  YESTERDAY        0                  0      0        0
  MONTH TO DATE    0                  0      0        0
  SINCE MAR 1      0                  0      0        0
  SINCE JAN 1      0                  0      0        0
...........................................................


WIND (MPH)
  RESULTANT WIND SPEED  MM   RESULTANT WIND DIRECTION  MM
  HIGHEST WIND SPEED    MM   HIGHEST WIND DIRECTION    MM
  HIGHEST GUST SPEED    17   HIGHEST GUST DIRECTION    SW (225)
  AVERAGE WIND SPEED    MM


SKY COVER
  POSSIBLE SUNSHINE  MM
  AVERAGE SKY COVER  MM


WEATHER CONDITIONS
 THE FOLLOWING WEATHER WAS RECORDED YESTERDAY.
  NO SIGNIFICANT WEATHER WAS OBSERVED.


RELATIVE HUMIDITY (PERCENT)
 HIGHEST    MM
 LOWEST     MM
 AVERAGE    MM

..........................................................


THE MARQUETTE MI CLIMATE NORMALS FOR TODAY
                         NORMAL    RECORD    YEAR
 MAXIMUM TEMPERATURE (F)   39        62      1986
 MINIMUM TEMPERATURE (F)   20       -11      1970


SUNRISE AND SUNSET
MARCH 29 2015.........SUNRISE   736 AM EDT   SUNSET   815 PM EDT
MARCH 30 2015.........SUNRISE   734 AM EDT   SUNSET   816 PM EDT


-  INDICATES NEGATIVE NUMBERS.
R  INDICATES RECORD WAS SET OR TIED.
MM INDICATES DATA IS MISSING.
T  INDICATES TRACE AMOUNT.


$$

TITUS
