000
CDUS43 KMQT 190509
CLIMQT


CLIMATE REPORT
NATIONAL WEATHER SERVICE MARQUETTE MI
1209 AM EST SUN NOV 19 2017


...................................

...THE MARQUETTE MI CLIMATE SUMMARY FOR NOVEMBER 18 2017...

CLIMATE NORMAL PERIOD 1981 TO 2010
CLIMATE RECORD PERIOD 1961 TO 2017


WEATHER ITEM   OBSERVED RECORD YEAR NORMAL DEPARTURE LAST
                VALUE   VALUE       VALUE  FROM      YEAR
                                           NORMAL
...........................................................
TEMPERATURE (F)
 YESTERDAY
  MAXIMUM         33     60    2001  36     -3       51
  MINIMUM         23     -2    1986  22      1       42
  AVERAGE         28                 29     -1       47

PRECIPITATION (IN)
  YESTERDAY        T      0.52 1985   0.11  -0.11     0.01
  MONTH TO DATE    1.65               1.90  -0.25     0.35
  SINCE SEP 1     13.09               9.46   3.63     8.88
  SINCE JAN 1     40.42              31.83   8.59    36.65

SNOWFALL (IN)
  YESTERDAY        T      5.8  2008   0.9   -0.9      0.0
  MONTH TO DATE   12.7               11.6    1.1       T
  SINCE SEP 1     21.5               17.7    3.8       T
  SINCE JUL 1     21.5               17.7    3.8       T
  SNOW DEPTH       2

DEGREE DAYS
 HEATING
  YESTERDAY       37                 36      1       18
  MONTH TO DATE  670                576     94      346
  SINCE SEP 1   1430               1552   -122     1100
  SINCE JUL 1   1695               1737    -42     1200

 COOLING
  YESTERDAY        0                  0      0        0
  MONTH TO DATE    0                  0      0        0
  SINCE SEP 1     52                 22     30       10
  SINCE JAN 1    145                242    -97      246
...........................................................


WIND (MPH)
  RESULTANT WIND SPEED  MM   RESULTANT WIND DIRECTION  MM
  HIGHEST WIND SPEED    MM   HIGHEST WIND DIRECTION    MM
  HIGHEST GUST SPEED    29   HIGHEST GUST DIRECTION    NW (315)
  AVERAGE WIND SPEED    MM


SKY COVER
  POSSIBLE SUNSHINE  MM
  AVERAGE SKY COVER  MM


WEATHER CONDITIONS
 THE FOLLOWING WEATHER WAS RECORDED YESTERDAY.
  LIGHT RAIN
  LIGHT SNOW


RELATIVE HUMIDITY (PERCENT)
 HIGHEST    MM
 LOWEST     MM
 AVERAGE    MM

..........................................................


THE MARQUETTE MI CLIMATE NORMALS FOR TODAY
                         NORMAL    RECORD    YEAR
 MAXIMUM TEMPERATURE (F)   36        53      1963
 MINIMUM TEMPERATURE (F)   22        -3      1986


SUNRISE AND SUNSET
NOVEMBER 19 2017......SUNRISE   758 AM EST   SUNSET   513 PM EST
NOVEMBER 20 2017......SUNRISE   800 AM EST   SUNSET   512 PM EST


-  INDICATES NEGATIVE NUMBERS.
R  INDICATES RECORD WAS SET OR TIED.
MM INDICATES DATA IS MISSING.
T  INDICATES TRACE AMOUNT.


$$

TITUS
