000
CDUS43 KMQT 220506
CLIMQT

CLIMATE REPORT
NATIONAL WEATHER SERVICE MARQUETTE MI
105 AM EDT SAT APR 22 2017


...................................

...THE MARQUETTE MI CLIMATE SUMMARY FOR APRIL 21 2017...

CLIMATE NORMAL PERIOD 1981 TO 2010
CLIMATE RECORD PERIOD 1961 TO 2017


WEATHER ITEM   OBSERVED RECORD YEAR NORMAL DEPARTURE LAST
                VALUE   VALUE       VALUE  FROM      YEAR
                                           NORMAL
...........................................................
TEMPERATURE (F)
 YESTERDAY
  MAXIMUM         49     80    1985  51     -2       59
  MINIMUM         31      9    1982  31      0       31
  AVERAGE         40                 41     -1       45

PRECIPITATION (IN)
  YESTERDAY        0.13   1.15 1969   0.09   0.04     0.02
  MONTH TO DATE    3.90               2.18   1.72     2.61
  SINCE MAR 1      5.74               5.21   0.53     5.95
  SINCE JAN 1     10.32               9.76   0.56    10.57

SNOWFALL (IN)
  YESTERDAY        1.4    9.9  2009   0.3    1.1      0.0
  MONTH TO DATE   11.0               12.2   -1.2     40.8
  SINCE MAR 1     30.9               47.1  -16.2     59.6
  SINCE JUL 1    152.0              199.5  -47.5    159.7
  SNOW DEPTH       1

DEGREE DAYS
 HEATING
  YESTERDAY       25                 24      1       20
  MONTH TO DATE  530                614    -84      673
  SINCE MAR 1   1782               1877    -95     1769
  SINCE JUL 1   7466               8501  -1035     7536

 COOLING
  YESTERDAY        0                  0      0        0
  MONTH TO DATE    0                  0      0        0
  SINCE MAR 1      0                  0      0        0
  SINCE JAN 1      0                  0      0        0
...........................................................


WIND (MPH)
  RESULTANT WIND SPEED  MM   RESULTANT WIND DIRECTION  MM
  HIGHEST WIND SPEED    MM   HIGHEST WIND DIRECTION    MM
  HIGHEST GUST SPEED    29   HIGHEST GUST DIRECTION     N (360)
  AVERAGE WIND SPEED    MM


SKY COVER
  POSSIBLE SUNSHINE  MM
  AVERAGE SKY COVER  MM


WEATHER CONDITIONS
 THE FOLLOWING WEATHER WAS RECORDED YESTERDAY.
  LIGHT SNOW
  FOG


RELATIVE HUMIDITY (PERCENT)
 HIGHEST    MM
 LOWEST     MM
 AVERAGE    MM

..........................................................


THE MARQUETTE MI CLIMATE NORMALS FOR TODAY
                         NORMAL    RECORD    YEAR
 MAXIMUM TEMPERATURE (F)   51        92      1980
 MINIMUM TEMPERATURE (F)   31        14      1986


SUNRISE AND SUNSET
APRIL 22 2017.........SUNRISE   650 AM EDT   SUNSET   848 PM EDT
APRIL 23 2017.........SUNRISE   649 AM EDT   SUNSET   849 PM EDT


-  INDICATES NEGATIVE NUMBERS.
R  INDICATES RECORD WAS SET OR TIED.
MM INDICATES DATA IS MISSING.
T  INDICATES TRACE AMOUNT.




$$
