000
CDUS43 KMQT 180512
CLIMQT


CLIMATE REPORT
NATIONAL WEATHER SERVICE MARQUETTE MI
110 AM EDT FRI APR 18 2014


...................................

...THE MARQUETTE MI CLIMATE SUMMARY FOR APRIL 17 2014...

CLIMATE NORMAL PERIOD 1981 TO 2010
CLIMATE RECORD PERIOD 1961 TO 2014


WEATHER ITEM   OBSERVED RECORD YEAR NORMAL DEPARTURE LAST
                VALUE   VALUE       VALUE  FROM      YEAR
                                           NORMAL
...........................................................
TEMPERATURE (F)
 YESTERDAY
  MAXIMUM         34     73    2009  49    -15       37
                               2002
  MINIMUM         26     15    1983  29     -3       28
  AVERAGE         30                 39     -9       33

PRECIPITATION (IN)
  YESTERDAY        0.30   0.85 1975   0.10   0.20     0.00
  MONTH TO DATE    2.94               1.81   1.13     2.66
  SINCE MAR 1      4.90               4.84   0.06     5.95
  SINCE JAN 1      8.42               9.39  -0.97    11.50

SNOWFALL (IN)
  YESTERDAY        3.9 R  2.5  1982   0.5    3.4      0.0
  MONTH TO DATE   29.0               10.8   18.2     17.9
  SINCE MAR 1     59.0               45.7   13.3     66.7
  SINCE JUL 1    188.5              198.1   -9.6    200.5
  SNOW DEPTH      28

DEGREE DAYS
 HEATING
  YESTERDAY       35                 26      9       32
  MONTH TO DATE  583                514     69      619
  SINCE MAR 1   2106               1777    329     1969
  SINCE JUL 1   9428               8401   1027     8279

 COOLING
  YESTERDAY        0                  0      0        0
  MONTH TO DATE    0                  0      0        0
  SINCE MAR 1      0                  0      0        0
  SINCE JAN 1      0                  0      0        0
...........................................................


WIND (MPH)
  HIGHEST WIND SPEED    MM   HIGHEST WIND DIRECTION    MM
  HIGHEST GUST SPEED    18   HIGHEST GUST DIRECTION     W (270)
  AVERAGE WIND SPEED    MM


SKY COVER
  POSSIBLE SUNSHINE  MM
  AVERAGE SKY COVER  MM


WEATHER CONDITIONS
 THE FOLLOWING WEATHER WAS RECORDED YESTERDAY.
  LIGHT RAIN
  LIGHT SNOW


RELATIVE HUMIDITY (PERCENT)
 HIGHEST    MM
 LOWEST     MM
 AVERAGE    MM

..........................................................


THE MARQUETTE MI CLIMATE NORMALS FOR TODAY
                         NORMAL    RECORD    YEAR
 MAXIMUM TEMPERATURE (F)   49        79      2005
 MINIMUM TEMPERATURE (F)   29        15      1983
                                             1974


SUNRISE AND SUNSET
APRIL 18 2014.........SUNRISE   658 AM EDT   SUNSET   842 PM EDT
APRIL 19 2014.........SUNRISE   656 AM EDT   SUNSET   843 PM EDT


-  INDICATES NEGATIVE NUMBERS.
R  INDICATES RECORD WAS SET OR TIED.
MM INDICATES DATA IS MISSING.
T  INDICATES TRACE AMOUNT.




$$
