000
CDUS43 KMQT 292102
CLIMQT


CLIMATE REPORT
NATIONAL WEATHER SERVICE MARQUETTE MI
502 PM EDT SAT APR 29 2017


...................................

...THE MARQUETTE MI CLIMATE SUMMARY FOR APRIL 29 2017...
VALID TODAY AS OF 500 PM LOCAL TIME.

CLIMATE NORMAL PERIOD 1981 TO 2010
CLIMATE RECORD PERIOD 1961 TO 2017


WEATHER ITEM   OBSERVED RECORD YEAR NORMAL DEPARTURE LAST
                VALUE   VALUE       VALUE  FROM      YEAR
                                           NORMAL
...........................................................
TEMPERATURE (F)
 TODAY
  MAXIMUM         44     80    2007  55    -11       53
  MINIMUM         29     19    1979  34     -5       31
  AVERAGE         37                 44     -7       42

PRECIPITATION (IN)
  TODAY            0.00   0.99 2014   0.10  -0.10     0.00
  MONTH TO DATE    5.40               2.92   2.48     3.83
  SINCE MAR 1      7.24               5.95   1.29     7.17
  SINCE JAN 1     11.82              10.50   1.32    11.79

SNOWFALL (IN)
  TODAY            0.0    4.1  2014   0.2   -0.2      0.0
  MONTH TO DATE   12.1               14.3   -2.2     40.9
  SINCE MAR 1     32.0               49.2  -17.2     59.7
  SINCE JUL 1    153.1              201.6  -48.5    159.8
  SNOW DEPTH       0

DEGREE DAYS
 HEATING
  TODAY           28                 21      7       23
  MONTH TO DATE  721                793    -72      901
  SINCE MAR 1   1973               2056    -83     1997
  SINCE JUL 1   7657               8680  -1023     7764

 COOLING
  TODAY            0                  0      0        0
  MONTH TO DATE    0                  0      0        0
  SINCE MAR 1      0                  0      0        0
  SINCE JAN 1      0                  0      0        0
...........................................................


WIND (MPH)
  HIGHEST WIND SPEED    MM   HIGHEST WIND DIRECTION    MM
  HIGHEST GUST SPEED    21   HIGHEST GUST DIRECTION    NW (315)
  AVERAGE WIND SPEED    MM


SKY COVER
  POSSIBLE SUNSHINE  MM
  AVERAGE SKY COVER  MM


WEATHER CONDITIONS
 THE FOLLOWING WEATHER WAS RECORDED TODAY.
  NO SIGNIFICANT WEATHER WAS OBSERVED.


RELATIVE HUMIDITY (PERCENT)
 HIGHEST    MM
 LOWEST     MM
 AVERAGE    MM

..........................................................


THE MARQUETTE MI CLIMATE NORMALS FOR TOMORROW
                         NORMAL    RECORD    YEAR
 MAXIMUM TEMPERATURE (F)   55        84      2001
 MINIMUM TEMPERATURE (F)   35        22      2003
                                             1971


SUNRISE AND SUNSET
APRIL 29 2017.........SUNRISE   639 AM EDT   SUNSET   857 PM EDT
APRIL 30 2017.........SUNRISE   637 AM EDT   SUNSET   859 PM EDT


-  INDICATES NEGATIVE NUMBERS.
R  INDICATES RECORD WAS SET OR TIED.
MM INDICATES DATA IS MISSING.
T  INDICATES TRACE AMOUNT.




$$
