000
CDUS43 KMQT 042105
CLIMQT


CLIMATE REPORT
NATIONAL WEATHER SERVICE MARQUETTE MI
505 PM EDT SUN SEP 4 2016


...................................

...THE MARQUETTE MI CLIMATE SUMMARY FOR SEPTEMBER 4 2016...
VALID TODAY AS OF 0500 PM LOCAL TIME.

CLIMATE NORMAL PERIOD 1981 TO 2010
CLIMATE RECORD PERIOD 1961 TO 2016


WEATHER ITEM   OBSERVED RECORD YEAR NORMAL DEPARTURE LAST
                VALUE   VALUE       VALUE  FROM      YEAR
                                           NORMAL
...........................................................
TEMPERATURE (F)
 TODAY
  MAXIMUM         75     88    1999  70      5       79
  MINIMUM         57     34    1997  50      7       53
                               1963
  AVERAGE         66                 60      6       66

PRECIPITATION (IN)
  TODAY            0.00   4.29 2007   0.11  -0.11     0.00
  MONTH TO DATE    0.05               0.43  -0.38     0.31
  SINCE SEP 1      0.05               0.43  -0.38     0.31
  SINCE JAN 1     27.82              22.80   5.02    18.52

SNOWFALL (IN)
  TODAY            0.0   MM      MM   0.0    0.0      0.0
  MONTH TO DATE    0.0                0.0    0.0      0.0
  SINCE SEP 1      0.0                0.0    0.0      0.0
  SINCE JUL 1      T                  0.0    0.0      0.0
  SNOW DEPTH       0

DEGREE DAYS
 HEATING
  TODAY            0                  6     -6        0
  MONTH TO DATE   18                 24     -6        0
  SINCE SEP 1     18                 24     -6        0
  SINCE JUL 1    118                209    -91      168

 COOLING
  TODAY            1                  1      0        1
  MONTH TO DATE    1                  7     -6       16
  SINCE SEP 1      1                  7     -6       16
  SINCE JAN 1    237                227     10      198
...........................................................


WIND (MPH)
  HIGHEST WIND SPEED    MM   HIGHEST WIND DIRECTION    MM
  HIGHEST GUST SPEED    26   HIGHEST GUST DIRECTION     S (180)
  AVERAGE WIND SPEED    MM


SKY COVER
  POSSIBLE SUNSHINE  MM
  AVERAGE SKY COVER  MM


WEATHER CONDITIONS
 THE FOLLOWING WEATHER WAS RECORDED TODAY.
  NO SIGNIFICANT WEATHER WAS OBSERVED.


RELATIVE HUMIDITY (PERCENT)
 HIGHEST    MM
 LOWEST     MM
 AVERAGE    MM

..........................................................


THE MARQUETTE MI CLIMATE NORMALS FOR TOMORROW
                         NORMAL    RECORD    YEAR
 MAXIMUM TEMPERATURE (F)   70        88      2007
                                             1998
 MINIMUM TEMPERATURE (F)   50        32      1984
                                             1962


SUNRISE AND SUNSET
SEPTEMBER  4 2016.....SUNRISE   715 AM EDT   SUNSET   822 PM EDT
SEPTEMBER  5 2016.....SUNRISE   716 AM EDT   SUNSET   820 PM EDT


-  INDICATES NEGATIVE NUMBERS.
R  INDICATES RECORD WAS SET OR TIED.
MM INDICATES DATA IS MISSING.
T  INDICATES TRACE AMOUNT.




$$
