000
CDUS43 KMQT 070453
CLIMQT


CLIMATE REPORT
NATIONAL WEATHER SERVICE MARQUETTE MI
1254 AM EDT SUN SEP 7 2014


...................................

...THE MARQUETTE MI CLIMATE SUMMARY FOR SEPTEMBER 6 2014...

CLIMATE NORMAL PERIOD 1981 TO 2010
CLIMATE RECORD PERIOD 1961 TO 2014


WEATHER ITEM   OBSERVED RECORD YEAR NORMAL DEPARTURE LAST
                VALUE   VALUE       VALUE  FROM      YEAR
                                           NORMAL
...........................................................
TEMPERATURE (F)
 YESTERDAY
  MAXIMUM         66     88    1996  70     -4       80
                               1978
  MINIMUM         47     32    1962  49     -2       53
  AVERAGE         57                 60     -3       67

PRECIPITATION (IN)
  YESTERDAY        0.00   1.87 1995   0.11  -0.11     0.10
  MONTH TO DATE    0.56               0.65  -0.09     0.38
  SINCE SEP 1      0.56               0.65  -0.09     0.38
  SINCE JAN 1     27.30              23.02   4.28    28.13

SNOWFALL (IN)
  YESTERDAY        0.0   MM      MM   0.0    0.0      0.0
  MONTH TO DATE    0.0                0.0    0.0      0.0
  SINCE SEP 1      0.0                0.0    0.0      0.0
  SINCE JUL 1      T                  0.0    0.0      0.0
  SNOW DEPTH       0

DEGREE DAYS
 HEATING
  YESTERDAY        8                  7      1        0
  MONTH TO DATE   18                 38    -20       40
  SINCE SEP 1     18                 38    -20       40
  SINCE JUL 1    265                223     42      254

 COOLING
  YESTERDAY        0                  1     -1        2
  MONTH TO DATE    1                  9     -8        2
  SINCE SEP 1      1                  9     -8        2
  SINCE JAN 1    148                229    -81      272
...........................................................


WIND (MPH)
  RESULTANT WIND SPEED  MM   RESULTANT WIND DIRECTION  MM
  HIGHEST WIND SPEED    MM   HIGHEST WIND DIRECTION    MM
  HIGHEST GUST SPEED    26   HIGHEST GUST DIRECTION     W (270)
  AVERAGE WIND SPEED    MM


SKY COVER
  POSSIBLE SUNSHINE  MM
  AVERAGE SKY COVER  MM


WEATHER CONDITIONS
 THE FOLLOWING WEATHER WAS RECORDED YESTERDAY.
  NO SIGNIFICANT WEATHER WAS OBSERVED.


RELATIVE HUMIDITY (PERCENT)
 HIGHEST    MM
 LOWEST     MM
 AVERAGE    MM

..........................................................


THE MARQUETTE MI CLIMATE NORMALS FOR TODAY
                         NORMAL    RECORD    YEAR
 MAXIMUM TEMPERATURE (F)   69        91      2002
 MINIMUM TEMPERATURE (F)   49        29      1982


SUNRISE AND SUNSET
SEPTEMBER  7 2014.....SUNRISE   718 AM EDT   SUNSET   818 PM EDT
SEPTEMBER  8 2014.....SUNRISE   719 AM EDT   SUNSET   816 PM EDT


-  INDICATES NEGATIVE NUMBERS.
R  INDICATES RECORD WAS SET OR TIED.
MM INDICATES DATA IS MISSING.
T  INDICATES TRACE AMOUNT.

$$
