000
CDUS43 KMQT 150501
CLIMQT


CLIMATE REPORT
NATIONAL WEATHER SERVICE MARQUETTE MI
1259 AM EDT SUN MAR 15 2015


...................................

...THE MARQUETTE MI CLIMATE SUMMARY FOR MARCH 14 2015...

CLIMATE NORMAL PERIOD 1981 TO 2010
CLIMATE RECORD PERIOD 1961 TO 2015


WEATHER ITEM   OBSERVED RECORD YEAR NORMAL DEPARTURE LAST
                VALUE   VALUE       VALUE  FROM      YEAR
                                           NORMAL
...........................................................
TEMPERATURE (F)
 YESTERDAY
  MAXIMUM         35     63    2012  34      1       41
  MINIMUM         30    -10    1992  13     17       19
  AVERAGE         33                 23     10       30

PRECIPITATION (IN)
  YESTERDAY        0.01   1.77 1989   0.10  -0.09     0.11
  MONTH TO DATE    0.15               1.33  -1.18     0.41
  SINCE MAR 1      0.15               1.33  -1.18     0.41
  SINCE JAN 1      3.07               5.88  -2.81     3.93

SNOWFALL (IN)
  YESTERDAY        T     26.2  1997   1.2   -1.2      1.7
  MONTH TO DATE    2.8               18.1  -15.3      7.0
  SINCE MAR 1      2.8               18.1  -15.3      7.0
  SINCE JUL 1    156.8              170.5  -13.7    136.5
  SNOW DEPTH      22

DEGREE DAYS
 HEATING
  YESTERDAY       32                 42    -10       35
  MONTH TO DATE  581                615    -34      738
  SINCE MAR 1    581                615    -34      738
  SINCE JUL 1   7892               7239    653     8060

 COOLING
  YESTERDAY        0                  0      0        0
  MONTH TO DATE    0                  0      0        0
  SINCE MAR 1      0                  0      0        0
  SINCE JAN 1      0                  0      0        0
...........................................................


WIND (MPH)
  HIGHEST WIND SPEED    MM   HIGHEST WIND DIRECTION    MM
  HIGHEST GUST SPEED    35   HIGHEST GUST DIRECTION     W (270)
  AVERAGE WIND SPEED    MM


SKY COVER
  POSSIBLE SUNSHINE  MM
  AVERAGE SKY COVER  MM


WEATHER CONDITIONS
 THE FOLLOWING WEATHER WAS RECORDED YESTERDAY.
  LIGHT RAIN
  LIGHT SNOW


RELATIVE HUMIDITY (PERCENT)
 HIGHEST    MM
 LOWEST     MM
 AVERAGE    MM

..........................................................


THE MARQUETTE MI CLIMATE NORMALS FOR TODAY
                         NORMAL    RECORD    YEAR
 MAXIMUM TEMPERATURE (F)   34        64      1990
 MINIMUM TEMPERATURE (F)   13        -8      1993


SUNRISE AND SUNSET
MARCH 15 2015.........SUNRISE   803 AM EDT   SUNSET   756 PM EDT
MARCH 16 2015.........SUNRISE   802 AM EDT   SUNSET   757 PM EDT


-  INDICATES NEGATIVE NUMBERS.
R  INDICATES RECORD WAS SET OR TIED.
MM INDICATES DATA IS MISSING.
T  INDICATES TRACE AMOUNT.




$$
