000
CDUS43 KMQT 290514
CLIMQT


CLIMATE REPORT
NATIONAL WEATHER SERVICE MARQUETTE MI
113 AM EDT MON SEP 29 2014


...................................

...THE MARQUETTE MI CLIMATE SUMMARY FOR SEPTEMBER 28 2014...

CLIMATE NORMAL PERIOD 1981 TO 2010
CLIMATE RECORD PERIOD 1961 TO 2014


WEATHER ITEM   OBSERVED RECORD YEAR NORMAL DEPARTURE LAST
                VALUE   VALUE       VALUE  FROM      YEAR
                                           NORMAL
...........................................................
TEMPERATURE (F)
 YESTERDAY
  MAXIMUM         79R    77    1987  60     19       74
  MINIMUM         54     24    1991  41     13       51
  AVERAGE         67                 51     16       63

PRECIPITATION (IN)
  YESTERDAY        T      1.28 2009   0.14  -0.14     0.10
  MONTH TO DATE    3.60               3.46   0.14     2.02
  SINCE SEP 1      3.60               3.46   0.14     2.02
  SINCE JAN 1     30.34              25.83   4.51    29.77

SNOWFALL (IN)
  YESTERDAY        0.0    0.1  1967   0.0    0.0      0.0
  MONTH TO DATE    0.0                0.0    0.0      0.0
  SINCE SEP 1      0.0                0.0    0.0      0.0
  SINCE JUL 1      T                  0.0    0.0      0.0
  SNOW DEPTH       0

DEGREE DAYS
 HEATING
  YESTERDAY        0                 15    -15        2
  MONTH TO DATE  239                267    -28      236
  SINCE SEP 1    239                267    -28      236
  SINCE JUL 1    486                452     34      450

 COOLING
  YESTERDAY        2                  0      2        0
  MONTH TO DATE    5                 21    -16       10
  SINCE SEP 1      5                 21    -16       10
  SINCE JAN 1    152                241    -89      280
...........................................................


WIND (MPH)
  RESULTANT WIND SPEED  MM   RESULTANT WIND DIRECTION  MM
  HIGHEST WIND SPEED    MM   HIGHEST WIND DIRECTION    MM
  HIGHEST GUST SPEED    13   HIGHEST GUST DIRECTION    SW (225)
  AVERAGE WIND SPEED    MM


SKY COVER
  POSSIBLE SUNSHINE  MM
  AVERAGE SKY COVER  MM


WEATHER CONDITIONS
 THE FOLLOWING WEATHER WAS RECORDED YESTERDAY.
  LIGHT RAIN
  FOG


RELATIVE HUMIDITY (PERCENT)
 HIGHEST    MM
 LOWEST     MM
 AVERAGE    MM

..........................................................


THE MARQUETTE MI CLIMATE NORMALS FOR TODAY
                         NORMAL    RECORD    YEAR
 MAXIMUM TEMPERATURE (F)   60        77      1983
 MINIMUM TEMPERATURE (F)   41        28      1993
                                             1984


SUNRISE AND SUNSET
SEPTEMBER 29 2014.....SUNRISE   746 AM EDT   SUNSET   734 PM EDT
SEPTEMBER 30 2014.....SUNRISE   747 AM EDT   SUNSET   732 PM EDT


-  INDICATES NEGATIVE NUMBERS.
R  INDICATES RECORD WAS SET OR TIED.
MM INDICATES DATA IS MISSING.
T  INDICATES TRACE AMOUNT.

$$

TITUS
