000
CDUS43 KMQT 210510
CLIMQT


CLIMATE REPORT
NATIONAL WEATHER SERVICE MARQUETTE MI
103 AM EDT TUE OCT 21 2014


...................................

...THE MARQUETTE MI CLIMATE SUMMARY FOR OCTOBER 20 2014...

CLIMATE NORMAL PERIOD 1981 TO 2010
CLIMATE RECORD PERIOD 1961 TO 2014


WEATHER ITEM   OBSERVED RECORD YEAR NORMAL DEPARTURE LAST
                VALUE   VALUE       VALUE  FROM      YEAR
                                           NORMAL
...........................................................
TEMPERATURE (F)
 YESTERDAY
  MAXIMUM         45     72    1986  50     -5       44
  MINIMUM         38     19    1976  33      5       32
  AVERAGE         42                 42      0       38

PRECIPITATION (IN)
  YESTERDAY        0.10   1.68 1982   0.12  -0.02     0.16
  MONTH TO DATE    5.16               2.63   2.53     2.95
  SINCE SEP 1      9.26               6.35   2.91     4.97
  SINCE JAN 1     36.00              28.72   7.28    32.72

SNOWFALL (IN)
  YESTERDAY        0.0   11.0  1989   0.2   -0.2       T
  MONTH TO DATE    T                  2.8   -2.8       T
  SINCE SEP 1      T                  2.9   -2.9       T
  SINCE JUL 1      T                  2.9   -2.9       T
  SNOW DEPTH       0

DEGREE DAYS
 HEATING
  YESTERDAY       23                 23      0       27
  MONTH TO DATE  435                395     40      302
  SINCE SEP 1    715                692     23      553
  SINCE JUL 1    962                877     85      767

 COOLING
  YESTERDAY        0                  0      0        0
  MONTH TO DATE    0                  0      0        0
  SINCE SEP 1      5                 21    -16       10
  SINCE JAN 1    152                241    -89      280
...........................................................


WIND (MPH)
  RESULTANT WIND SPEED  MM   RESULTANT WIND DIRECTION  MM
  HIGHEST WIND SPEED    MM   HIGHEST WIND DIRECTION    MM
  HIGHEST GUST SPEED    23   HIGHEST GUST DIRECTION    NW (315)
  AVERAGE WIND SPEED    MM


SKY COVER
  POSSIBLE SUNSHINE  MM
  AVERAGE SKY COVER  MM


WEATHER CONDITIONS
 THE FOLLOWING WEATHER WAS RECORDED YESTERDAY.
  LIGHT RAIN


RELATIVE HUMIDITY (PERCENT)
 HIGHEST    MM
 LOWEST     MM
 AVERAGE    MM

..........................................................


THE MARQUETTE MI CLIMATE NORMALS FOR TODAY
                         NORMAL    RECORD    YEAR
 MAXIMUM TEMPERATURE (F)   50        77      1978
 MINIMUM TEMPERATURE (F)   32        24      1983
                                             1969
                                             1961


SUNRISE AND SUNSET
OCTOBER 21 2014.......SUNRISE   816 AM EDT   SUNSET   653 PM EDT
OCTOBER 22 2014.......SUNRISE   817 AM EDT   SUNSET   651 PM EDT


-  INDICATES NEGATIVE NUMBERS.
R  INDICATES RECORD WAS SET OR TIED.
MM INDICATES DATA IS MISSING.
T  INDICATES TRACE AMOUNT.




$$
