000
CDUS43 KMQT 250505
CLIMQT


CLIMATE REPORT
NATIONAL WEATHER SERVICE MARQUETTE MI
102 AM EDT MON AUG 25 2014


...................................

...THE MARQUETTE MI CLIMATE SUMMARY FOR AUGUST 24 2014...

CLIMATE NORMAL PERIOD 1981 TO 2010
CLIMATE RECORD PERIOD 1961 TO 2014


WEATHER ITEM   OBSERVED RECORD YEAR NORMAL DEPARTURE LAST
                VALUE   VALUE       VALUE  FROM      YEAR
                                           NORMAL
...........................................................
TEMPERATURE (F)
 YESTERDAY
  MAXIMUM         78     89    1969  73      5       80
  MINIMUM         64     33    1971  52     12       60
  AVERAGE         71                 63      8       70

PRECIPITATION (IN)
  YESTERDAY        0.00   0.90 1964   0.10  -0.10     0.00
  MONTH TO DATE    3.69               2.35   1.34     0.59
  SINCE JUN 1     13.50               8.03   5.47     8.68
  SINCE JAN 1     25.96              21.67   4.29    26.02

SNOWFALL (IN)
  YESTERDAY        0.0   MM      MM   0.0    0.0      0.0
  MONTH TO DATE    0.0                0.0    0.0      0.0
  SINCE JUN 1      T                  0.0    0.0      0.0
  SINCE JUL 1      T                  0.0    0.0      0.0
  SNOW DEPTH       0

DEGREE DAYS
 HEATING
  YESTERDAY        0                  4     -4        0
  MONTH TO DATE   91                 75     16      102
  SINCE JUN 1    375                336     39      412
  SINCE JUL 1    212                154     58      214

 COOLING
  YESTERDAY        6                  2      4        5
  MONTH TO DATE   23                 52    -29       38
  SINCE JUN 1    119                194    -75      205
  SINCE JAN 1    139                206    -67      218
...........................................................


WIND (MPH)
  RESULTANT WIND SPEED  MM   RESULTANT WIND DIRECTION  MM
  HIGHEST WIND SPEED    MM   HIGHEST WIND DIRECTION    MM
  HIGHEST GUST SPEED    21   HIGHEST GUST DIRECTION    SW (225)
  AVERAGE WIND SPEED    MM


SKY COVER
  POSSIBLE SUNSHINE  MM
  AVERAGE SKY COVER  MM


WEATHER CONDITIONS
 THE FOLLOWING WEATHER WAS RECORDED YESTERDAY.
  NO SIGNIFICANT WEATHER WAS OBSERVED.


RELATIVE HUMIDITY (PERCENT)
 HIGHEST    MM
 LOWEST     MM
 AVERAGE    MM

..........................................................


THE MARQUETTE MI CLIMATE NORMALS FOR TODAY
                         NORMAL    RECORD    YEAR
 MAXIMUM TEMPERATURE (F)   73        92      2013
 MINIMUM TEMPERATURE (F)   52        36      1977


SUNRISE AND SUNSET
AUGUST 25 2014........SUNRISE   701 AM EDT   SUNSET   842 PM EDT
AUGUST 26 2014........SUNRISE   703 AM EDT   SUNSET   840 PM EDT


-  INDICATES NEGATIVE NUMBERS.
R  INDICATES RECORD WAS SET OR TIED.
MM INDICATES DATA IS MISSING.
T  INDICATES TRACE AMOUNT.




$$
