545
CDUS43 KMQT 220548
CLIMQT


CLIMATE REPORT
NATIONAL WEATHER SERVICE MARQUETTE MI
1236 AM EST THU FEB 22 2018


...................................

...THE MARQUETTE MI CLIMATE SUMMARY FOR FEBRUARY 21 2018...

CLIMATE NORMAL PERIOD 1981 TO 2010
CLIMATE RECORD PERIOD 1961 TO 2018


WEATHER ITEM   OBSERVED RECORD YEAR NORMAL DEPARTURE LAST
                VALUE   VALUE       VALUE  FROM      YEAR
                                           NORMAL
...........................................................
TEMPERATURE (F)
 YESTERDAY
  MAXIMUM         22     56    2017  27     -5       56
  MINIMUM         -2    -15    2001   6     -8       39
  AVERAGE         10                 17     -7       48

PRECIPITATION (IN)
  YESTERDAY        T      0.37 1979   0.08  -0.08     0.05
  MONTH TO DATE    0.66               1.55  -0.89     1.38
  SINCE DEC 1      5.51               6.53  -1.02     5.31
  SINCE JAN 1      3.37               3.96  -0.59     3.12

SNOWFALL (IN)
  YESTERDAY        0.2    6.9  2009   1.3   -1.1      0.0
  MONTH TO DATE    6.8               26.8  -20.0     20.0
  SINCE DEC 1     81.3              112.8  -31.5     92.2
  SINCE JUL 1    106.3              143.3  -37.0    106.4
  SNOW DEPTH      20

DEGREE DAYS
 HEATING
  YESTERDAY       55                 48      7       17
  MONTH TO DATE 1113               1056     57      913
  SINCE DEC 1   4242               4091    151     3777
  SINCE JUL 1   6369               6293     76     5402

 COOLING
  YESTERDAY        0                  0      0        0
  MONTH TO DATE    0                  0      0        0
  SINCE DEC 1      0                  0      0        0
  SINCE JAN 1      0                  0      0        0
...........................................................


WIND (MPH)
  HIGHEST WIND SPEED    MM   HIGHEST WIND DIRECTION    MM
  HIGHEST GUST SPEED    19   HIGHEST GUST DIRECTION     W (270)
  AVERAGE WIND SPEED    MM


SKY COVER
  POSSIBLE SUNSHINE  MM
  AVERAGE SKY COVER  MM


WEATHER CONDITIONS
 THE FOLLOWING WEATHER WAS RECORDED YESTERDAY.
  LIGHT SNOW


RELATIVE HUMIDITY (PERCENT)
 HIGHEST    MM
 LOWEST     MM
 AVERAGE    MM

..........................................................


THE MARQUETTE MI CLIMATE NORMALS FOR TODAY
                         NORMAL    RECORD    YEAR
 MAXIMUM TEMPERATURE (F)   28        57      1984
 MINIMUM TEMPERATURE (F)    6       -18      2001


SUNRISE AND SUNSET
FEBRUARY 22 2018......SUNRISE   742 AM EST   SUNSET   626 PM EST
FEBRUARY 23 2018......SUNRISE   740 AM EST   SUNSET   627 PM EST


-  INDICATES NEGATIVE NUMBERS.
R  INDICATES RECORD WAS SET OR TIED.
MM INDICATES DATA IS MISSING.
T  INDICATES TRACE AMOUNT.




$$
JLA
