000
CDUS43 KMQT 072208
CLIMQT


CLIMATE REPORT
NATIONAL WEATHER SERVICE MARQUETTE MI
507 PM EST WED DEC 7 2016


...................................

...THE MARQUETTE MI CLIMATE SUMMARY FOR DECEMBER 7 2016...
VALID TODAY AS OF 0500 PM LOCAL TIME.

CLIMATE NORMAL PERIOD 1981 TO 2010
CLIMATE RECORD PERIOD 1961 TO 2016


WEATHER ITEM   OBSERVED RECORD YEAR NORMAL DEPARTURE LAST
                VALUE   VALUE       VALUE  FROM      YEAR
                                           NORMAL
...........................................................
TEMPERATURE (F)
 TODAY
  MAXIMUM         23     38    1963  28     -5       33
  MINIMUM         19    -18    1972  14      5       19
  AVERAGE         21                 21      0       26

PRECIPITATION (IN)
  TODAY            T      1.01 1977   0.09  -0.09      T
  MONTH TO DATE    0.19               0.66  -0.47     0.43
  SINCE DEC 1      0.19               0.66  -0.47     0.43
  SINCE JAN 1     38.27              33.77   4.50    25.33

SNOWFALL (IN)
  TODAY            T     18.6  1977   1.4   -1.4      0.0
  MONTH TO DATE    2.5                9.2   -6.7      1.8
  SINCE DEC 1      2.5                9.2   -6.7      1.8
  SINCE JUL 1     16.7               39.7  -23.0      9.7
  SNOW DEPTH       T

DEGREE DAYS
 HEATING
  TODAY           44                 44      0       39
  MONTH TO DATE  252                300    -48      220
  SINCE DEC 1    252                300    -48      220
  SINCE JUL 1   1877               2502   -625     2052

 COOLING
  TODAY            0                  0      0        0
  MONTH TO DATE    0                  0      0        0
  SINCE DEC 1      0                  0      0        0
  SINCE JAN 1    246                242      4      250
...........................................................


WIND (MPH)
  HIGHEST WIND SPEED    MM   HIGHEST WIND DIRECTION    MM
  HIGHEST GUST SPEED    33   HIGHEST GUST DIRECTION    SW (225)
  AVERAGE WIND SPEED    MM


SKY COVER
  POSSIBLE SUNSHINE  MM
  AVERAGE SKY COVER  MM


WEATHER CONDITIONS
 THE FOLLOWING WEATHER WAS RECORDED TODAY.
  LIGHT SNOW


RELATIVE HUMIDITY (PERCENT)
 HIGHEST    MM
 LOWEST     MM
 AVERAGE    MM

..........................................................


THE MARQUETTE MI CLIMATE NORMALS FOR TOMORROW
                         NORMAL    RECORD    YEAR
 MAXIMUM TEMPERATURE (F)   28        44      1984
 MINIMUM TEMPERATURE (F)   14       -13      1976


SUNRISE AND SUNSET
DECEMBER  7 2016......SUNRISE   821 AM EST   SUNSET   503 PM EST
DECEMBER  8 2016......SUNRISE   822 AM EST   SUNSET   503 PM EST


-  INDICATES NEGATIVE NUMBERS.
R  INDICATES RECORD WAS SET OR TIED.
MM INDICATES DATA IS MISSING.
T  INDICATES TRACE AMOUNT.




$$
