000
CDUS43 KMQT 240509
CLIMQT


CLIMATE REPORT
NATIONAL WEATHER SERVICE MARQUETTE MI
108 AM EDT THU JUL 24 2014


...................................

...THE MARQUETTE MI CLIMATE SUMMARY FOR JULY 23 2014...

CLIMATE NORMAL PERIOD 1981 TO 2010
CLIMATE RECORD PERIOD 1961 TO 2014


WEATHER ITEM   OBSERVED RECORD YEAR NORMAL DEPARTURE LAST
                VALUE   VALUE       VALUE  FROM      YEAR
                                           NORMAL
...........................................................
TEMPERATURE (F)
 YESTERDAY
  MAXIMUM         66     90    1964  77    -11       64
  MINIMUM         50     38    1985  55     -5       49
  AVERAGE         58                 66     -8       57

PRECIPITATION (IN)
  YESTERDAY        0.00   0.25 2006   0.09  -0.09      T
  MONTH TO DATE    3.46               2.08   1.38     3.17
  SINCE JUN 1      9.09               4.92   4.17     6.48
  SINCE JAN 1     21.55              18.56   2.99    23.82

SNOWFALL (IN)
  YESTERDAY        0.0   MM      MM   0.0    0.0      0.0
  MONTH TO DATE    T                  0.0    0.0      0.0
  SINCE JUN 1      T                  0.0    0.0      0.0
  SINCE JUL 1      T                  0.0    0.0      0.0
  SNOW DEPTH       0

DEGREE DAYS
 HEATING
  YESTERDAY        7                  2      5        8
  MONTH TO DATE   85                 58     27       57
  SINCE JUN 1    248                240      8      255
  SINCE JUL 1     85                 58     27       57

 COOLING
  YESTERDAY        0                  3     -3        0
  MONTH TO DATE   38                 69    -31      126
  SINCE JUN 1     92                117    -25      165
  SINCE JAN 1    112                129    -17      178
...........................................................


WIND (MPH)
  RESULTANT WIND SPEED  MM   RESULTANT WIND DIRECTION  MM
  HIGHEST WIND SPEED    MM   HIGHEST WIND DIRECTION    MM
  HIGHEST GUST SPEED    17   HIGHEST GUST DIRECTION     N (360)
  AVERAGE WIND SPEED    MM


SKY COVER
  POSSIBLE SUNSHINE  MM
  AVERAGE SKY COVER  MM


WEATHER CONDITIONS
 THE FOLLOWING WEATHER WAS RECORDED YESTERDAY.
  NO SIGNIFICANT WEATHER WAS OBSERVED.


RELATIVE HUMIDITY (PERCENT)
 HIGHEST    MM
 LOWEST     MM
 AVERAGE    MM

..........................................................


THE MARQUETTE MI CLIMATE NORMALS FOR TODAY
                         NORMAL    RECORD    YEAR
 MAXIMUM TEMPERATURE (F)   77        90      1989
 MINIMUM TEMPERATURE (F)   55        40      2004


SUNRISE AND SUNSET
JULY 24 2014..........SUNRISE   622 AM EDT   SUNSET   931 PM EDT
JULY 25 2014..........SUNRISE   623 AM EDT   SUNSET   930 PM EDT


-  INDICATES NEGATIVE NUMBERS.
R  INDICATES RECORD WAS SET OR TIED.
MM INDICATES DATA IS MISSING.
T  INDICATES TRACE AMOUNT.

$$

TITUS
