000
CDUS43 KMQT 200503
CLIMQT

CLIMATE REPORT
NATIONAL WEATHER SERVICE MARQUETTE MI
102 AM EDT WED AUG 20 2014


...................................

...THE MARQUETTE MI CLIMATE SUMMARY FOR AUGUST 19 2014...

CLIMATE NORMAL PERIOD 1981 TO 2010
CLIMATE RECORD PERIOD 1961 TO 2014


WEATHER ITEM   OBSERVED RECORD YEAR NORMAL DEPARTURE LAST
                VALUE   VALUE       VALUE  FROM      YEAR
                                           NORMAL
...........................................................
TEMPERATURE (F)
 YESTERDAY
  MAXIMUM         71     95    1976  74     -3       82
  MINIMUM         57     35    1967  53      4       58
  AVERAGE         64                 64      0       70

PRECIPITATION (IN)
  YESTERDAY        1.93R  1.39 2006   0.09   1.84     0.00
  MONTH TO DATE    3.03               1.87   1.16     0.57
  SINCE JUN 1     12.84               7.55   5.29     8.66
  SINCE JAN 1     25.30              21.19   4.11    26.00

SNOWFALL (IN)
  YESTERDAY        0.0   MM      MM   0.0    0.0      0.0
  MONTH TO DATE    0.0                0.0    0.0      0.0
  SINCE JUN 1      T                  0.0    0.0      0.0
  SINCE JUL 1      T                  0.0    0.0      0.0
  SNOW DEPTH       0

DEGREE DAYS
 HEATING
  YESTERDAY        1                  3     -2        0
  MONTH TO DATE   87                 57     30       97
  SINCE JUN 1    371                318     53      407
  SINCE JUL 1    208                136     72      209

 COOLING
  YESTERDAY        0                  2     -2        5
  MONTH TO DATE    9                 42    -33       12
  SINCE JUN 1    105                184    -79      179
  SINCE JAN 1    125                196    -71      192
...........................................................


WIND (MPH)
  RESULTANT WIND SPEED  MM   RESULTANT WIND DIRECTION  MM
  HIGHEST WIND SPEED    MM   HIGHEST WIND DIRECTION    MM
  HIGHEST GUST SPEED    16   HIGHEST GUST DIRECTION     N (360)
  AVERAGE WIND SPEED    MM


SKY COVER
  POSSIBLE SUNSHINE  MM
  AVERAGE SKY COVER  MM


WEATHER CONDITIONS
 THE FOLLOWING WEATHER WAS RECORDED YESTERDAY.
  THUNDERSTORM
  HEAVY RAIN
  RAIN
  LIGHT RAIN
  FOG
  FOG W/VISIBILITY <= 1/4 MILE


RELATIVE HUMIDITY (PERCENT)
 HIGHEST    MM
 LOWEST     MM
 AVERAGE    MM

..........................................................


THE MARQUETTE MI CLIMATE NORMALS FOR TODAY
                         NORMAL    RECORD    YEAR
 MAXIMUM TEMPERATURE (F)   74        91      1976
 MINIMUM TEMPERATURE (F)   53        37      2000
                                             1991


SUNRISE AND SUNSET
AUGUST 20 2014........SUNRISE   655 AM EDT   SUNSET   851 PM EDT
AUGUST 21 2014........SUNRISE   656 AM EDT   SUNSET   850 PM EDT


-  INDICATES NEGATIVE NUMBERS.
R  INDICATES RECORD WAS SET OR TIED.
MM INDICATES DATA IS MISSING.
T  INDICATES TRACE AMOUNT.




$$
