000
CDUS43 KMQT 280504
CLIMQT


CLIMATE REPORT
NATIONAL WEATHER SERVICE MARQUETTE MI
102 AM EDT WED JUN 28 2017


...................................

...THE MARQUETTE MI CLIMATE SUMMARY FOR JUNE 27 2017...

CLIMATE NORMAL PERIOD 1981 TO 2010
CLIMATE RECORD PERIOD 1961 TO 2017


WEATHER ITEM   OBSERVED RECORD YEAR NORMAL DEPARTURE LAST
                VALUE   VALUE       VALUE  FROM      YEAR
                                           NORMAL
...........................................................
TEMPERATURE (F)
 YESTERDAY
  MAXIMUM         72     94    1991  75     -3       64
  MINIMUM         46     39    1992  53     -7       50
  AVERAGE         59                 64     -5       57

PRECIPITATION (IN)
  YESTERDAY        0.00   4.09 1968   0.09  -0.09      T
  MONTH TO DATE    5.76               2.59   3.17     3.25
  SINCE JUN 1      5.76               2.59   3.17     3.25
  SINCE JAN 1     20.60              16.23   4.37    19.46

SNOWFALL (IN)
  YESTERDAY        0.0   MM      MM   0.0    0.0      0.0
  MONTH TO DATE    0.0                0.0    0.0       T
  SINCE JUN 1      0.0                0.0    0.0       T
  SINCE JUL 1    154.0              203.3  -49.3    160.9
  SNOW DEPTH       0

DEGREE DAYS
 HEATING
  YESTERDAY        6                  4      2        8
  MONTH TO DATE  132                172    -40      162
  SINCE JUN 1    132                172    -40      162
  SINCE JUL 1   8365               9324   -959     8366

 COOLING
  YESTERDAY        0                  2     -2        0
  MONTH TO DATE   21                 39    -18       41
  SINCE JUN 1     21                 39    -18       41
  SINCE JAN 1     21                 51    -30       52
...........................................................


WIND (MPH)
  RESULTANT WIND SPEED  MM   RESULTANT WIND DIRECTION  MM
  HIGHEST WIND SPEED    MM   HIGHEST WIND DIRECTION    MM
  HIGHEST GUST SPEED    17   HIGHEST GUST DIRECTION     W (270)
  AVERAGE WIND SPEED    MM


SKY COVER
  POSSIBLE SUNSHINE  MM
  AVERAGE SKY COVER  MM


WEATHER CONDITIONS
 THE FOLLOWING WEATHER WAS RECORDED YESTERDAY.
  NO SIGNIFICANT WEATHER WAS OBSERVED.


RELATIVE HUMIDITY (PERCENT)
 HIGHEST    MM
 LOWEST     MM
 AVERAGE    MM

..........................................................


THE MARQUETTE MI CLIMATE NORMALS FOR TODAY
                         NORMAL    RECORD    YEAR
 MAXIMUM TEMPERATURE (F)   75        93      1996
 MINIMUM TEMPERATURE (F)   53        36      2003


SUNRISE AND SUNSET
JUNE 28 2017..........SUNRISE   600 AM EDT   SUNSET   947 PM EDT
JUNE 29 2017..........SUNRISE   600 AM EDT   SUNSET   947 PM EDT


-  INDICATES NEGATIVE NUMBERS.
R  INDICATES RECORD WAS SET OR TIED.
MM INDICATES DATA IS MISSING.
T  INDICATES TRACE AMOUNT.




$$
