000
CDUS43 KMQT 012102
CLIMQT


CLIMATE REPORT
NATIONAL WEATHER SERVICE MARQUETTE MI
501 PM EDT SAT AUG 1 2015


...................................

...THE MARQUETTE MI CLIMATE SUMMARY FOR AUGUST 1 2015...
VALID TODAY AS OF 500 PM LOCAL TIME.

CLIMATE NORMAL PERIOD 1981 TO 2010
CLIMATE RECORD PERIOD 1961 TO 2015


WEATHER ITEM   OBSERVED RECORD YEAR NORMAL DEPARTURE LAST
                VALUE   VALUE       VALUE  FROM      YEAR
                                           NORMAL
...........................................................
TEMPERATURE (F)
 TODAY
  MAXIMUM         78     92    2007  76      2       69
  MINIMUM         55     42    1962  54      1       48
  AVERAGE         67                 65      2       59

PRECIPITATION (IN)
  TODAY            0.00   2.30 1987   0.10  -0.10     0.00
  MONTH TO DATE    0.00               0.10  -0.10     0.00
  SINCE JUN 1      4.19               5.78  -1.59     9.81
  SINCE JAN 1     15.51              19.42  -3.91    22.27

SNOWFALL (IN)
  TODAY            0.0   MM      MM   0.0    0.0      0.0
  MONTH TO DATE    0.0                0.0    0.0      0.0
  SINCE JUN 1      0.0                0.0    0.0       T
  SINCE JUL 1      0.0                0.0    0.0       T
  SNOW DEPTH       0

DEGREE DAYS
 HEATING
  TODAY            0                  3     -3        6
  MONTH TO DATE    0                  3     -3        6
  SINCE JUN 1    270                264      6      290
  SINCE JUL 1     68                 82    -14      127

 COOLING
  TODAY            2                  3     -1        0
  MONTH TO DATE    2                  3     -1        0
  SINCE JUN 1    108                145    -37       96
  SINCE JAN 1    110                157    -47      116
...........................................................


WIND (MPH)
  HIGHEST WIND SPEED    MM   HIGHEST WIND DIRECTION    MM
  HIGHEST GUST SPEED    25   HIGHEST GUST DIRECTION     W (270)
  AVERAGE WIND SPEED    MM


SKY COVER
  POSSIBLE SUNSHINE  MM
  AVERAGE SKY COVER  MM


WEATHER CONDITIONS
 THE FOLLOWING WEATHER WAS RECORDED TODAY.
  NO SIGNIFICANT WEATHER WAS OBSERVED.


RELATIVE HUMIDITY (PERCENT)
 HIGHEST    MM
 LOWEST     MM
 AVERAGE    MM

..........................................................


THE MARQUETTE MI CLIMATE NORMALS FOR TOMORROW
                         NORMAL    RECORD    YEAR
 MAXIMUM TEMPERATURE (F)   76        95      1988
 MINIMUM TEMPERATURE (F)   54        40      1976


SUNRISE AND SUNSET
AUGUST  1 2015........SUNRISE   631 AM EDT   SUNSET   922 PM EDT
AUGUST  2 2015........SUNRISE   632 AM EDT   SUNSET   920 PM EDT


-  INDICATES NEGATIVE NUMBERS.
R  INDICATES RECORD WAS SET OR TIED.
MM INDICATES DATA IS MISSING.
T  INDICATES TRACE AMOUNT.




$$
