000
CDUS43 KMQT 220519
CLIMQT


CLIMATE REPORT
NATIONAL WEATHER SERVICE MARQUETTE MI
117 AM EDT SUN MAY 22 2016


...................................

...THE MARQUETTE MI CLIMATE SUMMARY FOR MAY 21 2016...

CLIMATE NORMAL PERIOD 1981 TO 2010
CLIMATE RECORD PERIOD 1961 TO 2016


WEATHER ITEM   OBSERVED RECORD YEAR NORMAL DEPARTURE LAST
                VALUE   VALUE       VALUE  FROM      YEAR
                                           NORMAL
...........................................................
TEMPERATURE (F)
 YESTERDAY
  MAXIMUM         77     90    1994  64     13       57
  MINIMUM         40     25    2002  42     -2       40
  AVERAGE         59                 53      6       49

PRECIPITATION (IN)
  YESTERDAY        0.00   0.49 1974   0.11  -0.11     0.00
  MONTH TO DATE    0.45               1.97  -1.52     1.56
  SINCE MAR 1      7.62               8.01  -0.39     5.32
  SINCE JAN 1     12.24              12.56  -0.32     8.24

SNOWFALL (IN)
  YESTERDAY        0.0    T    2008   0.0    0.0      0.0
                               1963
  MONTH TO DATE    1.1                1.5   -0.4      0.3
  SINCE MAR 1     60.8               50.9    9.9     24.7
  SINCE JUL 1    160.9              203.3  -42.4    178.7
  SNOW DEPTH       0

DEGREE DAYS
 HEATING
  YESTERDAY        6                 13     -7       16
  MONTH TO DATE  367                339     28      317
  SINCE MAR 1   2390               2417    -27     2379
  SINCE JUL 1   8157               9041   -884     9690

 COOLING
  YESTERDAY        0                  1     -1        0
  MONTH TO DATE    0                  1     -1        2
  SINCE MAR 1      0                  2     -2        2
  SINCE JAN 1      0                  2     -2        2
...........................................................


WIND (MPH)
  RESULTANT WIND SPEED  MM   RESULTANT WIND DIRECTION  MM
  HIGHEST WIND SPEED    MM   HIGHEST WIND DIRECTION    MM
  HIGHEST GUST SPEED    18   HIGHEST GUST DIRECTION    NE (45)
  AVERAGE WIND SPEED    MM


SKY COVER
  POSSIBLE SUNSHINE  MM
  AVERAGE SKY COVER  MM


WEATHER CONDITIONS
 THE FOLLOWING WEATHER WAS RECORDED YESTERDAY.
  NO SIGNIFICANT WEATHER WAS OBSERVED.


RELATIVE HUMIDITY (PERCENT)
 HIGHEST    MM
 LOWEST     MM
 AVERAGE    MM

..........................................................


THE MARQUETTE MI CLIMATE NORMALS FOR TODAY
                         NORMAL    RECORD    YEAR
 MAXIMUM TEMPERATURE (F)   64        93      1964
 MINIMUM TEMPERATURE (F)   42        21      1967


SUNRISE AND SUNSET
MAY 22 2016...........SUNRISE   608 AM EDT   SUNSET   926 PM EDT
MAY 23 2016...........SUNRISE   607 AM EDT   SUNSET   927 PM EDT


-  INDICATES NEGATIVE NUMBERS.
R  INDICATES RECORD WAS SET OR TIED.
MM INDICATES DATA IS MISSING.
T  INDICATES TRACE AMOUNT.


$$

Titus
