000
CDUS43 KMQT 270535
CLIMQT


CLIMATE REPORT
NATIONAL WEATHER SERVICE MARQUETTE MI
135 AM EDT FRI MAR 27 2015


...................................

...THE MARQUETTE MI CLIMATE SUMMARY FOR MARCH 26 2015...

CLIMATE NORMAL PERIOD 1981 TO 2010
CLIMATE RECORD PERIOD 1961 TO 2015


WEATHER ITEM   OBSERVED RECORD YEAR NORMAL DEPARTURE LAST
                VALUE   VALUE       VALUE  FROM      YEAR
                                           NORMAL
...........................................................
TEMPERATURE (F)
 YESTERDAY
  MAXIMUM         32     63    2007  38     -6       28
  MINIMUM         14    -15    1965  18     -4       -8
  AVERAGE         23                 28     -5       10

PRECIPITATION (IN)
  YESTERDAY        0.03   0.43 1964   0.10  -0.07      T
  MONTH TO DATE    0.93               2.53  -1.60     1.34
  SINCE MAR 1      0.93               2.53  -1.60     1.34
  SINCE JAN 1      3.85               7.08  -3.23     4.86

SNOWFALL (IN)
  YESTERDAY        0.9    5.7  1982   0.9    0.0      0.1
  MONTH TO DATE    8.4               30.7  -22.3     23.3
  SINCE MAR 1      8.4               30.7  -22.3     23.3
  SINCE JUL 1    162.4              183.1  -20.7    152.8
  SNOW DEPTH      18

DEGREE DAYS
 HEATING
  YESTERDAY       42                 37      5       55
  MONTH TO DATE 1036               1085    -49     1355
  SINCE MAR 1   1036               1085    -49     1355
  SINCE JUL 1   8347               7709    638     8677

 COOLING
  YESTERDAY        0                  0      0        0
  MONTH TO DATE    0                  0      0        0
  SINCE MAR 1      0                  0      0        0
  SINCE JAN 1      0                  0      0        0
...........................................................


WIND (MPH)
  RESULTANT WIND SPEED  MM   RESULTANT WIND DIRECTION  MM
  HIGHEST WIND SPEED    MM   HIGHEST WIND DIRECTION    MM
  HIGHEST GUST SPEED    32   HIGHEST GUST DIRECTION     W (270)
  AVERAGE WIND SPEED    MM


SKY COVER
  POSSIBLE SUNSHINE  MM
  AVERAGE SKY COVER  MM


WEATHER CONDITIONS
 THE FOLLOWING WEATHER WAS RECORDED YESTERDAY.
  LIGHT SNOW


RELATIVE HUMIDITY (PERCENT)
 HIGHEST    MM
 LOWEST     MM
 AVERAGE    MM

..........................................................


THE MARQUETTE MI CLIMATE NORMALS FOR TODAY
                         NORMAL    RECORD    YEAR
 MAXIMUM TEMPERATURE (F)   39        68      1989
 MINIMUM TEMPERATURE (F)   19       -11      1965


SUNRISE AND SUNSET
MARCH 27 2015.........SUNRISE   740 AM EDT   SUNSET   812 PM EDT
MARCH 28 2015.........SUNRISE   738 AM EDT   SUNSET   813 PM EDT


-  INDICATES NEGATIVE NUMBERS.
R  INDICATES RECORD WAS SET OR TIED.
MM INDICATES DATA IS MISSING.
T  INDICATES TRACE AMOUNT.




$$
