937
CDUS43 KMQT 070519
CLIMQT


CLIMATE REPORT
NATIONAL WEATHER SERVICE MARQUETTE MI
1218 AM EST SUN FEB 7 2016


...................................

...THE MARQUETTE MI CLIMATE SUMMARY FOR FEBRUARY 6 2016...

CLIMATE NORMAL PERIOD 1981 TO 2010
CLIMATE RECORD PERIOD 1961 TO 2016


WEATHER ITEM   OBSERVED RECORD YEAR NORMAL DEPARTURE LAST
                VALUE   VALUE       VALUE  FROM      YEAR
                                           NORMAL
...........................................................
TEMPERATURE (F)
 YESTERDAY
  MAXIMUM         30     46    2002  23      7       18
  MINIMUM         19    -18    1982   4     15       11
  AVERAGE         25                 14     11       15

PRECIPITATION (IN)
  YESTERDAY        T      0.41 1968   0.07  -0.07     0.03
  MONTH TO DATE    0.90               0.44   0.46     0.20
  SINCE DEC 1      7.73               5.42   2.31     3.73
  SINCE JAN 1      2.86               2.85   0.01     1.45

SNOWFALL (IN)
  YESTERDAY        T      6.5  1983   1.2   -1.2      1.7
  MONTH TO DATE   10.7                7.9    2.8      5.7
  SINCE DEC 1     67.1               93.9  -26.8     62.8
  SINCE JUL 1     75.0              124.4  -49.4    119.0
  SNOW DEPTH      21

DEGREE DAYS
 HEATING
  YESTERDAY       40                 51    -11       50
  MONTH TO DATE  263                309    -46      354
  SINCE DEC 1   2851               3344   -493     3388
  SINCE JUL 1   4683               5546   -863     5918

 COOLING
  YESTERDAY        0                  0      0        0
  MONTH TO DATE    0                  0      0        0
  SINCE DEC 1      0                  0      0        0
  SINCE JAN 1      0                  0      0        0
...........................................................


WIND (MPH)
  RESULTANT WIND SPEED  MM   RESULTANT WIND DIRECTION  MM
  HIGHEST WIND SPEED    MM   HIGHEST WIND DIRECTION    MM
  HIGHEST GUST SPEED    24   HIGHEST GUST DIRECTION    SW (225)
  AVERAGE WIND SPEED    MM


SKY COVER
  POSSIBLE SUNSHINE  MM
  AVERAGE SKY COVER  MM


WEATHER CONDITIONS
 THE FOLLOWING WEATHER WAS RECORDED YESTERDAY.
  LIGHT SNOW


RELATIVE HUMIDITY (PERCENT)
 HIGHEST    MM
 LOWEST     MM
 AVERAGE    MM

..........................................................


THE MARQUETTE MI CLIMATE NORMALS FOR TODAY
                         NORMAL    RECORD    YEAR
 MAXIMUM TEMPERATURE (F)   24        48      1991
 MINIMUM TEMPERATURE (F)    4       -25      1994


SUNRISE AND SUNSET
FEBRUARY  7 2016......SUNRISE   807 AM EST   SUNSET   603 PM EST
FEBRUARY  8 2016......SUNRISE   805 AM EST   SUNSET   604 PM EST


-  INDICATES NEGATIVE NUMBERS.
R  INDICATES RECORD WAS SET OR TIED.
MM INDICATES DATA IS MISSING.
T  INDICATES TRACE AMOUNT.




$$
