000
CDUS43 KMQT 140516
CLIMQT


CLIMATE REPORT
NATIONAL WEATHER SERVICE MARQUETTE MI
1216 AM EST SUN JAN 14 2018


...................................

...THE MARQUETTE MI CLIMATE SUMMARY FOR JANUARY 13 2018...

CLIMATE NORMAL PERIOD 1981 TO 2010
CLIMATE RECORD PERIOD 1961 TO 2018


WEATHER ITEM   OBSERVED RECORD YEAR NORMAL DEPARTURE LAST
                VALUE   VALUE       VALUE  FROM      YEAR
                                           NORMAL
...........................................................
TEMPERATURE (F)
 YESTERDAY
  MAXIMUM          7     43    1987  22    -15       10
  MINIMUM         -7    -19    1977   5    -12       -7
  AVERAGE          0                 14    -14        2

PRECIPITATION (IN)
  YESTERDAY        T      0.70 1993   0.08  -0.08      T
  MONTH TO DATE    0.96               1.02  -0.06     0.98
  SINCE DEC 1      3.10               3.59  -0.49     3.17
  SINCE JAN 1      0.96               1.02  -0.06     0.98

SNOWFALL (IN)
  YESTERDAY        0.1   10.4  1993   1.5   -1.4       T
  MONTH TO DATE   12.2               18.1   -5.9     16.4
  SINCE DEC 1     50.2               60.9  -10.7     58.4
  SINCE JUL 1     75.2               91.4  -16.2     72.6
  SNOW DEPTH      11

DEGREE DAYS
 HEATING
  YESTERDAY       65                 51     14       63
  MONTH TO DATE  726                659     67      710
  SINCE DEC 1   2305               2099    206     2143
  SINCE JUL 1   4432               4301    131     3768

 COOLING
  YESTERDAY        0                  0      0        0
  MONTH TO DATE    0                  0      0        0
  SINCE DEC 1      0                  0      0        0
  SINCE JAN 1      0                  0      0        0
...........................................................


WIND (MPH)
  RESULTANT WIND SPEED  MM   RESULTANT WIND DIRECTION  MM
  HIGHEST WIND SPEED    MM   HIGHEST WIND DIRECTION    MM
  HIGHEST GUST SPEED    18   HIGHEST GUST DIRECTION     W (270)
  AVERAGE WIND SPEED    MM


SKY COVER
  POSSIBLE SUNSHINE  MM
  AVERAGE SKY COVER  MM


WEATHER CONDITIONS
 THE FOLLOWING WEATHER WAS RECORDED YESTERDAY.
  LIGHT SNOW


RELATIVE HUMIDITY (PERCENT)
 HIGHEST    MM
 LOWEST     MM
 AVERAGE    MM

..........................................................


THE MARQUETTE MI CLIMATE NORMALS FOR TODAY
                         NORMAL    RECORD    YEAR
 MAXIMUM TEMPERATURE (F)   22        41      1987
 MINIMUM TEMPERATURE (F)    5       -22      1965


SUNRISE AND SUNSET
JANUARY 14 2018.......SUNRISE   830 AM EST   SUNSET   529 PM EST
JANUARY 15 2018.......SUNRISE   830 AM EST   SUNSET   530 PM EST


-  INDICATES NEGATIVE NUMBERS.
R  INDICATES RECORD WAS SET OR TIED.
MM INDICATES DATA IS MISSING.
T  INDICATES TRACE AMOUNT.

$$

TITUS
