628
CDUS43 KMQT 042221
CLIMQT


CLIMATE REPORT
NATIONAL WEATHER SERVICE MARQUETTE MI
518 PM EST SUN DEC 4 2016


...................................

...THE MARQUETTE MI CLIMATE SUMMARY FOR DECEMBER 4 2016...
VALID TODAY AS OF 500 PM LOCAL TIME.

CLIMATE NORMAL PERIOD 1981 TO 2010
CLIMATE RECORD PERIOD 1961 TO 2016


WEATHER ITEM   OBSERVED RECORD YEAR NORMAL DEPARTURE LAST
                VALUE   VALUE       VALUE  FROM      YEAR
                                           NORMAL
...........................................................
TEMPERATURE (F)
 TODAY
  MAXIMUM         30     50    2015  29      1       50
                               1961
  MINIMUM         26    -12    1972  15     11       27
  AVERAGE         28                 22      6       39

PRECIPITATION (IN)
  TODAY            0.05   0.79 2013   0.10  -0.05     0.00
  MONTH TO DATE    0.11               0.39  -0.28     0.43
  SINCE DEC 1      0.11               0.39  -0.28     0.43
  SINCE JAN 1     38.19              33.50   4.69    25.33

SNOWFALL (IN)
  TODAY            0.7   10.2  1991   1.3   -0.6      0.0
  MONTH TO DATE    1.3                5.1   -3.8      1.8
  SINCE DEC 1      1.3                5.1   -3.8      1.8
  SINCE JUL 1     15.5               35.6  -20.1      9.7
  SNOW DEPTH       0

DEGREE DAYS
 HEATING
  TODAY           37                 43     -6       26
  MONTH TO DATE  141                169    -28      120
  SINCE DEC 1    141                169    -28      120
  SINCE JUL 1   1766               2371   -605     1952

 COOLING
  TODAY            0                  0      0        0
  MONTH TO DATE    0                  0      0        0
  SINCE DEC 1      0                  0      0        0
  SINCE JAN 1    246                242      4      250
...........................................................


WIND (MPH)
  HIGHEST WIND SPEED    MM   HIGHEST WIND DIRECTION    MM
  HIGHEST GUST SPEED    19   HIGHEST GUST DIRECTION     S (180)
  AVERAGE WIND SPEED    MM


SKY COVER
  POSSIBLE SUNSHINE  MM
  AVERAGE SKY COVER  MM


WEATHER CONDITIONS
 THE FOLLOWING WEATHER WAS RECORDED TODAY.
  LIGHT SNOW


RELATIVE HUMIDITY (PERCENT)
 HIGHEST    MM
 LOWEST     MM
 AVERAGE    MM

..........................................................


THE MARQUETTE MI CLIMATE NORMALS FOR TOMORROW
                         NORMAL    RECORD    YEAR
 MAXIMUM TEMPERATURE (F)   29        52      2001
 MINIMUM TEMPERATURE (F)   15       -11      1991


SUNRISE AND SUNSET
DECEMBER  4 2016......SUNRISE   817 AM EST   SUNSET   504 PM EST
DECEMBER  5 2016......SUNRISE   819 AM EST   SUNSET   503 PM EST


-  INDICATES NEGATIVE NUMBERS.
R  INDICATES RECORD WAS SET OR TIED.
MM INDICATES DATA IS MISSING.
T  INDICATES TRACE AMOUNT.




$$
