000
CDUS43 KMQT 132202
CLIMQT


CLIMATE REPORT
NATIONAL WEATHER SERVICE MARQUETTE MI
501 PM EST WED DEC 13 2017


...................................

...THE MARQUETTE MI CLIMATE SUMMARY FOR DECEMBER 13 2017...
VALID TODAY AS OF 0500 PM LOCAL TIME.

CLIMATE NORMAL PERIOD 1981 TO 2010
CLIMATE RECORD PERIOD 1961 TO 2017


WEATHER ITEM   OBSERVED RECORD YEAR NORMAL DEPARTURE LAST
                VALUE   VALUE       VALUE  FROM      YEAR
                                           NORMAL
...........................................................
TEMPERATURE (F)
 TODAY
  MAXIMUM         16     44    2014  26    -10       15
  MINIMUM          6    -20    1976  12     -6       -2
  AVERAGE         11                 19     -8        7

PRECIPITATION (IN)
  TODAY            0.17   0.74 2004   0.08   0.09      T
  MONTH TO DATE    1.52               1.19   0.33     0.78
  SINCE DEC 1      1.52               1.19   0.33     0.78
  SINCE JAN 1     42.09              34.30   7.79    38.86

SNOWFALL (IN)
  TODAY            4.3   16.8  2004   1.4    2.9       T
  MONTH TO DATE   18.4               17.6    0.8     16.1
  SINCE DEC 1     18.4               17.6    0.8     16.1
  SINCE JUL 1     43.4               48.1   -4.7     30.3
  SNOW DEPTH       8

DEGREE DAYS
 HEATING
  TODAY           54                 46      8       58
  MONTH TO DATE  563                571     -8      563
  SINCE DEC 1    563                571     -8      563
  SINCE JUL 1   2690               2773    -83     2188

 COOLING
  TODAY            0                  0      0        0
  MONTH TO DATE    0                  0      0        0
  SINCE DEC 1      0                  0      0        0
  SINCE JAN 1    145                242    -97      246
...........................................................


WIND (MPH)
  HIGHEST WIND SPEED    MM   HIGHEST WIND DIRECTION    MM
  HIGHEST GUST SPEED    18   HIGHEST GUST DIRECTION     E (90)
  AVERAGE WIND SPEED    MM


SKY COVER
  POSSIBLE SUNSHINE  MM
  AVERAGE SKY COVER  MM


WEATHER CONDITIONS
 THE FOLLOWING WEATHER WAS RECORDED TODAY.
  SNOW
  LIGHT SNOW


RELATIVE HUMIDITY (PERCENT)
 HIGHEST    MM
 LOWEST     MM
 AVERAGE    MM

..........................................................


THE MARQUETTE MI CLIMATE NORMALS FOR TOMORROW
                         NORMAL    RECORD    YEAR
 MAXIMUM TEMPERATURE (F)   26        50      1998
 MINIMUM TEMPERATURE (F)   12       -14      1985


SUNRISE AND SUNSET
DECEMBER 13 2017......SUNRISE   826 AM EST   SUNSET   503 PM EST
DECEMBER 14 2017......SUNRISE   827 AM EST   SUNSET   503 PM EST


-  INDICATES NEGATIVE NUMBERS.
R  INDICATES RECORD WAS SET OR TIED.
MM INDICATES DATA IS MISSING.
T  INDICATES TRACE AMOUNT.




$$
