000
CDUS43 KMQT 300551
CLIMQT


CLIMATE REPORT
NATIONAL WEATHER SERVICE MARQUETTE MI
1241 AM EST WED NOV 30 2016


...................................

...THE MARQUETTE MI CLIMATE SUMMARY FOR NOVEMBER 29 2016...

CLIMATE NORMAL PERIOD 1981 TO 2010
CLIMATE RECORD PERIOD 1961 TO 2016


WEATHER ITEM   OBSERVED RECORD YEAR NORMAL DEPARTURE LAST
                VALUE   VALUE       VALUE  FROM      YEAR
                                           NORMAL
...........................................................
TEMPERATURE (F)
 YESTERDAY
  MAXIMUM         43     55    1998  31     12       32
  MINIMUM         34    -13    1976  17     17       15
  AVERAGE         39                 24     15       24

PRECIPITATION (IN)
  YESTERDAY        0.34   0.52 1991   0.10   0.24     0.00
                               1987
  MONTH TO DATE    1.68               3.07  -1.39     2.15
  SINCE SEP 1     10.21              10.63  -0.42     6.69
  SINCE JAN 1     37.98              33.00   4.98    24.90

SNOWFALL (IN)
  YESTERDAY        T      5.2  1999   1.2   -1.2      0.0
  MONTH TO DATE   14.2               23.2   -9.0      6.7
  SINCE SEP 1     14.2               29.3  -15.1      7.9
  SINCE JUL 1     14.2               29.3  -15.1      7.9
  SNOW DEPTH       0

DEGREE DAYS
 HEATING
  YESTERDAY       26                 41    -15       41
  MONTH TO DATE  736               1000   -264      807
  SINCE SEP 1   1490               1976   -486     1625
  SINCE JUL 1   1590               2161   -571     1793

 COOLING
  YESTERDAY        0                  0      0        0
  MONTH TO DATE    0                  0      0        0
  SINCE SEP 1     10                 22    -12       68
  SINCE JAN 1    246                242      4      250
...........................................................


WIND (MPH)
  RESULTANT WIND SPEED  MM   RESULTANT WIND DIRECTION  MM
  HIGHEST WIND SPEED    MM   HIGHEST WIND DIRECTION    MM
  HIGHEST GUST SPEED    28   HIGHEST GUST DIRECTION    SW (225)
  AVERAGE WIND SPEED    MM


SKY COVER
  POSSIBLE SUNSHINE  MM
  AVERAGE SKY COVER  MM


WEATHER CONDITIONS
 THE FOLLOWING WEATHER WAS RECORDED YESTERDAY.
  LIGHT RAIN
  LIGHT SNOW


RELATIVE HUMIDITY (PERCENT)
 HIGHEST    MM
 LOWEST     MM
 AVERAGE    MM

..........................................................


THE MARQUETTE MI CLIMATE NORMALS FOR TODAY
                         NORMAL    RECORD    YEAR
 MAXIMUM TEMPERATURE (F)   31        57      1998
 MINIMUM TEMPERATURE (F)   17       -10      1976


SUNRISE AND SUNSET
NOVEMBER 30 2016......SUNRISE   813 AM EST   SUNSET   505 PM EST
DECEMBER  1 2016......SUNRISE   814 AM EST   SUNSET   505 PM EST


-  INDICATES NEGATIVE NUMBERS.
R  INDICATES RECORD WAS SET OR TIED.
MM INDICATES DATA IS MISSING.
T  INDICATES TRACE AMOUNT.




$$
