000
CDUS43 KMQT 220524
CLIMQT


CLIMATE REPORT
NATIONAL WEATHER SERVICE MARQUETTE MI
122 AM EDT MON MAY 22 2017


...................................

...THE MARQUETTE MI CLIMATE SUMMARY FOR MAY 21 2017...

CLIMATE NORMAL PERIOD 1981 TO 2010
CLIMATE RECORD PERIOD 1961 TO 2017


WEATHER ITEM   OBSERVED RECORD YEAR NORMAL DEPARTURE LAST
                VALUE   VALUE       VALUE  FROM      YEAR
                                           NORMAL
...........................................................
TEMPERATURE (F)
 YESTERDAY
  MAXIMUM         53     90    1994  64    -11       77
  MINIMUM         42     25    2002  42      0       40
  AVERAGE         48                 53     -5       59

PRECIPITATION (IN)
  YESTERDAY        0.23   0.49 1974   0.11   0.12     0.00
  MONTH TO DATE    2.35               1.97   0.38     0.45
  SINCE MAR 1      9.59               8.01   1.58     7.62
  SINCE JAN 1     14.17              12.56   1.61    12.24

SNOWFALL (IN)
  YESTERDAY        0.0    T    2008   0.0    0.0      0.0
                               1963
  MONTH TO DATE    0.9                1.5   -0.6      1.1
  SINCE MAR 1     32.9               50.9  -18.0     60.8
  SINCE JUL 1    154.0              203.3  -49.3    160.9
  SNOW DEPTH       0

DEGREE DAYS
 HEATING
  YESTERDAY       17                 13      4        6
  MONTH TO DATE  426                339     87      367
  SINCE MAR 1   2426               2417      9     2390
  SINCE JUL 1   8110               9041   -931     8157

 COOLING
  YESTERDAY        0                  1     -1        0
  MONTH TO DATE    0                  1     -1        0
  SINCE MAR 1      0                  2     -2        0
  SINCE JAN 1      0                  2     -2        0
...........................................................


WIND (MPH)
  HIGHEST WIND SPEED    MM   HIGHEST WIND DIRECTION    MM
  HIGHEST GUST SPEED    16   HIGHEST GUST DIRECTION     E (90)
  AVERAGE WIND SPEED    MM


SKY COVER
  POSSIBLE SUNSHINE  MM
  AVERAGE SKY COVER  MM


WEATHER CONDITIONS
 THE FOLLOWING WEATHER WAS RECORDED YESTERDAY.
  LIGHT RAIN
  FOG


RELATIVE HUMIDITY (PERCENT)
 HIGHEST    MM
 LOWEST     MM
 AVERAGE    MM

..........................................................


THE MARQUETTE MI CLIMATE NORMALS FOR TODAY
                         NORMAL    RECORD    YEAR
 MAXIMUM TEMPERATURE (F)   64        93      1964
 MINIMUM TEMPERATURE (F)   42        21      1967


SUNRISE AND SUNSET
MAY 22 2017...........SUNRISE   609 AM EDT   SUNSET   926 PM EDT
MAY 23 2017...........SUNRISE   608 AM EDT   SUNSET   927 PM EDT


-  INDICATES NEGATIVE NUMBERS.
R  INDICATES RECORD WAS SET OR TIED.
MM INDICATES DATA IS MISSING.
T  INDICATES TRACE AMOUNT.




$$
JLA
