000
CDUS43 KMQT 110510
CLIMQT


CLIMATE REPORT
NATIONAL WEATHER SERVICE MARQUETTE MI
107 AM EDT FRI APR 11 2014


...................................

...THE MARQUETTE MI CLIMATE SUMMARY FOR APRIL 10 2014...

CLIMATE NORMAL PERIOD 1981 TO 2010
CLIMATE RECORD PERIOD 1961 TO 2014


WEATHER ITEM   OBSERVED RECORD YEAR NORMAL DEPARTURE LAST
                VALUE   VALUE       VALUE  FROM      YEAR
                                           NORMAL
...........................................................
TEMPERATURE (F)
 YESTERDAY
  MAXIMUM         50     73    1977  45      5       35
  MINIMUM         33     -3    2007  25      8       27
  AVERAGE         42                 35      7       31

PRECIPITATION (IN)
  YESTERDAY        T      1.08 2002   0.11  -0.11     0.00
  MONTH TO DATE    1.13               1.08   0.05     0.71
  SINCE MAR 1      3.09               4.11  -1.02     4.00
  SINCE JAN 1      6.61               8.66  -2.05     9.55

SNOWFALL (IN)
  YESTERDAY        0.0    4.0  1992   0.6   -0.6      0.0
  MONTH TO DATE   10.7                7.1    3.6      4.3
  SINCE MAR 1     40.7               42.0   -1.3     53.1
  SINCE JUL 1    170.2              194.4  -24.2    186.9
  SNOW DEPTH      24

DEGREE DAYS
 HEATING
  YESTERDAY       23                 30     -7       34
  MONTH TO DATE  315                320     -5      382
  SINCE MAR 1   1838               1583    255     1732
  SINCE JUL 1   9160               8207    953     8042

 COOLING
  YESTERDAY        0                  0      0        0
  MONTH TO DATE    0                  0      0        0
  SINCE MAR 1      0                  0      0        0
  SINCE JAN 1      0                  0      0        0
...........................................................


WIND (MPH)
  RESULTANT WIND SPEED  MM   RESULTANT WIND DIRECTION  MM
  HIGHEST WIND SPEED    MM   HIGHEST WIND DIRECTION    MM
  HIGHEST GUST SPEED    37   HIGHEST GUST DIRECTION     W (270)
  AVERAGE WIND SPEED    MM


SKY COVER
  POSSIBLE SUNSHINE  MM
  AVERAGE SKY COVER  MM


WEATHER CONDITIONS
 THE FOLLOWING WEATHER WAS RECORDED YESTERDAY.
  LIGHT RAIN


RELATIVE HUMIDITY (PERCENT)
 HIGHEST    MM
 LOWEST     MM
 AVERAGE    MM

..........................................................


THE MARQUETTE MI CLIMATE NORMALS FOR TODAY
                         NORMAL    RECORD    YEAR
 MAXIMUM TEMPERATURE (F)   45        78      1977
 MINIMUM TEMPERATURE (F)   26         7      1973


SUNRISE AND SUNSET
APRIL 11 2014.........SUNRISE   711 AM EDT   SUNSET   833 PM EDT
APRIL 12 2014.........SUNRISE   709 AM EDT   SUNSET   834 PM EDT


-  INDICATES NEGATIVE NUMBERS.
R  INDICATES RECORD WAS SET OR TIED.
MM INDICATES DATA IS MISSING.
T  INDICATES TRACE AMOUNT.




$$
