000
CDUS43 KMQT 280509
CLIMQT


CLIMATE REPORT
NATIONAL WEATHER SERVICE MARQUETTE MI
105 AM EDT MON JUL 28 2014


...................................

...THE MARQUETTE MI CLIMATE SUMMARY FOR JULY 27 2014...

CLIMATE NORMAL PERIOD 1981 TO 2010
CLIMATE RECORD PERIOD 1961 TO 2014


WEATHER ITEM   OBSERVED RECORD YEAR NORMAL DEPARTURE LAST
                VALUE   VALUE       VALUE  FROM      YEAR
                                           NORMAL
...........................................................
TEMPERATURE (F)
 YESTERDAY
  MAXIMUM         61     88    2002  76    -15       57
  MINIMUM         49     39    2001  55     -6       45
                               1980
  AVERAGE         55                 66    -11       51

PRECIPITATION (IN)
  YESTERDAY        0.64   1.04 2002   0.10   0.54      T
  MONTH TO DATE    4.15               2.46   1.69     4.32
  SINCE JUN 1      9.78               5.30   4.48     7.63
  SINCE JAN 1     22.24              18.94   3.30    24.97

SNOWFALL (IN)
  YESTERDAY        0.0   MM      MM   0.0    0.0      0.0
  MONTH TO DATE    T                  0.0    0.0      0.0
  SINCE JUN 1      T                  0.0    0.0      0.0
  SINCE JUL 1      T                  0.0    0.0      0.0
  SNOW DEPTH       0

DEGREE DAYS
 HEATING
  YESTERDAY       10                  3      7       14
  MONTH TO DATE  101                 67     34       88
  SINCE JUN 1    264                249     15      286
  SINCE JUL 1    101                 67     34       88

 COOLING
  YESTERDAY        0                  3     -3        0
  MONTH TO DATE   42                 81    -39      127
  SINCE JUN 1     96                129    -33      166
  SINCE JAN 1    116                141    -25      179
...........................................................


WIND (MPH)
  RESULTANT WIND SPEED  MM   RESULTANT WIND DIRECTION  MM
  HIGHEST WIND SPEED    MM   HIGHEST WIND DIRECTION    MM
  HIGHEST GUST SPEED    21   HIGHEST GUST DIRECTION     N (360)
  AVERAGE WIND SPEED    MM


SKY COVER
  POSSIBLE SUNSHINE  MM
  AVERAGE SKY COVER  MM


WEATHER CONDITIONS
 THE FOLLOWING WEATHER WAS RECORDED YESTERDAY.
  THUNDERSTORM
  RAIN
  LIGHT RAIN
  FOG


RELATIVE HUMIDITY (PERCENT)
 HIGHEST    MM
 LOWEST     MM
 AVERAGE    MM

..........................................................


THE MARQUETTE MI CLIMATE NORMALS FOR TODAY
                         NORMAL    RECORD    YEAR
 MAXIMUM TEMPERATURE (F)   76        99      1988
 MINIMUM TEMPERATURE (F)   55        39      1984


SUNRISE AND SUNSET
JULY 28 2014..........SUNRISE   626 AM EDT   SUNSET   926 PM EDT
JULY 29 2014..........SUNRISE   627 AM EDT   SUNSET   925 PM EDT


-  INDICATES NEGATIVE NUMBERS.
R  INDICATES RECORD WAS SET OR TIED.
MM INDICATES DATA IS MISSING.
T  INDICATES TRACE AMOUNT.




$$
