000
CDUS43 KMQT 012132
CLIMQT


CLIMATE REPORT
NATIONAL WEATHER SERVICE MARQUETTE MI
531 PM EDT WED JUL 1 2015


...................................

...THE MARQUETTE MI CLIMATE SUMMARY FOR JULY 1 2015...
VALID TODAY AS OF 500 PM LOCAL TIME.

CLIMATE NORMAL PERIOD 1981 TO 2010
CLIMATE RECORD PERIOD 1961 TO 2015


WEATHER ITEM   OBSERVED RECORD YEAR NORMAL DEPARTURE LAST
                VALUE   VALUE       VALUE  FROM      YEAR
                                           NORMAL
...........................................................
TEMPERATURE (F)
 TODAY
  MAXIMUM         62     95    2002  76    -14       75
                               1963
  MINIMUM         42     36    1962  54    -12       54
  AVERAGE         52                 64    -12       65

PRECIPITATION (IN)
  TODAY            0.00   0.97 1992   0.09  -0.09     0.04
  MONTH TO DATE    0.00               0.09  -0.09     0.04
  SINCE JUN 1      2.49               2.93  -0.44     5.67
  SINCE JAN 1     13.81              16.57  -2.76    18.13

SNOWFALL (IN)
  TODAY            0.0   MM      MM   0.0    0.0      0.0
  MONTH TO DATE    0.0                0.0    0.0      0.0
  SINCE JUN 1      0.0                0.0    0.0      0.0
  SINCE JUL 1      0.0                0.0    0.0      0.0
  SNOW DEPTH       0

DEGREE DAYS
 HEATING
  TODAY           13                  3     10        0
  MONTH TO DATE   13                  3     10        0
  SINCE JUN 1    215                185     30      163
  SINCE JUL 1     13                  3     10        0

 COOLING
  TODAY            0                  3     -3        0
  MONTH TO DATE    0                  3     -3        0
  SINCE JUN 1      0                 51    -51       54
  SINCE JAN 1      2                 63    -61       74
...........................................................


WIND (MPH)
  HIGHEST WIND SPEED    MM   HIGHEST WIND DIRECTION    MM
  HIGHEST GUST SPEED    19   HIGHEST GUST DIRECTION    NE (45)
  AVERAGE WIND SPEED    MM


SKY COVER
  POSSIBLE SUNSHINE  MM
  AVERAGE SKY COVER  MM


WEATHER CONDITIONS
 THE FOLLOWING WEATHER WAS RECORDED TODAY.
  NO SIGNIFICANT WEATHER WAS OBSERVED.


RELATIVE HUMIDITY (PERCENT)
 HIGHEST    MM
 LOWEST     MM
 AVERAGE    MM

..........................................................


THE MARQUETTE MI CLIMATE NORMALS FOR TOMORROW
                         NORMAL    RECORD    YEAR
 MAXIMUM TEMPERATURE (F)   76        92      1966
 MINIMUM TEMPERATURE (F)   54        38      2013


SUNRISE AND SUNSET
JULY  1 2015..........SUNRISE   601 AM EDT   SUNSET   947 PM EDT
JULY  2 2015..........SUNRISE   602 AM EDT   SUNSET   947 PM EDT


-  INDICATES NEGATIVE NUMBERS.
R  INDICATES RECORD WAS SET OR TIED.
MM INDICATES DATA IS MISSING.
T  INDICATES TRACE AMOUNT.




$$
