016
CDUS43 KMQT 220540
CLIMQT


CLIMATE REPORT
NATIONAL WEATHER SERVICE MARQUETTE MI
138 AM EDT THU JUN 22 2017


...................................

...THE MARQUETTE MI CLIMATE SUMMARY FOR JUNE 21 2017...

CLIMATE NORMAL PERIOD 1981 TO 2010
CLIMATE RECORD PERIOD 1961 TO 2017


WEATHER ITEM   OBSERVED RECORD YEAR NORMAL DEPARTURE LAST
                VALUE   VALUE       VALUE  FROM      YEAR
                                           NORMAL
...........................................................
TEMPERATURE (F)
 YESTERDAY
  MAXIMUM         69     88    1995  73     -4       71
                               1983
  MINIMUM         46     34    1992  51     -5       47
                               1963
                               1962
  AVERAGE         58                 62     -4       59

PRECIPITATION (IN)
  YESTERDAY        T      0.85 1968   0.09  -0.09     0.00
  MONTH TO DATE    3.98               2.05   1.93     2.11
  SINCE JUN 1      3.98               2.05   1.93     2.11
  SINCE JAN 1     18.82              15.69   3.13    18.32

SNOWFALL (IN)
  YESTERDAY        0.0   MM      MM   0.0    0.0      0.0
  MONTH TO DATE    0.0                0.0    0.0       T
  SINCE JUN 1      0.0                0.0    0.0       T
  SINCE JUL 1    154.0              203.3  -49.3    160.9
  SNOW DEPTH       0

DEGREE DAYS
 HEATING
  YESTERDAY        7                  5      2        6
  MONTH TO DATE   93                147    -54      139
  SINCE JUN 1     93                147    -54      139
  SINCE JUL 1   8326               9299   -973     8343

 COOLING
  YESTERDAY        0                  2     -2        0
  MONTH TO DATE   21                 27     -6       28
  SINCE JUN 1     21                 27     -6       28
  SINCE JAN 1     21                 39    -18       39
...........................................................


WIND (MPH)
  HIGHEST WIND SPEED    MM   HIGHEST WIND DIRECTION    MM
  HIGHEST GUST SPEED    15   HIGHEST GUST DIRECTION     S (180)
  AVERAGE WIND SPEED    MM


SKY COVER
  POSSIBLE SUNSHINE  MM
  AVERAGE SKY COVER  MM


WEATHER CONDITIONS
 THE FOLLOWING WEATHER WAS RECORDED YESTERDAY.
  LIGHT RAIN


RELATIVE HUMIDITY (PERCENT)
 HIGHEST    MM
 LOWEST     MM
 AVERAGE    MM

..........................................................


THE MARQUETTE MI CLIMATE NORMALS FOR TODAY
                         NORMAL    RECORD    YEAR
 MAXIMUM TEMPERATURE (F)   74        90      1995
 MINIMUM TEMPERATURE (F)   52        32      1992


SUNRISE AND SUNSET
JUNE 22 2017..........SUNRISE   557 AM EDT   SUNSET   947 PM EDT
JUNE 23 2017..........SUNRISE   558 AM EDT   SUNSET   947 PM EDT


-  INDICATES NEGATIVE NUMBERS.
R  INDICATES RECORD WAS SET OR TIED.
MM INDICATES DATA IS MISSING.
T  INDICATES TRACE AMOUNT.




$$
JLA
