000
CDUS43 KMQT 230547
CLIMQT


CLIMATE REPORT
NATIONAL WEATHER SERVICE MARQUETTE MI
145 AM EDT SUN APR 23 2017


...................................

...THE MARQUETTE MI CLIMATE SUMMARY FOR APRIL 22 2017...

CLIMATE NORMAL PERIOD 1981 TO 2010
CLIMATE RECORD PERIOD 1961 TO 2017


WEATHER ITEM   OBSERVED RECORD YEAR NORMAL DEPARTURE LAST
                VALUE   VALUE       VALUE  FROM      YEAR
                                           NORMAL
...........................................................
TEMPERATURE (F)
 YESTERDAY
  MAXIMUM         66     92    1980  51     15       40
  MINIMUM         28     14    1986  31     -3       27
  AVERAGE         47                 41      6       34

PRECIPITATION (IN)
  YESTERDAY        0.00   0.77 1972   0.09  -0.09     0.01
  MONTH TO DATE    3.90               2.27   1.63     2.62
  SINCE MAR 1      5.74               5.30   0.44     5.96
  SINCE JAN 1     10.32               9.85   0.47    10.58

SNOWFALL (IN)
  YESTERDAY        0.0    7.7  1972   0.3   -0.3      0.1
  MONTH TO DATE   11.0               12.5   -1.5     40.9
  SINCE MAR 1     30.9               47.4  -16.5     59.7
  SINCE JUL 1    152.0              199.8  -47.8    159.8
  SNOW DEPTH       0

DEGREE DAYS
 HEATING
  YESTERDAY       18                 24     -6       31
  MONTH TO DATE  548                638    -90      704
  SINCE MAR 1   1800               1901   -101     1800
  SINCE JUL 1   7484               8525  -1041     7567

 COOLING
  YESTERDAY        0                  0      0        0
  MONTH TO DATE    0                  0      0        0
  SINCE MAR 1      0                  0      0        0
  SINCE JAN 1      0                  0      0        0
...........................................................


WIND (MPH)
  HIGHEST WIND SPEED    MM   HIGHEST WIND DIRECTION    MM
  HIGHEST GUST SPEED    20   HIGHEST GUST DIRECTION     W (270)
  AVERAGE WIND SPEED    MM


SKY COVER
  POSSIBLE SUNSHINE  MM
  AVERAGE SKY COVER  MM


WEATHER CONDITIONS
 THE FOLLOWING WEATHER WAS RECORDED YESTERDAY.
  NO SIGNIFICANT WEATHER WAS OBSERVED.


RELATIVE HUMIDITY (PERCENT)
 HIGHEST    MM
 LOWEST     MM
 AVERAGE    MM

..........................................................


THE MARQUETTE MI CLIMATE NORMALS FOR TODAY
                         NORMAL    RECORD    YEAR
 MAXIMUM TEMPERATURE (F)   52        75      1990
                                             1985
 MINIMUM TEMPERATURE (F)   32        17      2009


SUNRISE AND SUNSET
APRIL 23 2017.........SUNRISE   649 AM EDT   SUNSET   849 PM EDT
APRIL 24 2017.........SUNRISE   647 AM EDT   SUNSET   851 PM EDT


-  INDICATES NEGATIVE NUMBERS.
R  INDICATES RECORD WAS SET OR TIED.
MM INDICATES DATA IS MISSING.
T  INDICATES TRACE AMOUNT.




$$
JLA
