000
CDUS43 KMQT 010518
CLIMQT

CLIMATE REPORT
NATIONAL WEATHER SERVICE MARQUETTE MI
117 AM EDT WED JUL 1 2015


...................................

...THE MARQUETTE MI CLIMATE SUMMARY FOR JUNE 30 2015...

CLIMATE NORMAL PERIOD 1981 TO 2010
CLIMATE RECORD PERIOD 1961 TO 2015


WEATHER ITEM   OBSERVED RECORD YEAR NORMAL DEPARTURE LAST
                VALUE   VALUE       VALUE  FROM      YEAR
                                           NORMAL
...........................................................
TEMPERATURE (F)
 YESTERDAY
  MAXIMUM         59     99    1963  75    -16       85
  MINIMUM         43     34    1965  53    -10       67
  AVERAGE         51                 64    -13       76

PRECIPITATION (IN)
  YESTERDAY        0.06   0.85 1997   0.08  -0.02     0.00
  MONTH TO DATE    2.49               2.84  -0.35     5.63
  SINCE JUN 1      2.49               2.84  -0.35     5.63
  SINCE JAN 1     13.81              16.48  -2.67    18.09

SNOWFALL (IN)
  YESTERDAY        0.0   MM      MM   0.0    0.0      0.0
  MONTH TO DATE    0.0                0.0    0.0      0.0
  SINCE JUN 1      0.0                0.0    0.0      0.0
  SINCE JUL 1    178.7              203.3  -24.6    198.9
  SNOW DEPTH       0

DEGREE DAYS
 HEATING
  YESTERDAY       14                  3     11        0
  MONTH TO DATE  202                182     20      163
  SINCE JUN 1    202                182     20      163
  SINCE JUL 1   9987               9334    653    10399

 COOLING
  YESTERDAY        0                  3     -3       11
  MONTH TO DATE    0                 48    -48       54
  SINCE JUN 1      0                 48    -48       54
  SINCE JAN 1      2                 60    -58       74
...........................................................


WIND (MPH)
  RESULTANT WIND SPEED  MM   RESULTANT WIND DIRECTION  MM
  HIGHEST WIND SPEED    MM   HIGHEST WIND DIRECTION    MM
  HIGHEST GUST SPEED    26   HIGHEST GUST DIRECTION     N (360)
  AVERAGE WIND SPEED    MM


SKY COVER
  POSSIBLE SUNSHINE  MM
  AVERAGE SKY COVER  MM


WEATHER CONDITIONS
 THE FOLLOWING WEATHER WAS RECORDED YESTERDAY.
  LIGHT RAIN
  FOG
  FOG W/VISIBILITY <= 1/4 MILE


RELATIVE HUMIDITY (PERCENT)
 HIGHEST    MM
 LOWEST     MM
 AVERAGE    MM

..........................................................


THE MARQUETTE MI CLIMATE NORMALS FOR TODAY
                         NORMAL    RECORD    YEAR
 MAXIMUM TEMPERATURE (F)   76        95      2002
                                             1963
 MINIMUM TEMPERATURE (F)   54        36      1962


SUNRISE AND SUNSET
JULY  1 2015..........SUNRISE   601 AM EDT   SUNSET   947 PM EDT
JULY  2 2015..........SUNRISE   602 AM EDT   SUNSET   947 PM EDT


-  INDICATES NEGATIVE NUMBERS.
R  INDICATES RECORD WAS SET OR TIED.
MM INDICATES DATA IS MISSING.
T  INDICATES TRACE AMOUNT.




$$
