000
CDUS43 KMQT 240509
CLIMQT


CLIMATE REPORT
NATIONAL WEATHER SERVICE MARQUETTE MI
1208 AM EST SAT JAN 24 2015


...................................

...THE MARQUETTE MI CLIMATE SUMMARY FOR JANUARY 23 2015...

CLIMATE NORMAL PERIOD 1981 TO 2010
CLIMATE RECORD PERIOD 1961 TO 2015


WEATHER ITEM   OBSERVED RECORD YEAR NORMAL DEPARTURE LAST
                VALUE   VALUE       VALUE  FROM      YEAR
                                           NORMAL
...........................................................
TEMPERATURE (F)
 YESTERDAY
  MAXIMUM         34     40    1969  22     12        8
                               1967
  MINIMUM         23    -27    1963   4     19       -8
  AVERAGE         29                 13     16        0

PRECIPITATION (IN)
  YESTERDAY        0.03   0.76 2012   0.08  -0.05     0.26
  MONTH TO DATE    0.91               1.80  -0.89     1.53
  SINCE DEC 1      3.19               4.37  -1.18     4.11
  SINCE JAN 1      0.91               1.80  -0.89     1.53

SNOWFALL (IN)
  YESTERDAY        T     11.3  1982   1.4   -1.4      3.0
  MONTH TO DATE   20.5               32.2  -11.7     28.8
  SINCE DEC 1     47.5               75.0  -27.5     75.7
  SINCE JUL 1    103.7              105.5   -1.8     98.2
  SNOW DEPTH      24

DEGREE DAYS
 HEATING
  YESTERDAY       36                 52    -16       65
  MONTH TO DATE 1265               1179     86     1322
  SINCE DEC 1   2630               2619     11     2993
  SINCE JUL 1   5160               4821    339     5162

 COOLING
  YESTERDAY        0                  0      0        0
  MONTH TO DATE    0                  0      0        0
  SINCE DEC 1      0                  0      0        0
  SINCE JAN 1      0                  0      0        0
...........................................................


WIND (MPH)
  RESULTANT WIND SPEED  MM   RESULTANT WIND DIRECTION  MM
  HIGHEST WIND SPEED    MM   HIGHEST WIND DIRECTION    MM
  HIGHEST GUST SPEED    38   HIGHEST GUST DIRECTION    SW (225)
  AVERAGE WIND SPEED    MM


SKY COVER
  POSSIBLE SUNSHINE  MM
  AVERAGE SKY COVER  MM


WEATHER CONDITIONS
 THE FOLLOWING WEATHER WAS RECORDED YESTERDAY.
  LIGHT RAIN
  LT FREEZING RAIN
  LIGHT SNOW
  SLEET
  BLOWING SNOW


RELATIVE HUMIDITY (PERCENT)
 HIGHEST    MM
 LOWEST     MM
 AVERAGE    MM

..........................................................


THE MARQUETTE MI CLIMATE NORMALS FOR TODAY
                         NORMAL    RECORD    YEAR
 MAXIMUM TEMPERATURE (F)   22        39      1981
 MINIMUM TEMPERATURE (F)    4       -17      2000


SUNRISE AND SUNSET
JANUARY 24 2015.......SUNRISE   823 AM EST   SUNSET   542 PM EST
JANUARY 25 2015.......SUNRISE   822 AM EST   SUNSET   543 PM EST


-  INDICATES NEGATIVE NUMBERS.
R  INDICATES RECORD WAS SET OR TIED.
MM INDICATES DATA IS MISSING.
T  INDICATES TRACE AMOUNT.

$$
