000
CDUS43 KMQT 152108
CLIMQT


CLIMATE REPORT
NATIONAL WEATHER SERVICE MARQUETTE MI
507 PM EDT MON AUG 15 2016


...................................

...THE MARQUETTE MI CLIMATE SUMMARY FOR AUGUST 15 2016...
VALID TODAY AS OF 0500 PM LOCAL TIME.

CLIMATE NORMAL PERIOD 1981 TO 2010
CLIMATE RECORD PERIOD 1961 TO 2016


WEATHER ITEM   OBSERVED RECORD YEAR NORMAL DEPARTURE LAST
                VALUE   VALUE       VALUE  FROM      YEAR
                                           NORMAL
...........................................................
TEMPERATURE (F)
 TODAY
  MAXIMUM         81     89    2003  75      6       88
  MINIMUM         50     38    1992  53     -3       55
  AVERAGE         66                 64      2       72

PRECIPITATION (IN)
  TODAY            0.00   1.67 1978   0.10  -0.10     0.00
  MONTH TO DATE    0.83               1.49  -0.66     1.53
  SINCE JUN 1      7.86               7.17   0.69     5.72
  SINCE JAN 1     24.07              20.81   3.26    17.04

SNOWFALL (IN)
  TODAY            0.0   MM      MM   0.0    0.0      0.0
  MONTH TO DATE    0.0                0.0    0.0      0.0
  SINCE JUN 1      T                  0.0    0.0      0.0
  SINCE JUL 1      T                  0.0    0.0      0.0
  SNOW DEPTH       0

DEGREE DAYS
 HEATING
  TODAY            0                  3     -3        0
  MONTH TO DATE    6                 45    -39       31
  SINCE JUN 1    243                306    -63      301
  SINCE JUL 1     61                124    -63       99

 COOLING
  TODAY            1                  2     -1        7
  MONTH TO DATE   51                 34     17       39
  SINCE JUN 1    194                176     18      145
  SINCE JAN 1    205                188     17      147
...........................................................


WIND (MPH)
  HIGHEST WIND SPEED    MM   HIGHEST WIND DIRECTION    MM
  HIGHEST GUST SPEED    14   HIGHEST GUST DIRECTION    NE (45)
  AVERAGE WIND SPEED    MM


SKY COVER
  POSSIBLE SUNSHINE  MM
  AVERAGE SKY COVER  MM


WEATHER CONDITIONS
 THE FOLLOWING WEATHER WAS RECORDED TODAY.
  NO SIGNIFICANT WEATHER WAS OBSERVED.


RELATIVE HUMIDITY (PERCENT)
 HIGHEST    MM
 LOWEST     MM
 AVERAGE    MM

..........................................................


THE MARQUETTE MI CLIMATE NORMALS FOR TOMORROW
                         NORMAL    RECORD    YEAR
 MAXIMUM TEMPERATURE (F)   75        90      2015
 MINIMUM TEMPERATURE (F)   53        39      1976


SUNRISE AND SUNSET
AUGUST 15 2016........SUNRISE   649 AM EDT   SUNSET   859 PM EDT
AUGUST 16 2016........SUNRISE   650 AM EDT   SUNSET   857 PM EDT


-  INDICATES NEGATIVE NUMBERS.
R  INDICATES RECORD WAS SET OR TIED.
MM INDICATES DATA IS MISSING.
T  INDICATES TRACE AMOUNT.




$$
