000
CDUS43 KMQT 270514
CLIMQT


CLIMATE REPORT
NATIONAL WEATHER SERVICE MARQUETTE MI
1214 AM EST TUE JAN 27 2015


...................................

...THE MARQUETTE MI CLIMATE SUMMARY FOR JANUARY 26 2015...

CLIMATE NORMAL PERIOD 1981 TO 2010
CLIMATE RECORD PERIOD 1961 TO 2015


WEATHER ITEM   OBSERVED RECORD YEAR NORMAL DEPARTURE LAST
                VALUE   VALUE       VALUE  FROM      YEAR
                                           NORMAL
...........................................................
TEMPERATURE (F)
 YESTERDAY
  MAXIMUM         21     53    1973  22     -1        3
  MINIMUM         -7    -30    1963   4    -11       -6
  AVERAGE          7                 13     -6       -1

PRECIPITATION (IN)
  YESTERDAY        0.03   1.11 1978   0.08  -0.05     0.13
  MONTH TO DATE    0.99               2.03  -1.04     1.90
  SINCE DEC 1      3.27               4.60  -1.33     4.48
  SINCE JAN 1      0.99               2.03  -1.04     1.90

SNOWFALL (IN)
  YESTERDAY        1.4   11.1  1978   1.4    0.0      1.9
  MONTH TO DATE   23.7               36.4  -12.7     35.4
  SINCE DEC 1     50.7               79.2  -28.5     82.3
  SINCE JUL 1    106.9              109.7   -2.8    104.8
  SNOW DEPTH      24

DEGREE DAYS
 HEATING
  YESTERDAY       58                 52      6       66
  MONTH TO DATE 1424               1335     89     1505
  SINCE DEC 1   2789               2775     14     3176
  SINCE JUL 1   5319               4977    342     5345

 COOLING
  YESTERDAY        0                  0      0        0
  MONTH TO DATE    0                  0      0        0
  SINCE DEC 1      0                  0      0        0
  SINCE JAN 1      0                  0      0        0
...........................................................


WIND (MPH)
  RESULTANT WIND SPEED  MM   RESULTANT WIND DIRECTION  MM
  HIGHEST WIND SPEED    MM   HIGHEST WIND DIRECTION    MM
  HIGHEST GUST SPEED    29   HIGHEST GUST DIRECTION     S (180)
  AVERAGE WIND SPEED    MM


SKY COVER
  POSSIBLE SUNSHINE  MM
  AVERAGE SKY COVER  MM


WEATHER CONDITIONS
 THE FOLLOWING WEATHER WAS RECORDED YESTERDAY.
  LIGHT SNOW


RELATIVE HUMIDITY (PERCENT)
 HIGHEST    MM
 LOWEST     MM
 AVERAGE    MM

..........................................................


THE MARQUETTE MI CLIMATE NORMALS FOR TODAY
                         NORMAL    RECORD    YEAR
 MAXIMUM TEMPERATURE (F)   22        49      2006
 MINIMUM TEMPERATURE (F)    4       -20      2009


SUNRISE AND SUNSET
JANUARY 27 2015.......SUNRISE   820 AM EST   SUNSET   546 PM EST
JANUARY 28 2015.......SUNRISE   819 AM EST   SUNSET   548 PM EST


-  INDICATES NEGATIVE NUMBERS.
R  INDICATES RECORD WAS SET OR TIED.
MM INDICATES DATA IS MISSING.
T  INDICATES TRACE AMOUNT.




$$
