000
CDUS43 KMQT 272209
CLIMQT


CLIMATE REPORT
NATIONAL WEATHER SERVICE MARQUETTE MI
508 PM EST SUN NOV 27 2016


...................................

...THE MARQUETTE MI CLIMATE SUMMARY FOR NOVEMBER 27 2016...
VALID TODAY AS OF 0500 PM LOCAL TIME.

CLIMATE NORMAL PERIOD 1981 TO 2010
CLIMATE RECORD PERIOD 1961 TO 2016


WEATHER ITEM   OBSERVED RECORD YEAR NORMAL DEPARTURE LAST
                VALUE   VALUE       VALUE  FROM      YEAR
                                           NORMAL
...........................................................
TEMPERATURE (F)
 TODAY
  MAXIMUM         35     53    1998  32      3       26
  MINIMUM         23     -4    2014  18      5        5
  AVERAGE         29                 25      4       16

PRECIPITATION (IN)
  TODAY            0.00   2.16 2001   0.11  -0.11     0.04
  MONTH TO DATE    1.04               2.86  -1.82     2.15
  SINCE SEP 1      9.57              10.42  -0.85     6.69
  SINCE JAN 1     37.34              32.79   4.55    24.90

SNOWFALL (IN)
  TODAY            0.0   19.2  2001   1.1   -1.1      0.4
  MONTH TO DATE   14.2               20.9   -6.7      6.7
  SINCE SEP 1     14.2               27.0  -12.8      7.9
  SINCE JUL 1     14.2               27.0  -12.8      7.9
  SNOW DEPTH       T

DEGREE DAYS
 HEATING
  TODAY           36                 40     -4       49
  MONTH TO DATE  686                919   -233      723
  SINCE SEP 1   1440               1895   -455     1541
  SINCE JUL 1   1540               2080   -540     1709

 COOLING
  TODAY            0                  0      0        0
  MONTH TO DATE    0                  0      0        0
  SINCE SEP 1     10                 22    -12       68
  SINCE JAN 1    246                242      4      250
...........................................................


WIND (MPH)
  HIGHEST WIND SPEED    MM   HIGHEST WIND DIRECTION    MM
  HIGHEST GUST SPEED    24   HIGHEST GUST DIRECTION    SW (225)
  AVERAGE WIND SPEED    MM


SKY COVER
  POSSIBLE SUNSHINE  MM
  AVERAGE SKY COVER  MM


WEATHER CONDITIONS
 THE FOLLOWING WEATHER WAS RECORDED TODAY.
  FOG
  FOG W/VISIBILITY <= 1/4 MILE


RELATIVE HUMIDITY (PERCENT)
 HIGHEST    MM
 LOWEST     MM
 AVERAGE    MM

..........................................................


THE MARQUETTE MI CLIMATE NORMALS FOR TOMORROW
                         NORMAL    RECORD    YEAR
 MAXIMUM TEMPERATURE (F)   32        51      2006
 MINIMUM TEMPERATURE (F)   18        -8      1976


SUNRISE AND SUNSET
NOVEMBER 27 2016......SUNRISE   809 AM EST   SUNSET   507 PM EST
NOVEMBER 28 2016......SUNRISE   810 AM EST   SUNSET   506 PM EST


-  INDICATES NEGATIVE NUMBERS.
R  INDICATES RECORD WAS SET OR TIED.
MM INDICATES DATA IS MISSING.
T  INDICATES TRACE AMOUNT.




$$
