000
CDUS43 KMQT 180512
CLIMQT


CLIMATE REPORT
NATIONAL WEATHER SERVICE MARQUETTE MI
111 AM EDT MON JUL 18 2016


...................................

...THE MARQUETTE MI CLIMATE SUMMARY FOR JULY 17 2016...

CLIMATE NORMAL PERIOD 1981 TO 2010
CLIMATE RECORD PERIOD 1961 TO 2016


WEATHER ITEM   OBSERVED RECORD YEAR NORMAL DEPARTURE LAST
                VALUE   VALUE       VALUE  FROM      YEAR
                                           NORMAL
...........................................................
TEMPERATURE (F)
 YESTERDAY
  MAXIMUM         72     95    2005  77     -5       79
                               1986
  MINIMUM         52     40    1979  55     -3       58
                               1971
  AVERAGE         62                 66     -4       69

PRECIPITATION (IN)
  YESTERDAY        1.01   1.20 2008   0.09   0.92     0.04
  MONTH TO DATE    2.80               1.52   1.28     1.66
  SINCE JUN 1      6.34               4.36   1.98     4.15
  SINCE JAN 1     22.55              18.00   4.55    15.47

SNOWFALL (IN)
  YESTERDAY        T     MM      MM   0.0    0.0      0.0
  MONTH TO DATE    T                  0.0    0.0      0.0
  SINCE JUN 1      T                  0.0    0.0      0.0
  SINCE JUL 1      T                  0.0    0.0      0.0
  SNOW DEPTH       0

DEGREE DAYS
 HEATING
  YESTERDAY        3                  2      1        0
  MONTH TO DATE   45                 46     -1       61
  SINCE JUN 1    227                228     -1      263
  SINCE JUL 1     45                 46     -1       61

 COOLING
  YESTERDAY        0                  3     -3        4
  MONTH TO DATE   33                 51    -18       31
  SINCE JUN 1     74                 99    -25       31
  SINCE JAN 1     85                111    -26       33
...........................................................


WIND (MPH)
  RESULTANT WIND SPEED  MM   RESULTANT WIND DIRECTION  MM
  HIGHEST WIND SPEED    MM   HIGHEST WIND DIRECTION    MM
  HIGHEST GUST SPEED    23   HIGHEST GUST DIRECTION     S (180)
  AVERAGE WIND SPEED    MM


SKY COVER
  POSSIBLE SUNSHINE  MM
  AVERAGE SKY COVER  MM


WEATHER CONDITIONS
 THE FOLLOWING WEATHER WAS RECORDED YESTERDAY.
  THUNDERSTORM
  HEAVY RAIN
  LIGHT RAIN
  HAIL


RELATIVE HUMIDITY (PERCENT)
 HIGHEST    MM
 LOWEST     MM
 AVERAGE    MM

..........................................................


THE MARQUETTE MI CLIMATE NORMALS FOR TODAY
                         NORMAL    RECORD    YEAR
 MAXIMUM TEMPERATURE (F)   77        92      1966
 MINIMUM TEMPERATURE (F)   55        41      2000


SUNRISE AND SUNSET
JULY 18 2016..........SUNRISE   616 AM EDT   SUNSET   937 PM EDT
JULY 19 2016..........SUNRISE   617 AM EDT   SUNSET   936 PM EDT


-  INDICATES NEGATIVE NUMBERS.
R  INDICATES RECORD WAS SET OR TIED.
MM INDICATES DATA IS MISSING.
T  INDICATES TRACE AMOUNT.

$$

TITUS
