000
CDUS43 KMQT 170506
CLIMQT


CLIMATE REPORT
NATIONAL WEATHER SERVICE MARQUETTE MI
106 AM EDT THU JUL 17 2014


...................................

...THE MARQUETTE MI CLIMATE SUMMARY FOR JULY 16 2014...

CLIMATE NORMAL PERIOD 1981 TO 2010
CLIMATE RECORD PERIOD 1961 TO 2014


WEATHER ITEM   OBSERVED RECORD YEAR NORMAL DEPARTURE LAST
                VALUE   VALUE       VALUE  FROM      YEAR
                                           NORMAL
...........................................................
TEMPERATURE (F)
 YESTERDAY
  MAXIMUM         68     93    2006  77     -9       92
  MINIMUM         48     43    1974  55     -7       68
                               1973
                               1963
  AVERAGE         58                 66     -8       80

PRECIPITATION (IN)
  YESTERDAY        0.00   0.92 1972   0.09  -0.09      T
  MONTH TO DATE    3.22               1.43   1.79     0.76
  SINCE JUN 1      8.85               4.27   4.58     4.07
  SINCE JAN 1     21.31              17.91   3.40    21.41

SNOWFALL (IN)
  YESTERDAY        0.0   MM      MM   0.0    0.0      0.0
  MONTH TO DATE    T                  0.0    0.0      0.0
  SINCE JUN 1      T                  0.0    0.0      0.0
  SINCE JUL 1      T                  0.0    0.0      0.0
  SNOW DEPTH       0

DEGREE DAYS
 HEATING
  YESTERDAY        7                  2      5        0
  MONTH TO DATE   73                 44     29       30
  SINCE JUN 1    236                226     10      228
  SINCE JUL 1     73                 44     29       30

 COOLING
  YESTERDAY        0                  3     -3       15
  MONTH TO DATE   14                 48    -34       92
  SINCE JUN 1     68                 96    -28      131
  SINCE JAN 1     88                108    -20      144
...........................................................


WIND (MPH)
  RESULTANT WIND SPEED  MM   RESULTANT WIND DIRECTION  MM
  HIGHEST WIND SPEED    MM   HIGHEST WIND DIRECTION    MM
  HIGHEST GUST SPEED    25   HIGHEST GUST DIRECTION     W (270)
  AVERAGE WIND SPEED    MM


SKY COVER
  POSSIBLE SUNSHINE  MM
  AVERAGE SKY COVER  MM


WEATHER CONDITIONS
 THE FOLLOWING WEATHER WAS RECORDED YESTERDAY.
  NO SIGNIFICANT WEATHER WAS OBSERVED.


RELATIVE HUMIDITY (PERCENT)
 HIGHEST    MM
 LOWEST     MM
 AVERAGE    MM

..........................................................


THE MARQUETTE MI CLIMATE NORMALS FOR TODAY
                         NORMAL    RECORD    YEAR
 MAXIMUM TEMPERATURE (F)   77        95      2005
                                             1986
 MINIMUM TEMPERATURE (F)   55        40      1979
                                             1971


SUNRISE AND SUNSET
JULY 17 2014..........SUNRISE   614 AM EDT   SUNSET   938 PM EDT
JULY 18 2014..........SUNRISE   615 AM EDT   SUNSET   937 PM EDT


-  INDICATES NEGATIVE NUMBERS.
R  INDICATES RECORD WAS SET OR TIED.
MM INDICATES DATA IS MISSING.
T  INDICATES TRACE AMOUNT.




$$
