000
CDUS43 KMQT 120511
CLIMQT


CLIMATE REPORT
NATIONAL WEATHER SERVICE MARQUETTE MI
111 AM EDT WED JUL 12 2017


...................................

...THE MARQUETTE MI CLIMATE SUMMARY FOR JULY 11 2017...

CLIMATE NORMAL PERIOD 1981 TO 2010
CLIMATE RECORD PERIOD 1961 TO 2017


WEATHER ITEM   OBSERVED RECORD YEAR NORMAL DEPARTURE LAST
                VALUE   VALUE       VALUE  FROM      YEAR
                                           NORMAL
...........................................................
TEMPERATURE (F)
 YESTERDAY
  MAXIMUM         77     93    1983  77      0       77
  MINIMUM         54     40    1992  55     -1       58
  AVERAGE         66                 66      0       68

PRECIPITATION (IN)
  YESTERDAY        T      1.88 1982   0.09  -0.09     0.15
  MONTH TO DATE    0.69               0.98  -0.29     0.96
  SINCE JUN 1      6.66               3.82   2.84     4.50
  SINCE JAN 1     21.50              17.46   4.04    20.71

SNOWFALL (IN)
  YESTERDAY        0.0   MM      MM   0.0    0.0      0.0
  MONTH TO DATE    T                  0.0    0.0      0.0
  SINCE JUN 1      T                  0.0    0.0       T
  SINCE JUL 1      T                  0.0    0.0      0.0
  SNOW DEPTH       0

DEGREE DAYS
 HEATING
  YESTERDAY        0                  3     -3        0
  MONTH TO DATE   20                 33    -13       18
  SINCE JUN 1    161                215    -54      200
  SINCE JUL 1     20                 33    -13       18

 COOLING
  YESTERDAY        1                  3     -2        3
  MONTH TO DATE   15                 33    -18       12
  SINCE JUN 1     36                 81    -45       53
  SINCE JAN 1     36                 93    -57       64
...........................................................

WIND (MPH)
  RESULTANT WIND SPEED  MM   RESULTANT WIND DIRECTION  MM
  HIGHEST WIND SPEED    MM   HIGHEST WIND DIRECTION    MM
  HIGHEST GUST SPEED    15   HIGHEST GUST DIRECTION    NE (45)
  AVERAGE WIND SPEED    MM

SKY COVER
  POSSIBLE SUNSHINE  MM
  AVERAGE SKY COVER  MM

WEATHER CONDITIONS
 THE FOLLOWING WEATHER WAS RECORDED YESTERDAY.
  LIGHT RAIN

RELATIVE HUMIDITY (PERCENT)
 HIGHEST    MM
 LOWEST     MM
 AVERAGE    MM
..........................................................

THE MARQUETTE MI CLIMATE NORMALS FOR TODAY
                         NORMAL    RECORD    YEAR
 MAXIMUM TEMPERATURE (F)   77        91      1966
 MINIMUM TEMPERATURE (F)   55        43      1988


SUNRISE AND SUNSET
JULY 12 2017..........SUNRISE   610 AM EDT   SUNSET   942 PM EDT
JULY 13 2017..........SUNRISE   611 AM EDT   SUNSET   941 PM EDT


-  INDICATES NEGATIVE NUMBERS.
R  INDICATES RECORD WAS SET OR TIED.
MM INDICATES DATA IS MISSING.
T  INDICATES TRACE AMOUNT.




$$
