000
CDUS43 KMQT 010514
CLIMQT


CLIMATE REPORT
NATIONAL WEATHER SERVICE MARQUETTE MI
1214 AM EST SUN MAR 1 2015


...................................

...THE MARQUETTE MI CLIMATE SUMMARY FOR FEBRUARY 28 2015...

CLIMATE NORMAL PERIOD 1981 TO 2010
CLIMATE RECORD PERIOD 1961 TO 2015


WEATHER ITEM   OBSERVED RECORD YEAR NORMAL DEPARTURE LAST
                VALUE   VALUE       VALUE  FROM      YEAR
                                           NORMAL
...........................................................
TEMPERATURE (F)
 YESTERDAY
  MAXIMUM         24     51    2004  29     -5        8
  MINIMUM         -6    -28    2014   8    -14      -28
  AVERAGE          9                 19    -10      -10

PRECIPITATION (IN)
  YESTERDAY        0.00   0.43 1992   0.09  -0.09     0.02
  MONTH TO DATE    1.67               2.14  -0.47     1.34
  SINCE DEC 1      5.20               7.12  -1.92     6.10
  SINCE JAN 1      2.92               4.55  -1.63     3.52

SNOWFALL (IN)
  YESTERDAY        0.0    8.3  1996   1.4   -1.4      0.6
  MONTH TO DATE   40.7               35.9    4.8     20.9
  SINCE DEC 1     97.8              121.9  -24.1    107.0
  SINCE JUL 1    154.0              152.4    1.6    129.5
  SNOW DEPTH      32

DEGREE DAYS
 HEATING
  YESTERDAY       56                 46     10       75
  MONTH TO DATE 1747               1387    360     1655
  SINCE DEC 1   4781               4422    359     5153
  SINCE JUL 1   7311               6624    687     7322

 COOLING
  YESTERDAY        0                  0      0        0
  MONTH TO DATE    0                  0      0        0
  SINCE DEC 1      0                  0      0        0
  SINCE JAN 1      0                  0      0        0
...........................................................


WIND (MPH)
  RESULTANT WIND SPEED  MM   RESULTANT WIND DIRECTION  MM
  HIGHEST WIND SPEED    MM   HIGHEST WIND DIRECTION    MM
  HIGHEST GUST SPEED    21   HIGHEST GUST DIRECTION    SW (225)
  AVERAGE WIND SPEED    MM


SKY COVER
  POSSIBLE SUNSHINE  MM
  AVERAGE SKY COVER  MM


WEATHER CONDITIONS
 THE FOLLOWING WEATHER WAS RECORDED YESTERDAY.
  NO SIGNIFICANT WEATHER WAS OBSERVED.


RELATIVE HUMIDITY (PERCENT)
 HIGHEST    MM
 LOWEST     MM
 AVERAGE    MM

..........................................................


THE MARQUETTE MI CLIMATE NORMALS FOR TODAY
                         NORMAL    RECORD    YEAR
 MAXIMUM TEMPERATURE (F)   30        53      1993
 MINIMUM TEMPERATURE (F)    8       -27      1962


SUNRISE AND SUNSET
MARCH  1 2015.........SUNRISE   730 AM EST   SUNSET   636 PM EST
MARCH  2 2015.........SUNRISE   728 AM EST   SUNSET   637 PM EST


-  INDICATES NEGATIVE NUMBERS.
R  INDICATES RECORD WAS SET OR TIED.
MM INDICATES DATA IS MISSING.
T  INDICATES TRACE AMOUNT.




$$
