136
CDUS43 KMQT 182113
CLIMQT


CLIMATE REPORT
NATIONAL WEATHER SERVICE MARQUETTE MI
511 PM EDT MON JUL 18 2016


...................................

...THE MARQUETTE MI CLIMATE SUMMARY FOR JULY 18 2016...
VALID TODAY AS OF 0500 PM LOCAL TIME.

CLIMATE NORMAL PERIOD 1981 TO 2010
CLIMATE RECORD PERIOD 1961 TO 2016


WEATHER ITEM   OBSERVED RECORD YEAR NORMAL DEPARTURE LAST
                VALUE   VALUE       VALUE  FROM      YEAR
                                           NORMAL
...........................................................
TEMPERATURE (F)
 TODAY
  MAXIMUM         73     92    1966  77     -4       85
  MINIMUM         53     41    2000  55     -2       59
  AVERAGE         63                 66     -3       72

PRECIPITATION (IN)
  TODAY            0.00   1.54 1996   0.09  -0.09      T
  MONTH TO DATE    2.80               1.61   1.19     1.66
  SINCE JUN 1      6.34               4.45   1.89     4.15
  SINCE JAN 1     22.55              18.09   4.46    15.47

SNOWFALL (IN)
  TODAY            0.0   MM      MM   0.0    0.0      0.0
  MONTH TO DATE    T                  0.0    0.0      0.0
  SINCE JUN 1      T                  0.0    0.0      0.0
  SINCE JUL 1      T                  0.0    0.0      0.0
  SNOW DEPTH       0

DEGREE DAYS
 HEATING
  TODAY            2                  2      0        0
  MONTH TO DATE   47                 48     -1       61
  SINCE JUN 1    229                230     -1      263
  SINCE JUL 1     47                 48     -1       61

 COOLING
  TODAY            0                  3     -3        7
  MONTH TO DATE   33                 54    -21       38
  SINCE JUN 1     74                102    -28       38
  SINCE JAN 1     85                114    -29       40
...........................................................


WIND (MPH)
  HIGHEST WIND SPEED    MM   HIGHEST WIND DIRECTION    MM
  HIGHEST GUST SPEED    18   HIGHEST GUST DIRECTION     W (270)
  AVERAGE WIND SPEED    MM


SKY COVER
  POSSIBLE SUNSHINE  MM
  AVERAGE SKY COVER  MM


WEATHER CONDITIONS
 THE FOLLOWING WEATHER WAS RECORDED TODAY.
  NO SIGNIFICANT WEATHER WAS OBSERVED.


RELATIVE HUMIDITY (PERCENT)
 HIGHEST    MM
 LOWEST     MM
 AVERAGE    MM

..........................................................


THE MARQUETTE MI CLIMATE NORMALS FOR TOMORROW
                         NORMAL    RECORD    YEAR
 MAXIMUM TEMPERATURE (F)   77        99      1977
 MINIMUM TEMPERATURE (F)   55        36      2000


SUNRISE AND SUNSET
JULY 18 2016..........SUNRISE   616 AM EDT   SUNSET   937 PM EDT
JULY 19 2016..........SUNRISE   617 AM EDT   SUNSET   936 PM EDT


-  INDICATES NEGATIVE NUMBERS.
R  INDICATES RECORD WAS SET OR TIED.
MM INDICATES DATA IS MISSING.
T  INDICATES TRACE AMOUNT.




$$
