000
CDUS43 KMQT 110510
CLIMQT


CLIMATE REPORT
NATIONAL WEATHER SERVICE MARQUETTE MI
110 AM EDT FRI AUG 11 2017


...................................

...THE MARQUETTE MI CLIMATE SUMMARY FOR AUGUST 10 2017...

CLIMATE NORMAL PERIOD 1981 TO 2010
CLIMATE RECORD PERIOD 1961 TO 2017


WEATHER ITEM   OBSERVED RECORD YEAR NORMAL DEPARTURE LAST
                VALUE   VALUE       VALUE  FROM      YEAR
                                           NORMAL
...........................................................
TEMPERATURE (F)
 YESTERDAY
  MAXIMUM         71     87    1995  75     -4       72
  MINIMUM         57     36    1972  54      3       61
  AVERAGE         64                 65     -1       67

PRECIPITATION (IN)
  YESTERDAY        0.18   1.29 1983   0.10   0.08      T
  MONTH TO DATE    2.23               0.98   1.25     0.04
  SINCE JUN 1     10.18               6.66   3.52     7.07
  SINCE JAN 1     25.02              20.30   4.72    23.28

SNOWFALL (IN)
  YESTERDAY        0.0   MM      MM   0.0    0.0      0.0
  MONTH TO DATE    0.0                0.0    0.0      0.0
  SINCE JUN 1      T                  0.0    0.0       T
  SINCE JUL 1      T                  0.0    0.0       T
  SNOW DEPTH       0

DEGREE DAYS
 HEATING
  YESTERDAY        1                  3     -2        0
  MONTH TO DATE   50                 30     20        0
  SINCE JUN 1    270                291    -21      237
  SINCE JUL 1    129                109     20       55

 COOLING
  YESTERDAY        0                  2     -2        2
  MONTH TO DATE   10                 24    -14       47
  SINCE JUN 1     87                166    -79      190
  SINCE JAN 1     87                178    -91      201
...........................................................

WIND (MPH)
  RESULTANT WIND SPEED  MM   RESULTANT WIND DIRECTION  MM
  HIGHEST WIND SPEED    MM   HIGHEST WIND DIRECTION    MM
  HIGHEST GUST SPEED    15   HIGHEST GUST DIRECTION     N (360)
  AVERAGE WIND SPEED    MM

SKY COVER
  POSSIBLE SUNSHINE  MM
  AVERAGE SKY COVER  MM

WEATHER CONDITIONS
 THE FOLLOWING WEATHER WAS RECORDED YESTERDAY.
  LIGHT RAIN
  FOG

RELATIVE HUMIDITY (PERCENT)
 HIGHEST    MM
 LOWEST     MM
 AVERAGE    MM
..........................................................

THE MARQUETTE MI CLIMATE NORMALS FOR TODAY
                         NORMAL    RECORD    YEAR
 MAXIMUM TEMPERATURE (F)   75        87      1965
 MINIMUM TEMPERATURE (F)   54        38      1967


SUNRISE AND SUNSET
AUGUST 11 2017........SUNRISE   644 AM EDT   SUNSET   906 PM EDT
AUGUST 12 2017........SUNRISE   645 AM EDT   SUNSET   904 PM EDT


-  INDICATES NEGATIVE NUMBERS.
R  INDICATES RECORD WAS SET OR TIED.
MM INDICATES DATA IS MISSING.
T  INDICATES TRACE AMOUNT.




$$
