000
CDUS43 KMQT 020502
CLIMQT

CLIMATE REPORT
NATIONAL WEATHER SERVICE MARQUETTE MI
1202 AM EST FRI DEC 2 2016


...................................

...THE MARQUETTE MI CLIMATE SUMMARY FOR DECEMBER 1 2016...

CLIMATE NORMAL PERIOD 1981 TO 2010
CLIMATE RECORD PERIOD 1961 TO 2016


WEATHER ITEM   OBSERVED RECORD YEAR NORMAL DEPARTURE LAST
                VALUE   VALUE       VALUE  FROM      YEAR
                                           NORMAL
...........................................................
TEMPERATURE (F)
 YESTERDAY
  MAXIMUM         34     53    1962  30      4       33
  MINIMUM         27    -11    2014  16     11       31
  AVERAGE         31                 23      8       32

PRECIPITATION (IN)
  YESTERDAY        0.06   2.30 1985   0.10  -0.04     0.38
  MONTH TO DATE    0.06               0.10  -0.04     0.38
  SINCE DEC 1      0.06               0.10  -0.04     0.38
  SINCE JAN 1     38.14              33.21   4.93    25.28

SNOWFALL (IN)
  YESTERDAY        0.6   23.7  1985   1.2   -0.6      1.4
  MONTH TO DATE    0.6                1.2   -0.6      1.4
  SINCE DEC 1      0.6                1.2   -0.6      1.4
  SINCE JUL 1     14.8               31.7  -16.9      9.3
  SNOW DEPTH       T

DEGREE DAYS
 HEATING
  YESTERDAY       34                 42     -8       33
  MONTH TO DATE   34                 42     -8       33
  SINCE DEC 1     34                 42     -8       33
  SINCE JUL 1   1659               2244   -585     1865

 COOLING
  YESTERDAY        0                  0      0        0
  MONTH TO DATE    0                  0      0        0
  SINCE DEC 1      0                  0      0        0
  SINCE JAN 1    246                242      4      250
...........................................................


WIND (MPH)
  RESULTANT WIND SPEED  MM   RESULTANT WIND DIRECTION  MM
  HIGHEST WIND SPEED    MM   HIGHEST WIND DIRECTION    MM
  HIGHEST GUST SPEED    22   HIGHEST GUST DIRECTION    NW (315)
  AVERAGE WIND SPEED    MM


SKY COVER
  POSSIBLE SUNSHINE  MM
  AVERAGE SKY COVER  MM


WEATHER CONDITIONS
 THE FOLLOWING WEATHER WAS RECORDED YESTERDAY.
  LIGHT RAIN
  LIGHT SNOW


RELATIVE HUMIDITY (PERCENT)
 HIGHEST    MM
 LOWEST     MM
 AVERAGE    MM

..........................................................


THE MARQUETTE MI CLIMATE NORMALS FOR TODAY
                         NORMAL    RECORD    YEAR
 MAXIMUM TEMPERATURE (F)   30        58      1982
 MINIMUM TEMPERATURE (F)   16       -10      1976


SUNRISE AND SUNSET
DECEMBER  2 2016......SUNRISE   815 AM EST   SUNSET   504 PM EST
DECEMBER  3 2016......SUNRISE   816 AM EST   SUNSET   504 PM EST


-  INDICATES NEGATIVE NUMBERS.
R  INDICATES RECORD WAS SET OR TIED.
MM INDICATES DATA IS MISSING.
T  INDICATES TRACE AMOUNT.




$$
