000
CDUS43 KMQT 150524
CLIMQT


CLIMATE REPORT
NATIONAL WEATHER SERVICE MARQUETTE MI
122 AM EDT MON AUG 15 2016


...................................

...THE MARQUETTE MI CLIMATE SUMMARY FOR AUGUST 14 2016...

CLIMATE NORMAL PERIOD 1981 TO 2010
CLIMATE RECORD PERIOD 1961 TO 2016


WEATHER ITEM   OBSERVED RECORD YEAR NORMAL DEPARTURE LAST
                VALUE   VALUE       VALUE  FROM      YEAR
                                           NORMAL
...........................................................
TEMPERATURE (F)
 YESTERDAY
  MAXIMUM         73     95    1965  75     -2       85
  MINIMUM         54     35    1992  54      0       60
  AVERAGE         64                 64      0       73

PRECIPITATION (IN)
  YESTERDAY        0.02   0.70 1966   0.10  -0.08     0.00
  MONTH TO DATE    0.83               1.39  -0.56     1.53
  SINCE JUN 1      7.86               7.07   0.79     5.72
  SINCE JAN 1     24.07              20.71   3.36    17.04

SNOWFALL (IN)
  YESTERDAY        0.0   MM      MM   0.0    0.0      0.0
  MONTH TO DATE    0.0                0.0    0.0      0.0
  SINCE JUN 1      T                  0.0    0.0      0.0
  SINCE JUL 1      T                  0.0    0.0      0.0
  SNOW DEPTH       0

DEGREE DAYS
 HEATING
  YESTERDAY        1                  3     -2        0
  MONTH TO DATE    6                 42    -36       31
  SINCE JUN 1    243                303    -60      301
  SINCE JUL 1     61                121    -60       99

 COOLING
  YESTERDAY        0                  2     -2        8
  MONTH TO DATE   50                 32     18       32
  SINCE JUN 1    193                174     19      138
  SINCE JAN 1    204                186     18      140
...........................................................


WIND (MPH)
  RESULTANT WIND SPEED  MM   RESULTANT WIND DIRECTION  MM
  HIGHEST WIND SPEED    MM   HIGHEST WIND DIRECTION    MM
  HIGHEST GUST SPEED    13   HIGHEST GUST DIRECTION    SW (225)
  AVERAGE WIND SPEED    MM


SKY COVER
  POSSIBLE SUNSHINE  MM
  AVERAGE SKY COVER  MM


WEATHER CONDITIONS
 THE FOLLOWING WEATHER WAS RECORDED YESTERDAY.
  LIGHT RAIN
  FOG
  FOG W/VISIBILITY <= 1/4 MILE


RELATIVE HUMIDITY (PERCENT)
 HIGHEST    MM
 LOWEST     MM
 AVERAGE    MM

..........................................................


THE MARQUETTE MI CLIMATE NORMALS FOR TODAY
                         NORMAL    RECORD    YEAR
 MAXIMUM TEMPERATURE (F)   75        89      2003
 MINIMUM TEMPERATURE (F)   53        38      1992


SUNRISE AND SUNSET
AUGUST 15 2016........SUNRISE   649 AM EDT   SUNSET   859 PM EDT
AUGUST 16 2016........SUNRISE   650 AM EDT   SUNSET   857 PM EDT


-  INDICATES NEGATIVE NUMBERS.
R  INDICATES RECORD WAS SET OR TIED.
MM INDICATES DATA IS MISSING.
T  INDICATES TRACE AMOUNT.

$$

TITUS
