000
CDUS43 KMQT 150502
CLIMQT

CLIMATE REPORT
NATIONAL WEATHER SERVICE MARQUETTE MI
1202 AM EST WED FEB 15 2017


...................................

...THE MARQUETTE MI CLIMATE SUMMARY FOR FEBRUARY 14 2017...

CLIMATE NORMAL PERIOD 1981 TO 2010
CLIMATE RECORD PERIOD 1961 TO 2017


WEATHER ITEM   OBSERVED RECORD YEAR NORMAL DEPARTURE LAST
                VALUE   VALUE       VALUE  FROM      YEAR
                                           NORMAL
...........................................................
TEMPERATURE (F)
 YESTERDAY
  MAXIMUM         34     43    1984  25      9       20
  MINIMUM         19    -28    1970   5     14      -22
  AVERAGE         27                 15     12       -1

PRECIPITATION (IN)
  YESTERDAY        0.05   0.58 1991   0.07  -0.02      T
  MONTH TO DATE    1.20               1.01   0.19     1.57
  SINCE DEC 1      5.13               5.99  -0.86     8.40
  SINCE JAN 1      2.94               3.42  -0.48     3.53

SNOWFALL (IN)
  YESTERDAY        1.2   13.3  1991   1.3   -0.1       T
  MONTH TO DATE   17.9               17.8    0.1     23.8
  SINCE DEC 1     90.1              103.8  -13.7     80.2
  SINCE JUL 1    104.3              134.3  -30.0     88.1
  SNOW DEPTH      19

DEGREE DAYS
 HEATING
  YESTERDAY       38                 50    -12       66
  MONTH TO DATE  688                713    -25      714
  SINCE DEC 1   3552               3748   -196     3302
  SINCE JUL 1   5177               5950   -773     5134

 COOLING
  YESTERDAY        0                  0      0        0
  MONTH TO DATE    0                  0      0        0
  SINCE DEC 1      0                  0      0        0
  SINCE JAN 1      0                  0      0        0
...........................................................


WIND (MPH)
  RESULTANT WIND SPEED  MM   RESULTANT WIND DIRECTION  MM
  HIGHEST WIND SPEED    MM   HIGHEST WIND DIRECTION    MM
  HIGHEST GUST SPEED    33   HIGHEST GUST DIRECTION    NW (315)
  AVERAGE WIND SPEED    MM


SKY COVER
  POSSIBLE SUNSHINE  MM
  AVERAGE SKY COVER  MM


WEATHER CONDITIONS
 THE FOLLOWING WEATHER WAS RECORDED YESTERDAY.
  LIGHT SNOW


RELATIVE HUMIDITY (PERCENT)
 HIGHEST    MM
 LOWEST     MM
 AVERAGE    MM

..........................................................


THE MARQUETTE MI CLIMATE NORMALS FOR TODAY
                         NORMAL    RECORD    YEAR
 MAXIMUM TEMPERATURE (F)   26        46      1981
 MINIMUM TEMPERATURE (F)    5       -21      1974


SUNRISE AND SUNSET
FEBRUARY 15 2017......SUNRISE   753 AM EST   SUNSET   616 PM EST
FEBRUARY 16 2017......SUNRISE   752 AM EST   SUNSET   617 PM EST


-  INDICATES NEGATIVE NUMBERS.
R  INDICATES RECORD WAS SET OR TIED.
MM INDICATES DATA IS MISSING.
T  INDICATES TRACE AMOUNT.




$$
