000
CDUS43 KMQT 192204
CLIMQT


CLIMATE REPORT
NATIONAL WEATHER SERVICE MARQUETTE MI
503 PM EST FRI DEC 19 2014


...................................

...THE MARQUETTE MI CLIMATE SUMMARY FOR DECEMBER 19 2014...
VALID TODAY AS OF 0500 PM LOCAL TIME.

CLIMATE NORMAL PERIOD 1981 TO 2010
CLIMATE RECORD PERIOD 1961 TO 2014


WEATHER ITEM   OBSERVED RECORD YEAR NORMAL DEPARTURE LAST
                VALUE   VALUE       VALUE  FROM      YEAR
                                           NORMAL
...........................................................
TEMPERATURE (F)
 TODAY
  MAXIMUM         27     44    2002  25      2       22
  MINIMUM         14    -21    1983  10      4        9
  AVERAGE         21                 17      4       16

PRECIPITATION (IN)
  TODAY            0.00   0.84 1968   0.08  -0.08     0.15
  MONTH TO DATE    0.81               1.65  -0.84     1.56
  SINCE DEC 1      0.81               1.65  -0.84     1.56
  SINCE JAN 1     43.36              34.76   8.60    38.74

SNOWFALL (IN)
  TODAY            0.0   15.5  2008   1.4   -1.4      4.2
  MONTH TO DATE   10.3               26.0  -15.7     23.3
  SINCE DEC 1     10.3               26.0  -15.7     23.3
  SINCE JUL 1     66.5               56.5   10.0     45.8
  SNOW DEPTH      12

DEGREE DAYS
 HEATING
  TODAY           44                 48     -4       49
  MONTH TO DATE  815                853    -38     1021
  SINCE DEC 1    815                853    -38     1021
  SINCE JUL 1   3345               3055    290     3190

 COOLING
  TODAY            0                  0      0        0
  MONTH TO DATE    0                  0      0        0
  SINCE DEC 1      0                  0      0        0
  SINCE JAN 1    152                242    -90      280
...........................................................


WIND (MPH)
  HIGHEST WIND SPEED    MM   HIGHEST WIND DIRECTION    MM
  HIGHEST GUST SPEED     8   HIGHEST GUST DIRECTION    SE (135)
  AVERAGE WIND SPEED    MM


SKY COVER
  POSSIBLE SUNSHINE  MM
  AVERAGE SKY COVER  MM


WEATHER CONDITIONS
 THE FOLLOWING WEATHER WAS RECORDED TODAY.
  NO SIGNIFICANT WEATHER WAS OBSERVED.


RELATIVE HUMIDITY (PERCENT)
 HIGHEST    MM
 LOWEST     MM
 AVERAGE    MM

..........................................................


THE MARQUETTE MI CLIMATE NORMALS FOR TOMORROW
                         NORMAL    RECORD    YEAR
 MAXIMUM TEMPERATURE (F)   25        44      1994
 MINIMUM TEMPERATURE (F)   10       -28      1983


SUNRISE AND SUNSET
DECEMBER 19 2014......SUNRISE   830 AM EST   SUNSET   505 PM EST
DECEMBER 20 2014......SUNRISE   831 AM EST   SUNSET   505 PM EST


-  INDICATES NEGATIVE NUMBERS.
R  INDICATES RECORD WAS SET OR TIED.
MM INDICATES DATA IS MISSING.
T  INDICATES TRACE AMOUNT.




$$
