000
CDUS43 KMQT 210618
CLIMQT


CLIMATE REPORT
NATIONAL WEATHER SERVICE MARQUETTE MI
212 AM EDT THU MAY 21 2015


...................................

...THE MARQUETTE MI CLIMATE SUMMARY FOR MAY 20 2015...

CLIMATE NORMAL PERIOD 1981 TO 2010
CLIMATE RECORD PERIOD 1961 TO 2015


WEATHER ITEM   OBSERVED RECORD YEAR NORMAL DEPARTURE LAST
                VALUE   VALUE       VALUE  FROM      YEAR
                                           NORMAL
...........................................................
TEMPERATURE (F)
 YESTERDAY
  MAXIMUM         60     89    2009  64     -4       62
  MINIMUM         28     24    2002  41    -13       46
  AVERAGE         44                 52     -8       54

PRECIPITATION (IN)
  YESTERDAY        0.00   0.87 2012   0.11  -0.11     0.52
  MONTH TO DATE    1.56               1.86  -0.30     2.48
  SINCE MAR 1      5.32               7.90  -2.58     8.89
  SINCE JAN 1      8.24              12.45  -4.21    12.41

SNOWFALL (IN)
  YESTERDAY        0.0    T    2012   0.0    0.0      0.0
                               2008
                               1997
  MONTH TO DATE    0.3                1.5   -1.2      3.6
  SINCE MAR 1     24.7               50.9  -26.2     69.4
  SINCE JUL 1    178.7              203.3  -24.6    198.9
  SNOW DEPTH       0

DEGREE DAYS
 HEATING
  YESTERDAY       21                 13      8       11
  MONTH TO DATE  301                326    -25      382
  SINCE MAR 1   2363               2404    -41     2856
  SINCE JUL 1   9674               9028    646    10178

 COOLING
  YESTERDAY        0                  0      0        0
  MONTH TO DATE    2                  0      2        0
  SINCE MAR 1      2                  1      1        0
  SINCE JAN 1      2                  1      1        0
...........................................................


WIND (MPH)
  RESULTANT WIND SPEED  MM   RESULTANT WIND DIRECTION  MM
  HIGHEST WIND SPEED    MM   HIGHEST WIND DIRECTION    MM
  HIGHEST GUST SPEED    17   HIGHEST GUST DIRECTION     W (270)
  AVERAGE WIND SPEED    MM


SKY COVER
  POSSIBLE SUNSHINE  MM
  AVERAGE SKY COVER  MM


WEATHER CONDITIONS
 THE FOLLOWING WEATHER WAS RECORDED YESTERDAY.
  NO SIGNIFICANT WEATHER WAS OBSERVED.


RELATIVE HUMIDITY (PERCENT)
 HIGHEST    MM
 LOWEST     MM
 AVERAGE    MM

..........................................................


THE MARQUETTE MI CLIMATE NORMALS FOR TODAY
                         NORMAL    RECORD    YEAR
 MAXIMUM TEMPERATURE (F)   64        90      1994
 MINIMUM TEMPERATURE (F)   42        25      2002


SUNRISE AND SUNSET
MAY 21 2015...........SUNRISE   610 AM EDT   SUNSET   924 PM EDT
MAY 22 2015...........SUNRISE   609 AM EDT   SUNSET   925 PM EDT


-  INDICATES NEGATIVE NUMBERS.
R  INDICATES RECORD WAS SET OR TIED.
MM INDICATES DATA IS MISSING.
T  INDICATES TRACE AMOUNT.




$$
