000
CDUS43 KMQT 130511
CLIMQT


CLIMATE REPORT
NATIONAL WEATHER SERVICE MARQUETTE MI
107 AM EDT WED JUL 13 2016


...................................

...THE MARQUETTE MI CLIMATE SUMMARY FOR JULY 12 2016...

CLIMATE NORMAL PERIOD 1981 TO 2010
CLIMATE RECORD PERIOD 1961 TO 2016


WEATHER ITEM   OBSERVED RECORD YEAR NORMAL DEPARTURE LAST
                VALUE   VALUE       VALUE  FROM      YEAR
                                           NORMAL
...........................................................
TEMPERATURE (F)
 YESTERDAY
  MAXIMUM         84     91    1966  77      7       84
  MINIMUM         65     43    1988  55     10       62
  AVERAGE         75                 66      9       73

PRECIPITATION (IN)
  YESTERDAY        0.08   1.52 1971   0.09  -0.01     0.00
  MONTH TO DATE    1.04               1.07  -0.03     1.25
  SINCE JUN 1      4.58               3.91   0.67     3.74
  SINCE JAN 1     20.79              17.55   3.24    15.06

SNOWFALL (IN)
  YESTERDAY        0.0   MM      MM   0.0    0.0      0.0
  MONTH TO DATE    0.0                0.0    0.0      0.0
  SINCE JUN 1      T                  0.0    0.0      0.0
  SINCE JUL 1      0.0                0.0    0.0      0.0
  SNOW DEPTH       0

DEGREE DAYS
 HEATING
  YESTERDAY        0                  3     -3        0
  MONTH TO DATE   18                 36    -18       45
  SINCE JUN 1    200                218    -18      247
  SINCE JUL 1     18                 36    -18       45

 COOLING
  YESTERDAY       10                  3      7        8
  MONTH TO DATE   22                 36    -14       23
  SINCE JUN 1     63                 84    -21       23
  SINCE JAN 1     74                 96    -22       25
...........................................................


WIND (MPH)
  RESULTANT WIND SPEED  MM   RESULTANT WIND DIRECTION  MM
  HIGHEST WIND SPEED    MM   HIGHEST WIND DIRECTION    MM
  HIGHEST GUST SPEED    32   HIGHEST GUST DIRECTION     W (270)
  AVERAGE WIND SPEED    MM


SKY COVER
  POSSIBLE SUNSHINE  MM
  AVERAGE SKY COVER  MM


WEATHER CONDITIONS
 THE FOLLOWING WEATHER WAS RECORDED YESTERDAY.
  LIGHT RAIN


RELATIVE HUMIDITY (PERCENT)
 HIGHEST    MM
 LOWEST     MM
 AVERAGE    MM

..........................................................


THE MARQUETTE MI CLIMATE NORMALS FOR TODAY
                         NORMAL    RECORD    YEAR
 MAXIMUM TEMPERATURE (F)   77        93      1974
 MINIMUM TEMPERATURE (F)   55        42      1975


SUNRISE AND SUNSET
JULY 13 2016..........SUNRISE   611 AM EDT   SUNSET   941 PM EDT
JULY 14 2016..........SUNRISE   612 AM EDT   SUNSET   940 PM EDT


-  INDICATES NEGATIVE NUMBERS.
R  INDICATES RECORD WAS SET OR TIED.
MM INDICATES DATA IS MISSING.
T  INDICATES TRACE AMOUNT.




$$
