000
CDUS43 KMQT 160522
CLIMQT


CLIMATE REPORT
NATIONAL WEATHER SERVICE MARQUETTE MI
115 AM EDT TUE SEP 16 2014


...................................

...THE MARQUETTE MI CLIMATE SUMMARY FOR SEPTEMBER 15 2014...

CLIMATE NORMAL PERIOD 1981 TO 2010
CLIMATE RECORD PERIOD 1961 TO 2014


WEATHER ITEM   OBSERVED RECORD YEAR NORMAL DEPARTURE LAST
                VALUE   VALUE       VALUE  FROM      YEAR
                                           NORMAL
...........................................................
TEMPERATURE (F)
 YESTERDAY
  MAXIMUM         57     82    1991  66     -9       57
  MINIMUM         39     31    2011  46     -7       42
                               2007
  AVERAGE         48                 56     -8       50

PRECIPITATION (IN)
  YESTERDAY        T      0.80 2010   0.13  -0.13     0.22
  MONTH TO DATE    3.15               1.73   1.42     0.93
  SINCE SEP 1      3.15               1.73   1.42     0.93
  SINCE JAN 1     29.89              24.10   5.79    28.68

SNOWFALL (IN)
  YESTERDAY        0.0   MM      MM   0.0    0.0      0.0
  MONTH TO DATE    0.0                0.0    0.0      0.0
  SINCE SEP 1      0.0                0.0    0.0      0.0
  SINCE JUL 1      T                  0.0    0.0      0.0
  SNOW DEPTH       0

DEGREE DAYS
 HEATING
  YESTERDAY       17                  9      8       15
  MONTH TO DATE  135                111     24      108
  SINCE SEP 1    135                111     24      108
  SINCE JUL 1    382                296     86      322

 COOLING
  YESTERDAY        0                  1     -1        0
  MONTH TO DATE    2                 18    -16        7
  SINCE SEP 1      2                 18    -16        7
  SINCE JAN 1    149                238    -89      277
...........................................................


WIND (MPH)
  RESULTANT WIND SPEED  MM   RESULTANT WIND DIRECTION  MM
  HIGHEST WIND SPEED    MM   HIGHEST WIND DIRECTION    MM
  HIGHEST GUST SPEED    17   HIGHEST GUST DIRECTION     W (270)
  AVERAGE WIND SPEED    MM


SKY COVER
  POSSIBLE SUNSHINE  MM
  AVERAGE SKY COVER  MM


WEATHER CONDITIONS
 THE FOLLOWING WEATHER WAS RECORDED YESTERDAY.
  LIGHT RAIN


RELATIVE HUMIDITY (PERCENT)
 HIGHEST    MM
 LOWEST     MM
 AVERAGE    MM

..........................................................


THE MARQUETTE MI CLIMATE NORMALS FOR TODAY
                         NORMAL    RECORD    YEAR
 MAXIMUM TEMPERATURE (F)   66        79      2012
 MINIMUM TEMPERATURE (F)   46        29      2011


SUNRISE AND SUNSET
SEPTEMBER 16 2014.....SUNRISE   729 AM EDT   SUNSET   800 PM EDT
SEPTEMBER 17 2014.....SUNRISE   731 AM EDT   SUNSET   758 PM EDT


-  INDICATES NEGATIVE NUMBERS.
R  INDICATES RECORD WAS SET OR TIED.
MM INDICATES DATA IS MISSING.
T  INDICATES TRACE AMOUNT.




$$
