000
CDUS43 KMQT 132102
CLIMQT


CLIMATE REPORT
NATIONAL WEATHER SERVICE MARQUETTE MI
501 PM EDT FRI MAY 13 2016


...................................

...THE MARQUETTE MI CLIMATE SUMMARY FOR MAY 13 2016...
VALID TODAY AS OF 0500 PM LOCAL TIME.

CLIMATE NORMAL PERIOD 1981 TO 2010
CLIMATE RECORD PERIOD 1961 TO 2016


WEATHER ITEM   OBSERVED RECORD YEAR NORMAL DEPARTURE LAST
                VALUE   VALUE       VALUE  FROM      YEAR
                                           NORMAL
...........................................................
TEMPERATURE (F)
 TODAY
  MAXIMUM         51     86    1991  61    -10       53
  MINIMUM         44     25    2013  39      5       32
                               1966
  AVERAGE         48                 50     -2       43

PRECIPITATION (IN)
  TODAY            T      2.27 1978   0.09  -0.09     0.00
  MONTH TO DATE    0.37               1.15  -0.78     1.20
  SINCE MAR 1      7.54               7.19   0.35     4.96
  SINCE JAN 1     12.16              11.74   0.42     7.88

SNOWFALL (IN)
  TODAY            0.0    0.3  1997   0.1   -0.1      0.0
  MONTH TO DATE    T                  1.3   -1.3       T
  SINCE MAR 1     59.7               50.7    9.0     24.4
  SINCE JUL 1    159.8              203.1  -43.3    178.4
  SNOW DEPTH       0

DEGREE DAYS
 HEATING
  TODAY           17                 15      2       22
  MONTH TO DATE  219                228     -9      192
  SINCE MAR 1   2242               2306    -64     2254
  SINCE JUL 1   8009               8930   -921     9565

 COOLING
  TODAY            0                  0      0        0
  MONTH TO DATE    0                  0      0        2
  SINCE MAR 1      0                  1     -1        2
  SINCE JAN 1      0                  1     -1        2
...........................................................


WIND (MPH)
  HIGHEST WIND SPEED    MM   HIGHEST WIND DIRECTION    MM
  HIGHEST GUST SPEED    26   HIGHEST GUST DIRECTION    NW (315)
  AVERAGE WIND SPEED    MM


SKY COVER
  POSSIBLE SUNSHINE  MM
  AVERAGE SKY COVER  MM


WEATHER CONDITIONS
 THE FOLLOWING WEATHER WAS RECORDED TODAY.
  LIGHT RAIN


RELATIVE HUMIDITY (PERCENT)
 HIGHEST    MM
 LOWEST     MM
 AVERAGE    MM

..........................................................


THE MARQUETTE MI CLIMATE NORMALS FOR TOMORROW
                         NORMAL    RECORD    YEAR
 MAXIMUM TEMPERATURE (F)   61        81      1982
 MINIMUM TEMPERATURE (F)   39        27      1971
                                             1964


SUNRISE AND SUNSET
MAY 13 2016...........SUNRISE   618 AM EDT   SUNSET   916 PM EDT
MAY 14 2016...........SUNRISE   617 AM EDT   SUNSET   917 PM EDT


-  INDICATES NEGATIVE NUMBERS.
R  INDICATES RECORD WAS SET OR TIED.
MM INDICATES DATA IS MISSING.
T  INDICATES TRACE AMOUNT.




$$
