474
CDUS43 KMQT 100517
CLIMQT


CLIMATE REPORT
NATIONAL WEATHER SERVICE MARQUETTE MI
1217 AM EST SUN DEC 10 2017


...................................

...THE MARQUETTE MI CLIMATE SUMMARY FOR DECEMBER 9 2017...

CLIMATE NORMAL PERIOD 1981 TO 2010
CLIMATE RECORD PERIOD 1961 TO 2017


WEATHER ITEM   OBSERVED RECORD YEAR NORMAL DEPARTURE LAST
                VALUE   VALUE       VALUE  FROM      YEAR
                                           NORMAL
...........................................................
TEMPERATURE (F)
 YESTERDAY
  MAXIMUM         18     50    1990  28    -10       18
  MINIMUM          9     -9    1976  13     -4        7
  AVERAGE         14                 20     -6       13

PRECIPITATION (IN)
  YESTERDAY        0.10   1.83 2009   0.09   0.01     0.01
  MONTH TO DATE    1.13               0.84   0.29     0.62
  SINCE DEC 1      1.13               0.84   0.29     0.62
  SINCE JAN 1     41.70              33.95   7.75    38.70

SNOWFALL (IN)
  YESTERDAY        3.8   22.8  1977   1.4    2.4      1.0
  MONTH TO DATE    7.5               12.0   -4.5     12.7
  SINCE DEC 1      7.5               12.0   -4.5     12.7
  SINCE JUL 1     32.5               42.5  -10.0     26.9
  SNOW DEPTH       2

DEGREE DAYS
 HEATING
  YESTERDAY       51                 45      6       52
  MONTH TO DATE  351                389    -38      349
  SINCE DEC 1    351                389    -38      349
  SINCE JUL 1   2478               2591   -113     1974

 COOLING
  YESTERDAY        0                  0      0        0
  MONTH TO DATE    0                  0      0        0
  SINCE DEC 1      0                  0      0        0
  SINCE JAN 1    145                242    -97      246
...........................................................


WIND (MPH)
  RESULTANT WIND SPEED  MM   RESULTANT WIND DIRECTION  MM
  HIGHEST WIND SPEED    MM   HIGHEST WIND DIRECTION    MM
  HIGHEST GUST SPEED    22   HIGHEST GUST DIRECTION     N (360)
  AVERAGE WIND SPEED    MM


SKY COVER
  POSSIBLE SUNSHINE  MM
  AVERAGE SKY COVER  MM


WEATHER CONDITIONS
 THE FOLLOWING WEATHER WAS RECORDED YESTERDAY.
  HEAVY SNOW
  SNOW
  LIGHT SNOW


RELATIVE HUMIDITY (PERCENT)
 HIGHEST    MM
 LOWEST     MM
 AVERAGE    MM

..........................................................


THE MARQUETTE MI CLIMATE NORMALS FOR TODAY
                         NORMAL    RECORD    YEAR
 MAXIMUM TEMPERATURE (F)   27        44      2006
 MINIMUM TEMPERATURE (F)   13       -14      2000


SUNRISE AND SUNSET
DECEMBER 10 2017......SUNRISE   823 AM EST   SUNSET   503 PM EST
DECEMBER 11 2017......SUNRISE   824 AM EST   SUNSET   503 PM EST


-  INDICATES NEGATIVE NUMBERS.
R  INDICATES RECORD WAS SET OR TIED.
MM INDICATES DATA IS MISSING.
T  INDICATES TRACE AMOUNT.




$$
