000
CDUS43 KMQT 190516
CLIMQT


CLIMATE REPORT
NATIONAL WEATHER SERVICE MARQUETTE MI
1215 AM EST MON JAN 19 2015


...................................

...THE MARQUETTE MI CLIMATE SUMMARY FOR JANUARY 18 2015...

CLIMATE NORMAL PERIOD 1981 TO 2010
CLIMATE RECORD PERIOD 1961 TO 2015


WEATHER ITEM   OBSERVED RECORD YEAR NORMAL DEPARTURE LAST
                VALUE   VALUE       VALUE  FROM      YEAR
                                           NORMAL
...........................................................
TEMPERATURE (F)
 YESTERDAY
  MAXIMUM         29     44    1996  22      7       18
                               1981
                               1973
  MINIMUM         17    -25    1994   5     12        3
  AVERAGE         23                 13     10       11

PRECIPITATION (IN)
  YESTERDAY        0.04   1.33 1996   0.08  -0.04      T
  MONTH TO DATE    0.83               1.41  -0.58     1.09
  SINCE DEC 1      3.11               3.98  -0.87     3.67
  SINCE JAN 1      0.83               1.41  -0.58     1.09

SNOWFALL (IN)
  YESTERDAY        1.1    7.8  1985   1.4   -0.3      0.3
  MONTH TO DATE   16.9               25.2   -8.3     22.1
  SINCE DEC 1     43.9               68.0  -24.1     69.0
  SINCE JUL 1    100.1               98.5    1.6     91.5
  SNOW DEPTH      23

DEGREE DAYS
 HEATING
  YESTERDAY       42                 52    -10       54
  MONTH TO DATE 1026                919    107     1010
  SINCE DEC 1   2391               2359     32     2681
  SINCE JUL 1   4921               4561    360     4850

 COOLING
  YESTERDAY        0                  0      0        0
  MONTH TO DATE    0                  0      0        0
  SINCE DEC 1      0                  0      0        0
  SINCE JAN 1      0                  0      0        0
...........................................................


WIND (MPH)
  RESULTANT WIND SPEED  MM   RESULTANT WIND DIRECTION  MM
  HIGHEST WIND SPEED    MM   HIGHEST WIND DIRECTION    MM
  HIGHEST GUST SPEED    25   HIGHEST GUST DIRECTION    NW (315)
  AVERAGE WIND SPEED    MM


SKY COVER
  POSSIBLE SUNSHINE  MM
  AVERAGE SKY COVER  MM


WEATHER CONDITIONS
 THE FOLLOWING WEATHER WAS RECORDED YESTERDAY.
  LT FREEZING RAIN
  LIGHT SNOW


RELATIVE HUMIDITY (PERCENT)
 HIGHEST    MM
 LOWEST     MM
 AVERAGE    MM

..........................................................


THE MARQUETTE MI CLIMATE NORMALS FOR TODAY
                         NORMAL    RECORD    YEAR
 MAXIMUM TEMPERATURE (F)   22        46      1981
 MINIMUM TEMPERATURE (F)    5       -27      1994


SUNRISE AND SUNSET
JANUARY 19 2015.......SUNRISE   827 AM EST   SUNSET   535 PM EST
JANUARY 20 2015.......SUNRISE   826 AM EST   SUNSET   536 PM EST


-  INDICATES NEGATIVE NUMBERS.
R  INDICATES RECORD WAS SET OR TIED.
MM INDICATES DATA IS MISSING.
T  INDICATES TRACE AMOUNT.




$$
