000
CDUS43 KMQT 220505
CLIMQT

CLIMATE REPORT
NATIONAL WEATHER SERVICE MARQUETTE MI
104 AM EDT FRI MAY 22 2015


...................................

...THE MARQUETTE MI CLIMATE SUMMARY FOR MAY 21 2015...

CLIMATE NORMAL PERIOD 1981 TO 2010
CLIMATE RECORD PERIOD 1961 TO 2015


WEATHER ITEM   OBSERVED RECORD YEAR NORMAL DEPARTURE LAST
                VALUE   VALUE       VALUE  FROM      YEAR
                                           NORMAL
...........................................................
TEMPERATURE (F)
 YESTERDAY
  MAXIMUM         57     90    1994  64     -7       67
  MINIMUM         40     25    2002  42     -2       48
  AVERAGE         49                 53     -4       58

PRECIPITATION (IN)
  YESTERDAY        0.00   0.49 1974   0.11  -0.11      T
  MONTH TO DATE    1.56               1.97  -0.41     2.48
  SINCE MAR 1      5.32               8.01  -2.69     8.89
  SINCE JAN 1      8.24              12.56  -4.32    12.41

SNOWFALL (IN)
  YESTERDAY        0.0    T    2008   0.0    0.0      0.0
                               1963
  MONTH TO DATE    0.3                1.5   -1.2      3.6
  SINCE MAR 1     24.7               50.9  -26.2     69.4
  SINCE JUL 1    178.7              203.3  -24.6    198.9
  SNOW DEPTH       0

DEGREE DAYS
 HEATING
  YESTERDAY       16                 13      3        7
  MONTH TO DATE  317                339    -22      389
  SINCE MAR 1   2379               2417    -38     2863
  SINCE JUL 1   9690               9041    649    10185

 COOLING
  YESTERDAY        0                  1     -1        0
  MONTH TO DATE    2                  1      1        0
  SINCE MAR 1      2                  2      0        0
  SINCE JAN 1      2                  2      0        0
...........................................................


WIND (MPH)
  RESULTANT WIND SPEED  MM   RESULTANT WIND DIRECTION  MM
  HIGHEST WIND SPEED    MM   HIGHEST WIND DIRECTION    MM
  HIGHEST GUST SPEED    23   HIGHEST GUST DIRECTION     N (360)
  AVERAGE WIND SPEED    MM


SKY COVER
  POSSIBLE SUNSHINE  MM
  AVERAGE SKY COVER  MM


WEATHER CONDITIONS
 THE FOLLOWING WEATHER WAS RECORDED YESTERDAY.
  NO SIGNIFICANT WEATHER WAS OBSERVED.


RELATIVE HUMIDITY (PERCENT)
 HIGHEST    MM
 LOWEST     MM
 AVERAGE    MM

..........................................................


THE MARQUETTE MI CLIMATE NORMALS FOR TODAY
                         NORMAL    RECORD    YEAR
 MAXIMUM TEMPERATURE (F)   64        93      1964
 MINIMUM TEMPERATURE (F)   42        21      1967


SUNRISE AND SUNSET
MAY 22 2015...........SUNRISE   609 AM EDT   SUNSET   925 PM EDT
MAY 23 2015...........SUNRISE   608 AM EDT   SUNSET   926 PM EDT


-  INDICATES NEGATIVE NUMBERS.
R  INDICATES RECORD WAS SET OR TIED.
MM INDICATES DATA IS MISSING.
T  INDICATES TRACE AMOUNT.




$$
