000
CDUS43 KMQT 280506
CLIMQT


CLIMATE REPORT
NATIONAL WEATHER SERVICE MARQUETTE MI
105 AM EDT FRI AUG 28 2015


...................................

...THE MARQUETTE MI CLIMATE SUMMARY FOR AUGUST 27 2015...

CLIMATE NORMAL PERIOD 1981 TO 2010
CLIMATE RECORD PERIOD 1961 TO 2015


WEATHER ITEM   OBSERVED RECORD YEAR NORMAL DEPARTURE LAST
                VALUE   VALUE       VALUE  FROM      YEAR
                                           NORMAL
...........................................................
TEMPERATURE (F)
 YESTERDAY
  MAXIMUM         73     95    1973  73      0       65
  MINIMUM         39     35    1968  52    -13       45
  AVERAGE         56                 62     -6       55

PRECIPITATION (IN)
  YESTERDAY        0.00   1.82 1994   0.09  -0.09      T
  MONTH TO DATE    2.70               2.64   0.06     4.03
  SINCE JUN 1      6.89               8.32  -1.43    13.84
  SINCE JAN 1     18.21              21.96  -3.75    26.30

SNOWFALL (IN)
  YESTERDAY        0.0   MM      MM   0.0    0.0      0.0
  MONTH TO DATE    0.0                0.0    0.0      0.0
  SINCE JUN 1      0.0                0.0    0.0       T
  SINCE JUL 1      0.0                0.0    0.0       T
  SNOW DEPTH       0

DEGREE DAYS
 HEATING
  YESTERDAY        9                  4      5       10
  MONTH TO DATE  100                 87     13      107
  SINCE JUN 1    370                348     22      391
  SINCE JUL 1    168                166      2      228

 COOLING
  YESTERDAY        0                  2     -2        0
  MONTH TO DATE   61                 58      3       31
  SINCE JUN 1    167                200    -33      127
  SINCE JAN 1    169                212    -43      147
...........................................................


WIND (MPH)
  RESULTANT WIND SPEED  MM   RESULTANT WIND DIRECTION  MM
  HIGHEST WIND SPEED    MM   HIGHEST WIND DIRECTION    MM
  HIGHEST GUST SPEED    17   HIGHEST GUST DIRECTION    SW (225)
  AVERAGE WIND SPEED    MM


SKY COVER
  POSSIBLE SUNSHINE  MM
  AVERAGE SKY COVER  MM


WEATHER CONDITIONS
 THE FOLLOWING WEATHER WAS RECORDED YESTERDAY.
  FOG


RELATIVE HUMIDITY (PERCENT)
 HIGHEST    MM
 LOWEST     MM
 AVERAGE    MM

..........................................................


THE MARQUETTE MI CLIMATE NORMALS FOR TODAY
                         NORMAL    RECORD    YEAR
 MAXIMUM TEMPERATURE (F)   72        91      1991
                                             1973
 MINIMUM TEMPERATURE (F)   52        36      1982
                                             1968


SUNRISE AND SUNSET
AUGUST 28 2015........SUNRISE   705 AM EDT   SUNSET   837 PM EDT
AUGUST 29 2015........SUNRISE   706 AM EDT   SUNSET   835 PM EDT


-  INDICATES NEGATIVE NUMBERS.
R  INDICATES RECORD WAS SET OR TIED.
MM INDICATES DATA IS MISSING.
T  INDICATES TRACE AMOUNT.




$$
