000
CDUS43 KMQT 060523
CLIMQT


CLIMATE REPORT
NATIONAL WEATHER SERVICE MARQUETTE MI
1220 AM EST MON NOV 6 2017


...................................

...THE MARQUETTE MI CLIMATE SUMMARY FOR NOVEMBER 5 2017...

CLIMATE NORMAL PERIOD 1981 TO 2010
CLIMATE RECORD PERIOD 1961 TO 2017


WEATHER ITEM   OBSERVED RECORD YEAR NORMAL DEPARTURE LAST
                VALUE   VALUE       VALUE  FROM      YEAR
                                           NORMAL
...........................................................
TEMPERATURE (F)
 YESTERDAY
  MAXIMUM         39     68    1975  43     -4       66
  MINIMUM         28      5    1991  27      1       35
  AVERAGE         34                 35     -1       51

PRECIPITATION (IN)
  YESTERDAY        0.06   1.52 1988   0.10  -0.04     0.00
  MONTH TO DATE    0.32               0.52  -0.20     0.14
  SINCE SEP 1     11.76               8.08   3.68     8.67
  SINCE JAN 1     39.09              30.45   8.64    36.44

SNOWFALL (IN)
  YESTERDAY        T     10.1  1993   0.5   -0.5      0.0
  MONTH TO DATE    1.4                2.4   -1.0      0.0
  SINCE SEP 1     10.2                8.5    1.7       T
  SINCE JUL 1     10.2                8.5    1.7       T
  SNOW DEPTH       0

DEGREE DAYS
 HEATING
  YESTERDAY       31                 30      1       14
  MONTH TO DATE  162                146     16       93
  SINCE SEP 1    922               1122   -200      847
  SINCE JUL 1   1187               1307   -120      947

 COOLING
  YESTERDAY        0                  0      0        0
  MONTH TO DATE    0                  0      0        0
  SINCE SEP 1     52                 22     30       10
  SINCE JAN 1    145                242    -97      246
...........................................................


WIND (MPH)
  HIGHEST WIND SPEED    MM   HIGHEST WIND DIRECTION    MM
  HIGHEST GUST SPEED    28   HIGHEST GUST DIRECTION    NW (315)
  AVERAGE WIND SPEED    MM


SKY COVER
  POSSIBLE SUNSHINE  MM
  AVERAGE SKY COVER  MM


WEATHER CONDITIONS
 THE FOLLOWING WEATHER WAS RECORDED YESTERDAY.
  LIGHT RAIN
  LIGHT SNOW
  FOG


RELATIVE HUMIDITY (PERCENT)
 HIGHEST    MM
 LOWEST     MM
 AVERAGE    MM

..........................................................


THE MARQUETTE MI CLIMATE NORMALS FOR TODAY
                         NORMAL    RECORD    YEAR
 MAXIMUM TEMPERATURE (F)   42        71      2016
 MINIMUM TEMPERATURE (F)   27         6      1991


SUNRISE AND SUNSET
NOVEMBER  6 2017......SUNRISE   740 AM EST   SUNSET   528 PM EST
NOVEMBER  7 2017......SUNRISE   741 AM EST   SUNSET   526 PM EST


-  INDICATES NEGATIVE NUMBERS.
R  INDICATES RECORD WAS SET OR TIED.
MM INDICATES DATA IS MISSING.
T  INDICATES TRACE AMOUNT.




$$
JLA
