000
CDUS43 KMQT 242106
CLIMQT


CLIMATE REPORT
NATIONAL WEATHER SERVICE MARQUETTE MI
504 PM EDT SUN JUL 24 2016


...................................

...THE MARQUETTE MI CLIMATE SUMMARY FOR JULY 24 2016...
VALID TODAY AS OF 0500 PM LOCAL TIME.

CLIMATE NORMAL PERIOD 1981 TO 2010
CLIMATE RECORD PERIOD 1961 TO 2016


WEATHER ITEM   OBSERVED RECORD YEAR NORMAL DEPARTURE LAST
                VALUE   VALUE       VALUE  FROM      YEAR
                                           NORMAL
...........................................................
TEMPERATURE (F)
 TODAY
  MAXIMUM         85     90    1989  77      8       83
  MINIMUM         65     40    2004  55     10       61
  AVERAGE         75                 66      9       72

PRECIPITATION (IN)
  TODAY            0.46   2.43 1964   0.09   0.37     0.01
  MONTH TO DATE    3.47               2.17   1.30     1.70
  SINCE JUN 1      7.01               5.01   2.00     4.19
  SINCE JAN 1     23.22              18.65   4.57    15.51

SNOWFALL (IN)
  TODAY            0.0   MM      MM   0.0    0.0      0.0
  MONTH TO DATE    T                  0.0    0.0      0.0
  SINCE JUN 1      T                  0.0    0.0      0.0
  SINCE JUL 1      T                  0.0    0.0      0.0
  SNOW DEPTH       0

DEGREE DAYS
 HEATING
  TODAY            0                  2     -2        0
  MONTH TO DATE   50                 60    -10       68
  SINCE JUN 1    232                242    -10      270
  SINCE JUL 1     50                 60    -10       68

 COOLING
  TODAY           10                  3      7        7
  MONTH TO DATE   86                 72     14       53
  SINCE JUN 1    127                120      7       53
  SINCE JAN 1    138                132      6       55
...........................................................


WIND (MPH)
  HIGHEST WIND SPEED    MM   HIGHEST WIND DIRECTION    MM
  HIGHEST GUST SPEED    22   HIGHEST GUST DIRECTION     W (270)
  AVERAGE WIND SPEED    MM


SKY COVER
  POSSIBLE SUNSHINE  MM
  AVERAGE SKY COVER  MM


WEATHER CONDITIONS
 THE FOLLOWING WEATHER WAS RECORDED TODAY.
  LIGHT RAIN SHOWERS


RELATIVE HUMIDITY (PERCENT)
 HIGHEST    MM
 LOWEST     MM
 AVERAGE    MM

..........................................................


THE MARQUETTE MI CLIMATE NORMALS FOR TOMORROW
                         NORMAL    RECORD    YEAR
 MAXIMUM TEMPERATURE (F)   77        91      2007
                                             1989
 MINIMUM TEMPERATURE (F)   55        42      1976


SUNRISE AND SUNSET
JULY 24 2016..........SUNRISE   622 AM EDT   SUNSET   931 PM EDT
JULY 25 2016..........SUNRISE   623 AM EDT   SUNSET   929 PM EDT


-  INDICATES NEGATIVE NUMBERS.
R  INDICATES RECORD WAS SET OR TIED.
MM INDICATES DATA IS MISSING.
T  INDICATES TRACE AMOUNT.




$$
