000
CDUS43 KMQT 150510
CLIMQT

CLIMATE REPORT
NATIONAL WEATHER SERVICE MARQUETTE MI
110 AM EDT TUE JUL 15 2014


...................................

...THE MARQUETTE MI CLIMATE SUMMARY FOR JULY 14 2014...

CLIMATE NORMAL PERIOD 1981 TO 2010
CLIMATE RECORD PERIOD 1961 TO 2014


WEATHER ITEM   OBSERVED RECORD YEAR NORMAL DEPARTURE LAST
                VALUE   VALUE       VALUE  FROM      YEAR
                                           NORMAL
...........................................................
TEMPERATURE (F)
 YESTERDAY
  MAXIMUM         63     95    1983  77    -14       88
  MINIMUM         51     43    1990  55     -4       65
                               1989
                               1987
  AVERAGE         57                 66     -9       77

PRECIPITATION (IN)
  YESTERDAY        0.14   2.47 1977   0.09   0.05     0.00
  MONTH TO DATE    3.07               1.25   1.82     0.76
  SINCE JUN 1      8.70               4.09   4.61     4.07
  SINCE JAN 1     21.16              17.73   3.43    21.41

SNOWFALL (IN)
  YESTERDAY        0.0   MM      MM   0.0    0.0      0.0
  MONTH TO DATE    T                  0.0    0.0      0.0
  SINCE JUN 1      T                  0.0    0.0      0.0
  SINCE JUL 1      T                  0.0    0.0      0.0
  SNOW DEPTH       0

DEGREE DAYS
 HEATING
  YESTERDAY        8                  2      6        0
  MONTH TO DATE   52                 40     12       30
  SINCE JUN 1    215                222     -7      228
  SINCE JUL 1     52                 40     12       30

 COOLING
  YESTERDAY        0                  3     -3       12
  MONTH TO DATE   14                 42    -28       65
  SINCE JUN 1     68                 90    -22      104
  SINCE JAN 1     88                102    -14      117
...........................................................


WIND (MPH)
  RESULTANT WIND SPEED  MM   RESULTANT WIND DIRECTION  MM
  HIGHEST WIND SPEED    MM   HIGHEST WIND DIRECTION    MM
  HIGHEST GUST SPEED    17   HIGHEST GUST DIRECTION    NE (45)
  AVERAGE WIND SPEED    MM


SKY COVER
  POSSIBLE SUNSHINE  MM
  AVERAGE SKY COVER  MM


WEATHER CONDITIONS
 THE FOLLOWING WEATHER WAS RECORDED YESTERDAY.
  LIGHT RAIN


RELATIVE HUMIDITY (PERCENT)
 HIGHEST    MM
 LOWEST     MM
 AVERAGE    MM

..........................................................


THE MARQUETTE MI CLIMATE NORMALS FOR TODAY
                         NORMAL    RECORD    YEAR
 MAXIMUM TEMPERATURE (F)   77        96      2006
 MINIMUM TEMPERATURE (F)   55        36      1989


SUNRISE AND SUNSET
JULY 15 2014..........SUNRISE   612 AM EDT   SUNSET   940 PM EDT
JULY 16 2014..........SUNRISE   613 AM EDT   SUNSET   939 PM EDT


-  INDICATES NEGATIVE NUMBERS.
R  INDICATES RECORD WAS SET OR TIED.
MM INDICATES DATA IS MISSING.
T  INDICATES TRACE AMOUNT.




$$
