000
CDUS43 KMQT 120517
CLIMQT


CLIMATE REPORT
NATIONAL WEATHER SERVICE MARQUETTE MI
116 AM EDT TUE AUG 12 2014


...................................

...THE MARQUETTE MI CLIMATE SUMMARY FOR AUGUST 11 2014...

CLIMATE NORMAL PERIOD 1981 TO 2010
CLIMATE RECORD PERIOD 1961 TO 2014


WEATHER ITEM   OBSERVED RECORD YEAR NORMAL DEPARTURE LAST
                VALUE   VALUE       VALUE  FROM      YEAR
                                           NORMAL
...........................................................
TEMPERATURE (F)
 YESTERDAY
  MAXIMUM         68     87    1965  75     -7       75
  MINIMUM         51     38    1967  54     -3       48
  AVERAGE         60                 65     -5       62

PRECIPITATION (IN)
  YESTERDAY        0.32   0.52 2004   0.11   0.21     0.06
  MONTH TO DATE    0.32               1.09  -0.77     0.41
  SINCE JUN 1     10.13               6.77   3.36     8.50
  SINCE JAN 1     22.59              20.41   2.18    25.84

SNOWFALL (IN)
  YESTERDAY        0.0   MM      MM   0.0    0.0      0.0
  MONTH TO DATE    0.0                0.0    0.0      0.0
  SINCE JUN 1      T                  0.0    0.0      0.0
  SINCE JUL 1      T                  0.0    0.0      0.0
  SNOW DEPTH       0

DEGREE DAYS
 HEATING
  YESTERDAY        5                  3      2        3
  MONTH TO DATE   25                 33     -8       61
  SINCE JUN 1    309                294     15      371
  SINCE JUL 1    146                112     34      173

 COOLING
  YESTERDAY        0                  2     -2        0
  MONTH TO DATE    9                 26    -17        2
  SINCE JUN 1    105                168    -63      169
  SINCE JAN 1    125                180    -55      182
...........................................................


WIND (MPH)
  RESULTANT WIND SPEED  MM   RESULTANT WIND DIRECTION  MM
  HIGHEST WIND SPEED    MM   HIGHEST WIND DIRECTION    MM
  HIGHEST GUST SPEED    26   HIGHEST GUST DIRECTION     N (360)
  AVERAGE WIND SPEED    MM


SKY COVER
  POSSIBLE SUNSHINE  MM
  AVERAGE SKY COVER  MM


WEATHER CONDITIONS
 THE FOLLOWING WEATHER WAS RECORDED YESTERDAY.
  LIGHT RAIN
  FOG


RELATIVE HUMIDITY (PERCENT)
 HIGHEST    MM
 LOWEST     MM
 AVERAGE    MM

..........................................................


THE MARQUETTE MI CLIMATE NORMALS FOR TODAY
                         NORMAL    RECORD    YEAR
 MAXIMUM TEMPERATURE (F)   75        86      1975
 MINIMUM TEMPERATURE (F)   54        38      1992


SUNRISE AND SUNSET
AUGUST 12 2014........SUNRISE   645 AM EDT   SUNSET   905 PM EDT
AUGUST 13 2014........SUNRISE   646 AM EDT   SUNSET   903 PM EDT


-  INDICATES NEGATIVE NUMBERS.
R  INDICATES RECORD WAS SET OR TIED.
MM INDICATES DATA IS MISSING.
T  INDICATES TRACE AMOUNT.




$$
