000
CDUS43 KMQT 020203
CLIMQT


CLIMATE REPORT
NATIONAL WEATHER SERVICE MARQUETTE MI
852 PM EST MON JAN 1 2018


...................................

...THE MARQUETTE MI CLIMATE SUMMARY FOR JANUARY 1 2018...
VALID TODAY AS OF 0500 PM LOCAL TIME.

CLIMATE NORMAL PERIOD 1981 TO 2010
CLIMATE RECORD PERIOD 1961 TO 2017


WEATHER ITEM   OBSERVED RECORD YEAR NORMAL DEPARTURE LAST
                VALUE   VALUE       VALUE  FROM      YEAR
                                           NORMAL
...........................................................
TEMPERATURE (F)
 TODAY
  MAXIMUM         MM     36    1992  23     MM       25
  MINIMUM         MM    -19    1974   7     MM       17
  AVERAGE         MM                 15     MM       21

PRECIPITATION (IN)
  TODAY           MM      0.56 2007   0.08  MM         T
  MONTH TO DATE   MM                  0.08  MM         T
  SINCE DEC 1      2.14               2.65  -0.51     2.19
  SINCE JAN 1     MM                  0.08  MM         T

SNOWFALL (IN)
  TODAY           MM      7.0  2008   1.4   MM        0.2
  MONTH TO DATE   MM                  1.4   MM        0.2
  SINCE DEC 1     38.0               44.2   -6.2     42.2
  SINCE JUL 1     63.0               74.7  -11.7     56.4
  SNOW DEPTH      MM

DEGREE DAYS
 HEATING
  TODAY           MM                 50     MM       44
  MONTH TO DATE   MM                 50     MM       44
  SINCE DEC 1   1579               1490     89     1477
  SINCE JUL 1   3706               3692     14     3102

 COOLING
  TODAY           MM                  0     MM        0
  MONTH TO DATE   MM                  0     MM        0
  SINCE DEC 1      0                  0      0        0
  SINCE JAN 1     MM                  0     MM        0
...........................................................


WIND (MPH)
  HIGHEST WIND SPEED    MM   HIGHEST WIND DIRECTION    MM
  HIGHEST GUST SPEED    MM   HIGHEST GUST DIRECTION    MM
  AVERAGE WIND SPEED    MM


SKY COVER
  POSSIBLE SUNSHINE  MM
  AVERAGE SKY COVER  MM


WEATHER CONDITIONS
 THE FOLLOWING WEATHER WAS RECORDED TODAY.
  NO SIGNIFICANT WEATHER WAS OBSERVED.


RELATIVE HUMIDITY (PERCENT)
 HIGHEST    MM
 LOWEST     MM
 AVERAGE    MM

..........................................................


THE MARQUETTE MI CLIMATE NORMALS FOR TOMORROW
                         NORMAL    RECORD    YEAR
 MAXIMUM TEMPERATURE (F)   23        37      1998
 MINIMUM TEMPERATURE (F)    7       -22      1974


SUNRISE AND SUNSET
JANUARY  1 2018.......SUNRISE   834 AM EST   SUNSET   514 PM EST
JANUARY  2 2018.......SUNRISE   834 AM EST   SUNSET   515 PM EST


-  INDICATES NEGATIVE NUMBERS.
R  INDICATES RECORD WAS SET OR TIED.
MM INDICATES DATA IS MISSING.
T  INDICATES TRACE AMOUNT.




$$
