000
CDUS43 KMQT 120538
CLIMQT


CLIMATE REPORT
NATIONAL WEATHER SERVICE MARQUETTE MI
136 AM EDT TUE APR 12 2016


...................................

...THE MARQUETTE MI CLIMATE SUMMARY FOR APRIL 11 2016...

CLIMATE NORMAL PERIOD 1981 TO 2010
CLIMATE RECORD PERIOD 1961 TO 2016


WEATHER ITEM   OBSERVED RECORD YEAR NORMAL DEPARTURE LAST
                VALUE   VALUE       VALUE  FROM      YEAR
                                           NORMAL
...........................................................
TEMPERATURE (F)
 YESTERDAY
  MAXIMUM         32     78    1977  45    -13       57
  MINIMUM         25      7    1973  26     -1       25
  AVERAGE         29                 36     -7       41

PRECIPITATION (IN)
  YESTERDAY        0.04   2.22 2008   0.10  -0.06     0.00
  MONTH TO DATE    2.57               1.18   1.39     1.60
  SINCE MAR 1      5.91               4.21   1.70     2.86
  SINCE JAN 1     10.53               8.76   1.77     5.78

SNOWFALL (IN)
  YESTERDAY        1.0   13.6  2008   0.6    0.4      0.0
  MONTH TO DATE   40.2                7.7   32.5      9.7
  SINCE MAR 1     59.0               42.6   16.4     21.0
  SINCE JUL 1    159.1              195.0  -35.9    175.0
  SNOW DEPTH      18

DEGREE DAYS
 HEATING
  YESTERDAY       36                 29      7       24
  MONTH TO DATE  488                349    139      356
  SINCE MAR 1   1584               1612    -28     1605
  SINCE JUL 1   7351               8236   -885     8916

 COOLING
  YESTERDAY        0                  0      0        0
  MONTH TO DATE    0                  0      0        0
  SINCE MAR 1      0                  0      0        0
  SINCE JAN 1      0                  0      0        0
...........................................................


WIND (MPH)
  HIGHEST WIND SPEED    MM   HIGHEST WIND DIRECTION    MM
  HIGHEST GUST SPEED    37   HIGHEST GUST DIRECTION     W (270)
  AVERAGE WIND SPEED    MM


SKY COVER
  POSSIBLE SUNSHINE  MM
  AVERAGE SKY COVER  MM


WEATHER CONDITIONS
 THE FOLLOWING WEATHER WAS RECORDED YESTERDAY.
  LIGHT SNOW


RELATIVE HUMIDITY (PERCENT)
 HIGHEST    MM
 LOWEST     MM
 AVERAGE    MM

..........................................................


THE MARQUETTE MI CLIMATE NORMALS FOR TODAY
                         NORMAL    RECORD    YEAR
 MAXIMUM TEMPERATURE (F)   46        80      1968
 MINIMUM TEMPERATURE (F)   26         9      1992


SUNRISE AND SUNSET
APRIL 12 2016.........SUNRISE   708 AM EDT   SUNSET   835 PM EDT
APRIL 13 2016.........SUNRISE   706 AM EDT   SUNSET   836 PM EDT


-  INDICATES NEGATIVE NUMBERS.
R  INDICATES RECORD WAS SET OR TIED.
MM INDICATES DATA IS MISSING.
T  INDICATES TRACE AMOUNT.




$$
