000
CDUS43 KMQT 030531
CLIMQT

CLIMATE REPORT
NATIONAL WEATHER SERVICE MARQUETTE MI
130 AM EDT THU APR 3 2014


...................................

...THE MARQUETTE MI CLIMATE SUMMARY FOR APRIL 2 2014...

CLIMATE NORMAL PERIOD 1981 TO 2010
CLIMATE RECORD PERIOD 1961 TO 2014


WEATHER ITEM   OBSERVED RECORD YEAR NORMAL DEPARTURE LAST
                VALUE   VALUE       VALUE  FROM      YEAR
                                           NORMAL
...........................................................
TEMPERATURE (F)
 YESTERDAY
  MAXIMUM         40     75    2010  41     -1       28
  MINIMUM         15      2    2013  21     -6        2
  AVERAGE         28                 31     -3       15

PRECIPITATION (IN)
  YESTERDAY        T      0.64 1963   0.11  -0.11     0.00
  MONTH TO DATE    T                  0.22  -0.22     0.04
  SINCE MAR 1      1.96               3.25  -1.29     3.33
  SINCE JAN 1      5.48               7.80  -2.32     8.88

SNOWFALL (IN)
  YESTERDAY        T      6.3  1990   0.8   -0.8      0.0
  MONTH TO DATE    0.1                1.6   -1.5      1.9
  SINCE MAR 1     30.1               36.5   -6.4     50.7
  SINCE JUL 1    159.6              188.9  -29.3    184.5
  SNOW DEPTH      30

DEGREE DAYS
 HEATING
  YESTERDAY       37                 34      3       50
  MONTH TO DATE   72                 68      4      100
  SINCE MAR 1   1595               1331    264     1450
  SINCE JUL 1   8917               7955    962     7760

 COOLING
  YESTERDAY        0                  0      0        0
  MONTH TO DATE    0                  0      0        0
  SINCE MAR 1      0                  0      0        0
  SINCE JAN 1      0                  0      0        0
...........................................................


WIND (MPH)
  RESULTANT WIND SPEED  MM   RESULTANT WIND DIRECTION  MM
  HIGHEST WIND SPEED    MM   HIGHEST WIND DIRECTION    MM
  HIGHEST GUST SPEED    32   HIGHEST GUST DIRECTION    NW (315)
  AVERAGE WIND SPEED    MM


SKY COVER
  POSSIBLE SUNSHINE  MM
  AVERAGE SKY COVER  MM


WEATHER CONDITIONS
 THE FOLLOWING WEATHER WAS RECORDED YESTERDAY.
  LIGHT SNOW


RELATIVE HUMIDITY (PERCENT)
 HIGHEST    MM
 LOWEST     MM
 AVERAGE    MM

..........................................................


THE MARQUETTE MI CLIMATE NORMALS FOR TODAY
                         NORMAL    RECORD    YEAR
 MAXIMUM TEMPERATURE (F)   42        65      1963
 MINIMUM TEMPERATURE (F)   22         4      1964
                                             1962


SUNRISE AND SUNSET
APRIL  3 2014.........SUNRISE   726 AM EDT   SUNSET   822 PM EDT
APRIL  4 2014.........SUNRISE   724 AM EDT   SUNSET   823 PM EDT


-  INDICATES NEGATIVE NUMBERS.
R  INDICATES RECORD WAS SET OR TIED.
MM INDICATES DATA IS MISSING.
T  INDICATES TRACE AMOUNT.




$$
