000
CDUS43 KMQT 152104
CLIMQT


CLIMATE REPORT
NATIONAL WEATHER SERVICE MARQUETTE MI
500 PM EDT FRI APR 15 2016


...................................

...THE MARQUETTE MI CLIMATE SUMMARY FOR APRIL 15 2016...
VALID TODAY AS OF 500 PM LOCAL TIME.

CLIMATE NORMAL PERIOD 1981 TO 2010
CLIMATE RECORD PERIOD 1961 TO 2016


WEATHER ITEM   OBSERVED RECORD YEAR NORMAL DEPARTURE LAST
                VALUE   VALUE       VALUE  FROM      YEAR
                                           NORMAL
...........................................................
TEMPERATURE (F)
 TODAY
  MAXIMUM         65     76    2002  48     17       64
  MINIMUM         41     -1    2014  28     13       26
  AVERAGE         53                 38     15       45

PRECIPITATION (IN)
  TODAY            0.00   1.00 1993   0.11  -0.11     0.00
  MONTH TO DATE    2.59               1.61   0.98     1.88
  SINCE MAR 1      5.93               4.64   1.29     3.14
  SINCE JAN 1     10.55               9.19   1.36     6.06

SNOWFALL (IN)
  TODAY            0.0   10.0  1993   0.5   -0.5      0.0
  MONTH TO DATE   40.8                9.8   31.0      9.7
  SINCE MAR 1     59.6               44.7   14.9     21.0
  SINCE JUL 1    159.7              197.1  -37.4    175.0
  SNOW DEPTH       9

DEGREE DAYS
 HEATING
  TODAY           12                 27    -15       20
  MONTH TO DATE  589                461    128      420
  SINCE MAR 1   1685               1724    -39     1669
  SINCE JUL 1   7452               8348   -896     8980

 COOLING
  TODAY            0                  0      0        0
  MONTH TO DATE    0                  0      0        0
  SINCE MAR 1      0                  0      0        0
  SINCE JAN 1      0                  0      0        0
...........................................................


WIND (MPH)
  HIGHEST WIND SPEED    MM   HIGHEST WIND DIRECTION    MM
  HIGHEST GUST SPEED    24   HIGHEST GUST DIRECTION    SW (225)
  AVERAGE WIND SPEED    MM


SKY COVER
  POSSIBLE SUNSHINE  MM
  AVERAGE SKY COVER  MM


WEATHER CONDITIONS
 THE FOLLOWING WEATHER WAS RECORDED TODAY.
  NO SIGNIFICANT WEATHER WAS OBSERVED.


RELATIVE HUMIDITY (PERCENT)
 HIGHEST    MM
 LOWEST     MM
 AVERAGE    MM

..........................................................


THE MARQUETTE MI CLIMATE NORMALS FOR TOMORROW
                         NORMAL    RECORD    YEAR
 MAXIMUM TEMPERATURE (F)   48        83      2002
 MINIMUM TEMPERATURE (F)   28        -5      2014


SUNRISE AND SUNSET
APRIL 15 2016.........SUNRISE   702 AM EDT   SUNSET   839 PM EDT
APRIL 16 2016.........SUNRISE   700 AM EDT   SUNSET   840 PM EDT


-  INDICATES NEGATIVE NUMBERS.
R  INDICATES RECORD WAS SET OR TIED.
MM INDICATES DATA IS MISSING.
T  INDICATES TRACE AMOUNT.




$$
