000
CDUS43 KMQT 062105
CLIMQT


CLIMATE REPORT
NATIONAL WEATHER SERVICE MARQUETTE MI
504 PM EDT FRI MAY 6 2016


...................................

...THE MARQUETTE MI CLIMATE SUMMARY FOR MAY 6 2016...
VALID TODAY AS OF 0500 PM LOCAL TIME.

CLIMATE NORMAL PERIOD 1981 TO 2010
CLIMATE RECORD PERIOD 1961 TO 2016


WEATHER ITEM   OBSERVED RECORD YEAR NORMAL DEPARTURE LAST
                VALUE   VALUE       VALUE  FROM      YEAR
                                           NORMAL
...........................................................
TEMPERATURE (F)
 TODAY
  MAXIMUM         86R    85    2000  58     28       73
  MINIMUM         43     18    1992  37      6       37
  AVERAGE         65                 47     18       55

PRECIPITATION (IN)
  TODAY            T      0.75 1999   0.08  -0.08     0.00
  MONTH TO DATE    0.21               0.53  -0.32     0.71
  SINCE MAR 1      7.38               6.57   0.81     4.47
  SINCE JAN 1     12.00              11.12   0.88     7.39

SNOWFALL (IN)
  TODAY            0.0    0.2  1989   0.1   -0.1      0.0
  MONTH TO DATE    T                  0.6   -0.6       T
  SINCE MAR 1     59.7               50.0    9.7     24.4
  SINCE JUL 1    159.8              202.4  -42.6    178.4
  SNOW DEPTH       0

DEGREE DAYS
 HEATING
  TODAY            0                 18    -18       10
  MONTH TO DATE  108                113     -5       66
  SINCE MAR 1   2131               2191    -60     2128
  SINCE JUL 1   7898               8815   -917     9439

 COOLING
  TODAY            0                  0      0        0
  MONTH TO DATE    0                  0      0        0
  SINCE MAR 1      0                  1     -1        0
  SINCE JAN 1      0                  1     -1        0
...........................................................


WIND (MPH)
  HIGHEST WIND SPEED    MM   HIGHEST WIND DIRECTION    MM
  HIGHEST GUST SPEED    21   HIGHEST GUST DIRECTION     S (180)
  AVERAGE WIND SPEED    MM


SKY COVER
  POSSIBLE SUNSHINE  MM
  AVERAGE SKY COVER  MM


WEATHER CONDITIONS
 THE FOLLOWING WEATHER WAS RECORDED TODAY.
  LIGHT RAIN


RELATIVE HUMIDITY (PERCENT)
 HIGHEST    MM
 LOWEST     MM
 AVERAGE    MM

..........................................................


THE MARQUETTE MI CLIMATE NORMALS FOR TOMORROW
                         NORMAL    RECORD    YEAR
 MAXIMUM TEMPERATURE (F)   58        83      2015
 MINIMUM TEMPERATURE (F)   37        18      1974


SUNRISE AND SUNSET
MAY  6 2016...........SUNRISE   628 AM EDT   SUNSET   907 PM EDT
MAY  7 2016...........SUNRISE   626 AM EDT   SUNSET   908 PM EDT


-  INDICATES NEGATIVE NUMBERS.
R  INDICATES RECORD WAS SET OR TIED.
MM INDICATES DATA IS MISSING.
T  INDICATES TRACE AMOUNT.




$$
