000
CDUS43 KMQT 250506
CLIMQT

CLIMATE REPORT
NATIONAL WEATHER SERVICE MARQUETTE MI
1205 AM EST SAT NOV 25 2017


...................................

...THE MARQUETTE MI CLIMATE SUMMARY FOR NOVEMBER 24 2017...

CLIMATE NORMAL PERIOD 1981 TO 2010
CLIMATE RECORD PERIOD 1961 TO 2017


WEATHER ITEM   OBSERVED RECORD YEAR NORMAL DEPARTURE LAST
                VALUE   VALUE       VALUE  FROM      YEAR
                                           NORMAL
...........................................................
TEMPERATURE (F)
 YESTERDAY
  MAXIMUM         50     55    1984  33     17       34
  MINIMUM         32      0    1995  19     13       31
  AVERAGE         41                 26     15       33

PRECIPITATION (IN)
  YESTERDAY        0.03   1.08 1991   0.10  -0.07     0.20
  MONTH TO DATE    1.75               2.54  -0.79     1.03
  SINCE SEP 1     13.19              10.10   3.09     9.56
  SINCE JAN 1     40.52              32.47   8.05    37.33

SNOWFALL (IN)
  YESTERDAY        0.0   13.2  1991   1.1   -1.1      2.3
  MONTH TO DATE   15.6               17.6   -2.0     14.1
  SINCE SEP 1     24.4               23.7    0.7     14.1
  SINCE JUL 1     24.4               23.7    0.7     14.1
  SNOW DEPTH       1

DEGREE DAYS
 HEATING
  YESTERDAY       24                 39    -15       32
  MONTH TO DATE  896                801     95      583
  SINCE SEP 1   1656               1777   -121     1337
  SINCE JUL 1   1921               1962    -41     1437

 COOLING
  YESTERDAY        0                  0      0        0
  MONTH TO DATE    0                  0      0        0
  SINCE SEP 1     52                 22     30       10
  SINCE JAN 1    145                242    -97      246
...........................................................


WIND (MPH)
  RESULTANT WIND SPEED  MM   RESULTANT WIND DIRECTION  MM
  HIGHEST WIND SPEED    MM   HIGHEST WIND DIRECTION    MM
  HIGHEST GUST SPEED    30   HIGHEST GUST DIRECTION    SW (225)
  AVERAGE WIND SPEED    MM


SKY COVER
  POSSIBLE SUNSHINE  MM
  AVERAGE SKY COVER  MM


WEATHER CONDITIONS
 THE FOLLOWING WEATHER WAS RECORDED YESTERDAY.
  LIGHT RAIN


RELATIVE HUMIDITY (PERCENT)
 HIGHEST    MM
 LOWEST     MM
 AVERAGE    MM

..........................................................


THE MARQUETTE MI CLIMATE NORMALS FOR TODAY
                         NORMAL    RECORD    YEAR
 MAXIMUM TEMPERATURE (F)   33        56      1984
 MINIMUM TEMPERATURE (F)   19        -4      2005
                                             1985


SUNRISE AND SUNSET
NOVEMBER 25 2017......SUNRISE   806 AM EST   SUNSET   508 PM EST
NOVEMBER 26 2017......SUNRISE   808 AM EST   SUNSET   507 PM EST


-  INDICATES NEGATIVE NUMBERS.
R  INDICATES RECORD WAS SET OR TIED.
MM INDICATES DATA IS MISSING.
T  INDICATES TRACE AMOUNT.




$$
