000
CDUS43 KMQT 040507
CLIMQT


CLIMATE REPORT
NATIONAL WEATHER SERVICE MARQUETTE MI
107 AM EDT WED OCT 4 2017


...................................

...THE MARQUETTE MI CLIMATE SUMMARY FOR OCTOBER 3 2017...

CLIMATE NORMAL PERIOD 1981 TO 2010
CLIMATE RECORD PERIOD 1961 TO 2017


WEATHER ITEM   OBSERVED RECORD YEAR NORMAL DEPARTURE LAST
                VALUE   VALUE       VALUE  FROM      YEAR
                                           NORMAL
...........................................................
TEMPERATURE (F)
 YESTERDAY
  MAXIMUM         77     78    2005  58     19       69
  MINIMUM         58     20    1961  39     19       39
  AVERAGE         68                 48     20       54

PRECIPITATION (IN)
  YESTERDAY        0.07   1.23 1971   0.14  -0.07     0.00
  MONTH TO DATE    0.07               0.41  -0.34     0.07
  SINCE SEP 1      3.32               4.13  -0.81     5.77
  SINCE JAN 1     30.65              26.50   4.15    33.54

SNOWFALL (IN)
  YESTERDAY        0.0    1.1  1980   0.1   -0.1      0.0
  MONTH TO DATE    0.0                0.3   -0.3      0.0
  SINCE SEP 1      T                  0.4   -0.4      0.0
  SINCE JUL 1      T                  0.4   -0.4       T
  SNOW DEPTH       0

DEGREE DAYS
 HEATING
  YESTERDAY        0                 17    -17       11
  MONTH TO DATE   13                 49    -36       30
  SINCE SEP 1    229                346   -117      203
  SINCE JUL 1    494                531    -37      303

 COOLING
  YESTERDAY        3                  0      3        0
  MONTH TO DATE    3                  0      3        0
  SINCE SEP 1     52                 21     31       10
  SINCE JAN 1    145                241    -96      246
...........................................................


WIND (MPH)
  RESULTANT WIND SPEED  MM   RESULTANT WIND DIRECTION  MM
  HIGHEST WIND SPEED    MM   HIGHEST WIND DIRECTION    MM
  HIGHEST GUST SPEED    27   HIGHEST GUST DIRECTION     S (180)
  AVERAGE WIND SPEED    MM


SKY COVER
  POSSIBLE SUNSHINE  MM
  AVERAGE SKY COVER  MM


WEATHER CONDITIONS
 THE FOLLOWING WEATHER WAS RECORDED YESTERDAY.
  THUNDERSTORM
  RAIN
  LIGHT RAIN


RELATIVE HUMIDITY (PERCENT)
 HIGHEST    MM
 LOWEST     MM
 AVERAGE    MM

..........................................................


THE MARQUETTE MI CLIMATE NORMALS FOR TODAY
                         NORMAL    RECORD    YEAR
 MAXIMUM TEMPERATURE (F)   58        76      2011
                                             2007
 MINIMUM TEMPERATURE (F)   38        21      1999


SUNRISE AND SUNSET
OCTOBER  4 2017.......SUNRISE   753 AM EDT   SUNSET   724 PM EDT
OCTOBER  5 2017.......SUNRISE   754 AM EDT   SUNSET   722 PM EDT


-  INDICATES NEGATIVE NUMBERS.
R  INDICATES RECORD WAS SET OR TIED.
MM INDICATES DATA IS MISSING.
T  INDICATES TRACE AMOUNT.




$$
