000
CDUS43 KMQT 132142
CLIMQT


CLIMATE REPORT
NATIONAL WEATHER SERVICE MARQUETTE MI
519 PM EDT MON OCT 13 2014


...................................

...THE MARQUETTE MI CLIMATE SUMMARY FOR OCTOBER 13 2014...
VALID TODAY AS OF 0500 PM LOCAL TIME.

CLIMATE NORMAL PERIOD 1981 TO 2010
CLIMATE RECORD PERIOD 1961 TO 2014


WEATHER ITEM   OBSERVED RECORD YEAR NORMAL DEPARTURE LAST
                VALUE   VALUE       VALUE  FROM      YEAR
                                           NORMAL
...........................................................
TEMPERATURE (F)
 TODAY
  MAXIMUM         52     77    2008  54     -2       55
                               1995
  MINIMUM         43     18    1988  35      8       33
  AVERAGE         48                 44      4       44

PRECIPITATION (IN)
  TODAY            0.16   1.51 1969   0.14   0.02     0.00
  MONTH TO DATE    1.87               1.76   0.11     2.16
  SINCE SEP 1      5.97               5.48   0.49     4.18
  SINCE JAN 1     32.71              27.85   4.86    31.93

SNOWFALL (IN)
  TODAY            0.0    2.8  2006   0.2   -0.2      0.0
  MONTH TO DATE    T                  1.4   -1.4      0.0
  SINCE SEP 1      T                  1.5   -1.5      0.0
  SINCE JUL 1      T                  1.5   -1.5      0.0
  SNOW DEPTH       0

DEGREE DAYS
 HEATING
  TODAY           17                 21     -4       21
  MONTH TO DATE  266                239     27      136
  SINCE SEP 1    546                536     10      387
  SINCE JUL 1    793                721     72      601

 COOLING
  TODAY            0                  0      0        0
  MONTH TO DATE    0                  0      0        0
  SINCE SEP 1      5                 21    -16       10
  SINCE JAN 1    152                241    -89      280
...........................................................


WIND (MPH)
  HIGHEST WIND SPEED    MM   HIGHEST WIND DIRECTION    MM
  HIGHEST GUST SPEED    19   HIGHEST GUST DIRECTION    SW (215)
  AVERAGE WIND SPEED    MM


SKY COVER
  POSSIBLE SUNSHINE  MM
  AVERAGE SKY COVER  MM


WEATHER CONDITIONS
 THE FOLLOWING WEATHER WAS RECORDED TODAY.
  LIGHT RAIN


RELATIVE HUMIDITY (PERCENT)
 HIGHEST    MM
 LOWEST     MM
 AVERAGE    MM

..........................................................


THE MARQUETTE MI CLIMATE NORMALS FOR TOMORROW
                         NORMAL    RECORD    YEAR
 MAXIMUM TEMPERATURE (F)   53        79      1963
 MINIMUM TEMPERATURE (F)   35        20      2009


SUNRISE AND SUNSET
OCTOBER 13 2014.......SUNRISE   805 AM EDT   SUNSET   707 PM EDT
OCTOBER 14 2014.......SUNRISE   806 AM EDT   SUNSET   705 PM EDT


-  INDICATES NEGATIVE NUMBERS.
R  INDICATES RECORD WAS SET OR TIED.
MM INDICATES DATA IS MISSING.
T  INDICATES TRACE AMOUNT.




$$
