000
CDUS43 KMQT 052108
CLIMQT


CLIMATE REPORT
NATIONAL WEATHER SERVICE MARQUETTE MI
507 PM EDT TUE SEP 5 2017


...................................

...THE MARQUETTE MI CLIMATE SUMMARY FOR SEPTEMBER 5 2017...
VALID TODAY AS OF 0500 PM LOCAL TIME.

CLIMATE NORMAL PERIOD 1981 TO 2010
CLIMATE RECORD PERIOD 1961 TO 2017


WEATHER ITEM   OBSERVED RECORD YEAR NORMAL DEPARTURE LAST
                VALUE   VALUE       VALUE  FROM      YEAR
                                           NORMAL
...........................................................
TEMPERATURE (F)
 TODAY
  MAXIMUM         54     88    2007  70    -16       80
                               1998
  MINIMUM         47     32    1984  50     -3       60
                               1962
  AVERAGE         51                 60     -9       70

PRECIPITATION (IN)
  TODAY            0.10   0.71 1983   0.11  -0.01      T
  MONTH TO DATE    0.58               0.54   0.04     0.05
  SINCE SEP 1      0.58               0.54   0.04     0.05
  SINCE JAN 1     27.91              22.91   5.00    27.82

SNOWFALL (IN)
  TODAY            0.0   MM      MM   0.0    0.0      0.0
  MONTH TO DATE    0.0                0.0    0.0      0.0
  SINCE SEP 1      0.0                0.0    0.0      0.0
  SINCE JUL 1      T                  0.0    0.0       T
  SNOW DEPTH       0

DEGREE DAYS
 HEATING
  TODAY           14                  7      7        0
  MONTH TO DATE   48                 31     17       18
  SINCE SEP 1     48                 31     17       18
  SINCE JUL 1    313                216     97      118

 COOLING
  TODAY            0                  1     -1        5
  MONTH TO DATE    0                  8     -8        6
  SINCE SEP 1      0                  8     -8        6
  SINCE JAN 1     93                228   -135      242
...........................................................


WIND (MPH)
  HIGHEST WIND SPEED    MM   HIGHEST WIND DIRECTION    MM
  HIGHEST GUST SPEED    22   HIGHEST GUST DIRECTION     W (270)
  AVERAGE WIND SPEED    MM


SKY COVER
  POSSIBLE SUNSHINE  MM
  AVERAGE SKY COVER  MM


WEATHER CONDITIONS
 THE FOLLOWING WEATHER WAS RECORDED TODAY.
  LIGHT RAIN


RELATIVE HUMIDITY (PERCENT)
 HIGHEST    MM
 LOWEST     MM
 AVERAGE    MM

..........................................................


THE MARQUETTE MI CLIMATE NORMALS FOR TOMORROW
                         NORMAL    RECORD    YEAR
 MAXIMUM TEMPERATURE (F)   70        88      1996
                                             1978
 MINIMUM TEMPERATURE (F)   49        32      1962


SUNRISE AND SUNSET
SEPTEMBER  5 2017.....SUNRISE   716 AM EDT   SUNSET   821 PM EDT
SEPTEMBER  6 2017.....SUNRISE   717 AM EDT   SUNSET   819 PM EDT


-  INDICATES NEGATIVE NUMBERS.
R  INDICATES RECORD WAS SET OR TIED.
MM INDICATES DATA IS MISSING.
T  INDICATES TRACE AMOUNT.




$$
