000
CDUS43 KMQT 220459
CLIMQT


CLIMATE REPORT
NATIONAL WEATHER SERVICE MARQUETTE MI
1258 AM EDT WED OCT 22 2014


...................................

...THE MARQUETTE MI CLIMATE SUMMARY FOR OCTOBER 21 2014...

CLIMATE NORMAL PERIOD 1981 TO 2010
CLIMATE RECORD PERIOD 1961 TO 2014


WEATHER ITEM   OBSERVED RECORD YEAR NORMAL DEPARTURE LAST
                VALUE   VALUE       VALUE  FROM      YEAR
                                           NORMAL
...........................................................
TEMPERATURE (F)
 YESTERDAY
  MAXIMUM         41     77    1978  50     -9       38
  MINIMUM         25     24    1983  32     -7       29
                               1969
                               1961
  AVERAGE         33                 41     -8       34

PRECIPITATION (IN)
  YESTERDAY        0.08   1.22 2009   0.11  -0.03     0.06
  MONTH TO DATE    5.24               2.74   2.50     3.01
  SINCE SEP 1      9.34               6.46   2.88     5.03
  SINCE JAN 1     36.08              28.83   7.25    32.78

SNOWFALL (IN)
  YESTERDAY        0.0    7.5  2002   0.2   -0.2      0.1
  MONTH TO DATE    T                  3.0   -3.0      0.1
  SINCE SEP 1      T                  3.1   -3.1      0.1
  SINCE JUL 1      T                  3.1   -3.1      0.1
  SNOW DEPTH       0

DEGREE DAYS
 HEATING
  YESTERDAY       32                 24      8       31
  MONTH TO DATE  467                419     48      333
  SINCE SEP 1    747                716     31      584
  SINCE JUL 1    994                901     93      798

 COOLING
  YESTERDAY        0                  0      0        0
  MONTH TO DATE    0                  0      0        0
  SINCE SEP 1      5                 21    -16       10
  SINCE JAN 1    152                241    -89      280
...........................................................


WIND (MPH)
  HIGHEST WIND SPEED    MM   HIGHEST WIND DIRECTION    MM
  HIGHEST GUST SPEED    17   HIGHEST GUST DIRECTION     N (360)
  AVERAGE WIND SPEED    MM


SKY COVER
  POSSIBLE SUNSHINE  MM
  AVERAGE SKY COVER  MM


WEATHER CONDITIONS
 THE FOLLOWING WEATHER WAS RECORDED YESTERDAY.
  LIGHT RAIN


RELATIVE HUMIDITY (PERCENT)
 HIGHEST    MM
 LOWEST     MM
 AVERAGE    MM

..........................................................


THE MARQUETTE MI CLIMATE NORMALS FOR TODAY
                         NORMAL    RECORD    YEAR
 MAXIMUM TEMPERATURE (F)   49        73      1973
 MINIMUM TEMPERATURE (F)   32        21      2008
                                             1969


SUNRISE AND SUNSET
OCTOBER 22 2014.......SUNRISE   817 AM EDT   SUNSET   651 PM EDT
OCTOBER 23 2014.......SUNRISE   819 AM EDT   SUNSET   649 PM EDT


-  INDICATES NEGATIVE NUMBERS.
R  INDICATES RECORD WAS SET OR TIED.
MM INDICATES DATA IS MISSING.
T  INDICATES TRACE AMOUNT.




$$
