000
CDUS43 KMQT 102204
CLIMQT


CLIMATE REPORT
NATIONAL WEATHER SERVICE MARQUETTE MI
503 PM EST SAT DEC 10 2016


...................................

...THE MARQUETTE MI CLIMATE SUMMARY FOR DECEMBER 10 2016...
VALID TODAY AS OF 0500 PM LOCAL TIME.

CLIMATE NORMAL PERIOD 1981 TO 2010
CLIMATE RECORD PERIOD 1961 TO 2016


WEATHER ITEM   OBSERVED RECORD YEAR NORMAL DEPARTURE LAST
                VALUE   VALUE       VALUE  FROM      YEAR
                                           NORMAL
...........................................................
TEMPERATURE (F)
 TODAY
  MAXIMUM         14     44    2006  27    -13       42
  MINIMUM          4    -14    2000  13     -9       33
  AVERAGE          9                 20    -11       38

PRECIPITATION (IN)
  TODAY            0.00   1.28 2003   0.09  -0.09     0.04
  MONTH TO DATE    0.62               0.93  -0.31     0.59
  SINCE DEC 1      0.62               0.93  -0.31     0.59
  SINCE JAN 1     38.70              34.04   4.66    25.49

SNOWFALL (IN)
  TODAY            0.0   11.5  2003   1.4   -1.4      0.0
  MONTH TO DATE   12.7               13.4   -0.7      1.8
  SINCE DEC 1     12.7               13.4   -0.7      1.8
  SINCE JUL 1     26.9               43.9  -17.0      9.7
  SNOW DEPTH       4

DEGREE DAYS
 HEATING
  TODAY           56                 45     11       27
  MONTH TO DATE  405                434    -29      306
  SINCE DEC 1    405                434    -29      306
  SINCE JUL 1   2030               2636   -606     2138

 COOLING
  TODAY            0                  0      0        0
  MONTH TO DATE    0                  0      0        0
  SINCE DEC 1      0                  0      0        0
  SINCE JAN 1    246                242      4      250
...........................................................


WIND (MPH)
  HIGHEST WIND SPEED    MM   HIGHEST WIND DIRECTION    MM
  HIGHEST GUST SPEED    23   HIGHEST GUST DIRECTION     W (270)
  AVERAGE WIND SPEED    MM


SKY COVER
  POSSIBLE SUNSHINE  MM
  AVERAGE SKY COVER  MM


WEATHER CONDITIONS
 THE FOLLOWING WEATHER WAS RECORDED TODAY.
  NO SIGNIFICANT WEATHER WAS OBSERVED.


RELATIVE HUMIDITY (PERCENT)
 HIGHEST    MM
 LOWEST     MM
 AVERAGE    MM

..........................................................


THE MARQUETTE MI CLIMATE NORMALS FOR TOMORROW
                         NORMAL    RECORD    YEAR
 MAXIMUM TEMPERATURE (F)   27        45      2002
 MINIMUM TEMPERATURE (F)   13       -21      1977


SUNRISE AND SUNSET
DECEMBER 10 2016......SUNRISE   824 AM EST   SUNSET   503 PM EST
DECEMBER 11 2016......SUNRISE   824 AM EST   SUNSET   503 PM EST


-  INDICATES NEGATIVE NUMBERS.
R  INDICATES RECORD WAS SET OR TIED.
MM INDICATES DATA IS MISSING.
T  INDICATES TRACE AMOUNT.




$$
