000
CDUS43 KMQT 282111
CLIMQT


CLIMATE REPORT
NATIONAL WEATHER SERVICE MARQUETTE MI
510 PM EDT TUE OCT 28 2014


...................................

...THE MARQUETTE MI CLIMATE SUMMARY FOR OCTOBER 28 2014...
VALID TODAY AS OF 0500 PM LOCAL TIME.

CLIMATE NORMAL PERIOD 1981 TO 2010
CLIMATE RECORD PERIOD 1961 TO 2014


WEATHER ITEM   OBSERVED RECORD YEAR NORMAL DEPARTURE LAST
                VALUE   VALUE       VALUE  FROM      YEAR
                                           NORMAL
...........................................................
TEMPERATURE (F)
 TODAY
  MAXIMUM         51     67    1989  47      4       33
                               1986
                               1974
  MINIMUM         42     19    1997  30     12       20
  AVERAGE         47                 38      9       27

PRECIPITATION (IN)
  TODAY            0.39   1.49 1970   0.11   0.28      T
  MONTH TO DATE    5.85               3.52   2.33     3.93
  SINCE SEP 1      9.95               7.24   2.71     5.95
  SINCE JAN 1     36.69              29.61   7.08    33.70

SNOWFALL (IN)
  TODAY            0.0    3.0  1968   0.3   -0.3       T
  MONTH TO DATE    T                  4.9   -4.9      3.1
  SINCE SEP 1      T                  5.0   -5.0      3.1
  SINCE JUL 1      T                  5.0   -5.0      3.1
  SNOW DEPTH       0

DEGREE DAYS
 HEATING
  TODAY           18                 27     -9       38
  MONTH TO DATE  610                597     13      555
  SINCE SEP 1    890                894     -4      806
  SINCE JUL 1   1137               1079     58     1020

 COOLING
  TODAY            0                  0      0        0
  MONTH TO DATE    0                  0      0        0
  SINCE SEP 1      5                 21    -16       10
  SINCE JAN 1    152                241    -89      280
...........................................................


WIND (MPH)
  HIGHEST WIND SPEED    MM   HIGHEST WIND DIRECTION    MM
  HIGHEST GUST SPEED    33   HIGHEST GUST DIRECTION     W (270)
  AVERAGE WIND SPEED    MM


SKY COVER
  POSSIBLE SUNSHINE  MM
  AVERAGE SKY COVER  MM


WEATHER CONDITIONS
 THE FOLLOWING WEATHER WAS RECORDED TODAY.
  THUNDERSTORM
  RAIN
  LIGHT RAIN
  FOG
  FOG W/VISIBILITY <= 1/4 MILE


RELATIVE HUMIDITY (PERCENT)
 HIGHEST    MM
 LOWEST     MM
 AVERAGE    MM

..........................................................


THE MARQUETTE MI CLIMATE NORMALS FOR TOMORROW
                         NORMAL    RECORD    YEAR
 MAXIMUM TEMPERATURE (F)   46        67      1989
 MINIMUM TEMPERATURE (F)   30        17      1966


SUNRISE AND SUNSET
OCTOBER 28 2014.......SUNRISE   826 AM EDT   SUNSET   641 PM EDT
OCTOBER 29 2014.......SUNRISE   827 AM EDT   SUNSET   640 PM EDT


-  INDICATES NEGATIVE NUMBERS.
R  INDICATES RECORD WAS SET OR TIED.
MM INDICATES DATA IS MISSING.
T  INDICATES TRACE AMOUNT.




$$
