000
CDUS43 KMQT 050509
CLIMQT


CLIMATE REPORT
NATIONAL WEATHER SERVICE MARQUETTE MI
109 AM EDT MON JUN 5 2017


...................................

...THE MARQUETTE MI CLIMATE SUMMARY FOR JUNE 4 2017...

CLIMATE NORMAL PERIOD 1981 TO 2010
CLIMATE RECORD PERIOD 1961 TO 2017


WEATHER ITEM   OBSERVED RECORD YEAR NORMAL DEPARTURE LAST
                VALUE   VALUE       VALUE  FROM      YEAR
                                           NORMAL
...........................................................
TEMPERATURE (F)
 YESTERDAY
  MAXIMUM         74     84    1971  68      6       57
  MINIMUM         48     25    1964  46      2       53
  AVERAGE         61                 57      4       55

PRECIPITATION (IN)
  YESTERDAY        0.04   0.65 2016   0.11  -0.07     0.65
  MONTH TO DATE    0.24               0.42  -0.18     1.55
  SINCE JUN 1      0.24               0.42  -0.18     1.55
  SINCE JAN 1     15.08              14.06   1.02    17.76

SNOWFALL (IN)
  YESTERDAY        0.0   MM      MM   0.0    0.0      0.0
  MONTH TO DATE    0.0                0.0    0.0       T
  SINCE JUN 1      0.0                0.0    0.0       T
  SINCE JUL 1    154.0              203.3  -49.3    160.9
  SNOW DEPTH       0

DEGREE DAYS
 HEATING
  YESTERDAY        4                  9     -5       10
  MONTH TO DATE   26                 37    -11       25
  SINCE JUN 1     26                 37    -11       25
  SINCE JUL 1   8259               9189   -930     8229

 COOLING
  YESTERDAY        0                  1     -1        0
  MONTH TO DATE    0                  4     -4        0
  SINCE JUN 1      0                  4     -4        0
  SINCE JAN 1      0                 16    -16       11
...........................................................


WIND (MPH)
  RESULTANT WIND SPEED  MM   RESULTANT WIND DIRECTION  MM
  HIGHEST WIND SPEED    MM   HIGHEST WIND DIRECTION    MM
  HIGHEST GUST SPEED    20   HIGHEST GUST DIRECTION    NW (315)
  AVERAGE WIND SPEED    MM


SKY COVER
  POSSIBLE SUNSHINE  MM
  AVERAGE SKY COVER  MM


WEATHER CONDITIONS
 THE FOLLOWING WEATHER WAS RECORDED YESTERDAY.
  THUNDERSTORM
  LIGHT RAIN
  FOG


RELATIVE HUMIDITY (PERCENT)
 HIGHEST    MM
 LOWEST     MM
 AVERAGE    MM

..........................................................


THE MARQUETTE MI CLIMATE NORMALS FOR TODAY
                         NORMAL    RECORD    YEAR
 MAXIMUM TEMPERATURE (F)   69        90      1988
 MINIMUM TEMPERATURE (F)   46        32      1998
                                             1989


SUNRISE AND SUNSET
JUNE  5 2017..........SUNRISE   559 AM EDT   SUNSET   939 PM EDT
JUNE  6 2017..........SUNRISE   558 AM EDT   SUNSET   940 PM EDT


-  INDICATES NEGATIVE NUMBERS.
R  INDICATES RECORD WAS SET OR TIED.
MM INDICATES DATA IS MISSING.
T  INDICATES TRACE AMOUNT.




$$
