000
CDUS43 KMQT 152216
CLIMQT


CLIMATE REPORT
NATIONAL WEATHER SERVICE MARQUETTE MI
510 PM EST TUE NOV 15 2016


...................................

...THE MARQUETTE MI CLIMATE SUMMARY FOR NOVEMBER 15 2016...
VALID TODAY AS OF 500 PM LOCAL TIME.

CLIMATE NORMAL PERIOD 1981 TO 2010
CLIMATE RECORD PERIOD 1961 TO 2016


WEATHER ITEM   OBSERVED RECORD YEAR NORMAL DEPARTURE LAST
                VALUE   VALUE       VALUE  FROM      YEAR
                                           NORMAL
...........................................................
TEMPERATURE (F)
 TODAY
  MAXIMUM         44     65    2001  38      6       57
  MINIMUM         40      0    2014  23     17       28
  AVERAGE         42                 31     11       43

PRECIPITATION (IN)
  TODAY            0.01   0.80 2005   0.11  -0.10     0.00
  MONTH TO DATE    0.33               1.57  -1.24     1.35
  SINCE SEP 1      8.86               9.13  -0.27     5.89
  SINCE JAN 1     36.63              31.50   5.13    24.10

SNOWFALL (IN)
  TODAY            0.0    6.4  2002   0.8   -0.8      0.0
                               1997
  MONTH TO DATE    T                  9.0   -9.0      1.8
  SINCE SEP 1      T                 15.1  -15.1      3.0
  SINCE JUL 1      T                 15.1  -15.1      3.0
  SNOW DEPTH       0

DEGREE DAYS
 HEATING
  TODAY           23                 34    -11       22
  MONTH TO DATE  285                470   -185      322
  SINCE SEP 1   1039               1446   -407     1140
  SINCE JUL 1   1139               1631   -492     1308

 COOLING
  TODAY            0                  0      0        0
  MONTH TO DATE    0                  0      0        0
  SINCE SEP 1     10                 22    -12       68
  SINCE JAN 1    246                242      4      250
...........................................................


WIND (MPH)
  HIGHEST WIND SPEED    MM   HIGHEST WIND DIRECTION    MM
  HIGHEST GUST SPEED    15   HIGHEST GUST DIRECTION     S (180)
  AVERAGE WIND SPEED    MM


SKY COVER
  POSSIBLE SUNSHINE  MM
  AVERAGE SKY COVER  MM


WEATHER CONDITIONS
 THE FOLLOWING WEATHER WAS RECORDED TODAY.
  LIGHT RAIN


RELATIVE HUMIDITY (PERCENT)
 HIGHEST    MM
 LOWEST     MM
 AVERAGE    MM

..........................................................


THE MARQUETTE MI CLIMATE NORMALS FOR TOMORROW
                         NORMAL    RECORD    YEAR
 MAXIMUM TEMPERATURE (F)   37        55      2015
 MINIMUM TEMPERATURE (F)   23        -5      2002


SUNRISE AND SUNSET
NOVEMBER 15 2016......SUNRISE   753 AM EST   SUNSET   516 PM EST
NOVEMBER 16 2016......SUNRISE   754 AM EST   SUNSET   515 PM EST


-  INDICATES NEGATIVE NUMBERS.
R  INDICATES RECORD WAS SET OR TIED.
MM INDICATES DATA IS MISSING.
T  INDICATES TRACE AMOUNT.




$$
