000
CDUS43 KMQT 170536
CLIMQT


CLIMATE REPORT
NATIONAL WEATHER SERVICE MARQUETTE MI
1233 AM EST TUE FEB 17 2015


...................................

...THE MARQUETTE MI CLIMATE SUMMARY FOR FEBRUARY 16 2015...

CLIMATE NORMAL PERIOD 1981 TO 2010
CLIMATE RECORD PERIOD 1961 TO 2015


WEATHER ITEM   OBSERVED RECORD YEAR NORMAL DEPARTURE LAST
                VALUE   VALUE       VALUE  FROM      YEAR
                                           NORMAL
...........................................................
TEMPERATURE (F)
 YESTERDAY
  MAXIMUM         10     57    2011  26    -16       12
  MINIMUM         -2    -25    1963   5     -7      -12
  AVERAGE          4                 16    -12        0

PRECIPITATION (IN)
  YESTERDAY        T      1.12 1990   0.08  -0.08     0.02
  MONTH TO DATE    1.54               1.17   0.37     0.49
  SINCE DEC 1      5.07               6.15  -1.08     5.25
  SINCE JAN 1      2.79               3.58  -0.79     2.67

SNOWFALL (IN)
  YESTERDAY        T     17.4  1990   1.3   -1.3      0.4
  MONTH TO DATE   36.6               20.3   16.3     10.4
  SINCE DEC 1     93.7              106.3  -12.6     96.5
  SINCE JUL 1    149.9              136.8   13.1    119.0
  SNOW DEPTH      34

DEGREE DAYS
 HEATING
  YESTERDAY       61                 49     12       65
  MONTH TO DATE  935                812    123      979
  SINCE DEC 1   3969               3847    122     4477
  SINCE JUL 1   6499               6049    450     6646

 COOLING
  YESTERDAY        0                  0      0        0
  MONTH TO DATE    0                  0      0        0
  SINCE DEC 1      0                  0      0        0
  SINCE JAN 1      0                  0      0        0
...........................................................


WIND (MPH)
  HIGHEST WIND SPEED    MM   HIGHEST WIND DIRECTION    MM
  HIGHEST GUST SPEED    17   HIGHEST GUST DIRECTION     W (270)
  AVERAGE WIND SPEED    MM


SKY COVER
  POSSIBLE SUNSHINE  MM
  AVERAGE SKY COVER  MM


WEATHER CONDITIONS
 THE FOLLOWING WEATHER WAS RECORDED YESTERDAY.
  LIGHT SNOW


RELATIVE HUMIDITY (PERCENT)
 HIGHEST    MM
 LOWEST     MM
 AVERAGE    MM

..........................................................


THE MARQUETTE MI CLIMATE NORMALS FOR TODAY
                         NORMAL    RECORD    YEAR
 MAXIMUM TEMPERATURE (F)   26        61      1981
 MINIMUM TEMPERATURE (F)    5       -34      1979


SUNRISE AND SUNSET
FEBRUARY 17 2015......SUNRISE   751 AM EST   SUNSET   618 PM EST
FEBRUARY 18 2015......SUNRISE   749 AM EST   SUNSET   620 PM EST


-  INDICATES NEGATIVE NUMBERS.
R  INDICATES RECORD WAS SET OR TIED.
MM INDICATES DATA IS MISSING.
T  INDICATES TRACE AMOUNT.




$$
