000
CDUS43 KMQT 220511
CLIMQT


CLIMATE REPORT
NATIONAL WEATHER SERVICE MARQUETTE MI
112 AM EDT SAT AUG 22 2015


...................................

...THE MARQUETTE MI CLIMATE SUMMARY FOR AUGUST 21 2015...

CLIMATE NORMAL PERIOD 1981 TO 2010
CLIMATE RECORD PERIOD 1961 TO 2015


WEATHER ITEM   OBSERVED RECORD YEAR NORMAL DEPARTURE LAST
                VALUE   VALUE       VALUE  FROM      YEAR
                                           NORMAL
...........................................................
TEMPERATURE (F)
 YESTERDAY
  MAXIMUM         76     91    1976  74      2       73
  MINIMUM         46     36    1969  53     -7       58
  AVERAGE         61                 63     -2       66

PRECIPITATION (IN)
  YESTERDAY        0.00   1.36 1975   0.10  -0.10      T
  MONTH TO DATE    2.22               2.06   0.16     3.04
  SINCE JUN 1      6.41               7.74  -1.33    12.85
  SINCE JAN 1     17.73              21.38  -3.65    25.31

SNOWFALL (IN)
  YESTERDAY        0.0   MM      MM   0.0    0.0      0.0
  MONTH TO DATE    0.0                0.0    0.0      0.0
  SINCE JUN 1      0.0                0.0    0.0       T
  SINCE JUL 1      0.0                0.0    0.0       T
  SNOW DEPTH       0

DEGREE DAYS
 HEATING
  YESTERDAY        4                  3      1        0
  MONTH TO DATE   47                 63    -16       91
  SINCE JUN 1    317                324     -7      375
  SINCE JUL 1    115                142    -27      212

 COOLING
  YESTERDAY        0                  2     -2        1
  MONTH TO DATE   56                 46     10       10
  SINCE JUN 1    162                188    -26      106
  SINCE JAN 1    164                200    -36      126
...........................................................


WIND (MPH)
  RESULTANT WIND SPEED  MM   RESULTANT WIND DIRECTION  MM
  HIGHEST WIND SPEED    MM   HIGHEST WIND DIRECTION    MM
  HIGHEST GUST SPEED    20   HIGHEST GUST DIRECTION     S (180)
  AVERAGE WIND SPEED    MM


SKY COVER
  POSSIBLE SUNSHINE  MM
  AVERAGE SKY COVER  MM


WEATHER CONDITIONS
 THE FOLLOWING WEATHER WAS RECORDED YESTERDAY.
  NO SIGNIFICANT WEATHER WAS OBSERVED.


RELATIVE HUMIDITY (PERCENT)
 HIGHEST    MM
 LOWEST     MM
 AVERAGE    MM

..........................................................


THE MARQUETTE MI CLIMATE NORMALS FOR TODAY
                         NORMAL    RECORD    YEAR
 MAXIMUM TEMPERATURE (F)   74        91      1969
 MINIMUM TEMPERATURE (F)   53        34      1967


SUNRISE AND SUNSET
AUGUST 22 2015........SUNRISE   657 AM EDT   SUNSET   848 PM EDT
AUGUST 23 2015........SUNRISE   658 AM EDT   SUNSET   846 PM EDT


-  INDICATES NEGATIVE NUMBERS.
R  INDICATES RECORD WAS SET OR TIED.
MM INDICATES DATA IS MISSING.
T  INDICATES TRACE AMOUNT.

$$
