000
CDUS43 KMQT 310505
CLIMQT


CLIMATE REPORT
NATIONAL WEATHER SERVICE MARQUETTE MI
102 AM EDT TUE OCT 31 2017


...................................

...THE MARQUETTE MI CLIMATE SUMMARY FOR OCTOBER 30 2017...

CLIMATE NORMAL PERIOD 1981 TO 2010
CLIMATE RECORD PERIOD 1961 TO 2017


WEATHER ITEM   OBSERVED RECORD YEAR NORMAL DEPARTURE LAST
                VALUE   VALUE       VALUE  FROM      YEAR
                                           NORMAL
...........................................................
TEMPERATURE (F)
 YESTERDAY
  MAXIMUM         37     64    2008  46     -9       46
  MINIMUM         30     14    1966  30      0       37
  AVERAGE         34                 38     -4       42

PRECIPITATION (IN)
  YESTERDAY        0.38   0.60 1989   0.10   0.28     0.03
  MONTH TO DATE    8.01               3.73   4.28     2.82
  SINCE SEP 1     11.26               7.45   3.81     8.52
  SINCE JAN 1     38.59              29.82   8.77    36.29

SNOWFALL (IN)
  YESTERDAY        2.9    4.6  1993   0.4    2.5      0.0
  MONTH TO DATE    6.0                5.6    0.4       T
  SINCE SEP 1      6.0                5.7    0.3       T
  SINCE JUL 1      6.0                5.7    0.3       T
  SNOW DEPTH       3

DEGREE DAYS
 HEATING
  YESTERDAY       31                 27      4       23
  MONTH TO DATE  508                651   -143      557
  SINCE SEP 1    724                948   -224      730
  SINCE JUL 1    989               1133   -144      830

 COOLING
  YESTERDAY        0                  0      0        0
  MONTH TO DATE    3                  0      3        0
  SINCE SEP 1     52                 21     31       10
  SINCE JAN 1    145                241    -96      246
...........................................................


WIND (MPH)
  RESULTANT WIND SPEED  MM   RESULTANT WIND DIRECTION  MM
  HIGHEST WIND SPEED    MM   HIGHEST WIND DIRECTION    MM
  HIGHEST GUST SPEED    26   HIGHEST GUST DIRECTION     W (270)
  AVERAGE WIND SPEED    MM


SKY COVER
  POSSIBLE SUNSHINE  MM
  AVERAGE SKY COVER  MM


WEATHER CONDITIONS
 THE FOLLOWING WEATHER WAS RECORDED YESTERDAY.
  NO SIGNIFICANT WEATHER WAS OBSERVED.


RELATIVE HUMIDITY (PERCENT)
 HIGHEST    MM
 LOWEST     MM
 AVERAGE    MM

..........................................................


THE MARQUETTE MI CLIMATE NORMALS FOR TODAY
                         NORMAL    RECORD    YEAR
 MAXIMUM TEMPERATURE (F)   45        65      1999
 MINIMUM TEMPERATURE (F)   29        14      1984


SUNRISE AND SUNSET
OCTOBER 31 2017.......SUNRISE   831 AM EDT   SUNSET   636 PM EDT
NOVEMBER  1 2017......SUNRISE   832 AM EDT   SUNSET   635 PM EDT


-  INDICATES NEGATIVE NUMBERS.
R  INDICATES RECORD WAS SET OR TIED.
MM INDICATES DATA IS MISSING.
T  INDICATES TRACE AMOUNT.




$$
