000
CDUS43 KMQT 192114
CLIMQT


CLIMATE REPORT
NATIONAL WEATHER SERVICE MARQUETTE MI
511 PM EDT WED AUG 19 2015


...................................

...THE MARQUETTE MI CLIMATE SUMMARY FOR AUGUST 19 2015...
VALID TODAY AS OF 500 PM LOCAL TIME.

CLIMATE NORMAL PERIOD 1981 TO 2010
CLIMATE RECORD PERIOD 1961 TO 2015


WEATHER ITEM   OBSERVED RECORD YEAR NORMAL DEPARTURE LAST
                VALUE   VALUE       VALUE  FROM      YEAR
                                           NORMAL
...........................................................
TEMPERATURE (F)
 TODAY
  MAXIMUM         76     95    1976  74      2       71
  MINIMUM         59     35    1967  53      6       57
  AVERAGE         68                 64      4       64

PRECIPITATION (IN)
  TODAY            0.26   1.93 2014   0.09   0.17     1.93
  MONTH TO DATE    1.80               1.87  -0.07     3.03
  SINCE JUN 1      5.99               7.55  -1.56    12.84
  SINCE JAN 1     17.31              21.19  -3.88    25.30

SNOWFALL (IN)
  TODAY            0.0   MM      MM   0.0    0.0      0.0
  MONTH TO DATE    0.0                0.0    0.0      0.0
  SINCE JUN 1      0.0                0.0    0.0       T
  SINCE JUL 1      0.0                0.0    0.0       T
  SNOW DEPTH       0

DEGREE DAYS
 HEATING
  TODAY            0                  3     -3        1
  MONTH TO DATE   34                 57    -23       87
  SINCE JUN 1    304                318    -14      371
  SINCE JUL 1    102                136    -34      208

 COOLING
  TODAY            3                  2      1        0
  MONTH TO DATE   57                 42     15        9
  SINCE JUN 1    163                184    -21      105
  SINCE JAN 1    165                196    -31      125
...........................................................


WIND (MPH)
  HIGHEST WIND SPEED    MM   HIGHEST WIND DIRECTION    MM
  HIGHEST GUST SPEED    24   HIGHEST GUST DIRECTION    SE (135)
  AVERAGE WIND SPEED    MM


SKY COVER
  POSSIBLE SUNSHINE  MM
  AVERAGE SKY COVER  MM


WEATHER CONDITIONS
 THE FOLLOWING WEATHER WAS RECORDED TODAY.
  LIGHT RAIN


RELATIVE HUMIDITY (PERCENT)
 HIGHEST    MM
 LOWEST     MM
 AVERAGE    MM

..........................................................


THE MARQUETTE MI CLIMATE NORMALS FOR TOMORROW
                         NORMAL    RECORD    YEAR
 MAXIMUM TEMPERATURE (F)   74        91      1976
 MINIMUM TEMPERATURE (F)   53        37      2000
                                             1991


SUNRISE AND SUNSET
AUGUST 19 2015........SUNRISE   653 AM EDT   SUNSET   854 PM EDT
AUGUST 20 2015........SUNRISE   655 AM EDT   SUNSET   852 PM EDT


-  INDICATES NEGATIVE NUMBERS.
R  INDICATES RECORD WAS SET OR TIED.
MM INDICATES DATA IS MISSING.
T  INDICATES TRACE AMOUNT.




$$
