000
CDUS43 KMQT 072206
CLIMQT


CLIMATE REPORT
NATIONAL WEATHER SERVICE MARQUETTE MI
504 PM EST TUE FEB 7 2017


...................................

...THE MARQUETTE MI CLIMATE SUMMARY FOR FEBRUARY 7 2017...
VALID TODAY AS OF 0500 PM LOCAL TIME.

CLIMATE NORMAL PERIOD 1981 TO 2010
CLIMATE RECORD PERIOD 1961 TO 2017


WEATHER ITEM   OBSERVED RECORD YEAR NORMAL DEPARTURE LAST
                VALUE   VALUE       VALUE  FROM      YEAR
                                           NORMAL
...........................................................
TEMPERATURE (F)
 TODAY
  MAXIMUM         21     48    1991  24     -3       32
  MINIMUM         19    -25    1994   4     15       26
  AVERAGE         20                 14      6       29

PRECIPITATION (IN)
  TODAY            0.59R  0.48 1981   0.07   0.52     0.12
  MONTH TO DATE    0.81               0.51   0.30     1.02
  SINCE DEC 1      4.74               5.49  -0.75     7.85
  SINCE JAN 1      2.55               2.92  -0.37     2.98

SNOWFALL (IN)
  TODAY            5.4   11.4  1992   1.3    4.1      1.6
  MONTH TO DATE   11.6                9.2    2.4     12.3
  SINCE DEC 1     83.8               95.2  -11.4     68.7
  SINCE JUL 1     98.0              125.7  -27.7     76.6
  SNOW DEPTH      16

DEGREE DAYS
 HEATING
  TODAY           45                 51     -6       36
  MONTH TO DATE  363                360      3      299
  SINCE DEC 1   3227               3395   -168     2887
  SINCE JUL 1   4852               5597   -745     4719

 COOLING
  TODAY            0                  0      0        0
  MONTH TO DATE    0                  0      0        0
  SINCE DEC 1      0                  0      0        0
  SINCE JAN 1      0                  0      0        0
...........................................................


WIND (MPH)
  HIGHEST WIND SPEED    MM   HIGHEST WIND DIRECTION    MM
  HIGHEST GUST SPEED    17   HIGHEST GUST DIRECTION    NE (45)
  AVERAGE WIND SPEED    MM


SKY COVER
  POSSIBLE SUNSHINE  MM
  AVERAGE SKY COVER  MM


WEATHER CONDITIONS
 THE FOLLOWING WEATHER WAS RECORDED TODAY.
  LIGHT SNOW
  LIGHT FREEZING DRIZZLE


RELATIVE HUMIDITY (PERCENT)
 HIGHEST    MM
 LOWEST     MM
 AVERAGE    MM

..........................................................


THE MARQUETTE MI CLIMATE NORMALS FOR TOMORROW
                         NORMAL    RECORD    YEAR
 MAXIMUM TEMPERATURE (F)   24        53      1991
 MINIMUM TEMPERATURE (F)    4       -32      1962


SUNRISE AND SUNSET
FEBRUARY  7 2017......SUNRISE   805 AM EST   SUNSET   604 PM EST
FEBRUARY  8 2017......SUNRISE   804 AM EST   SUNSET   605 PM EST


-  INDICATES NEGATIVE NUMBERS.
R  INDICATES RECORD WAS SET OR TIED.
MM INDICATES DATA IS MISSING.
T  INDICATES TRACE AMOUNT.




$$
