000
CDUS43 KMQT 080459
CLIMQT


CLIMATE REPORT
NATIONAL WEATHER SERVICE MARQUETTE MI
102 AM EDT MON SEP 8 2014


...................................

...THE MARQUETTE MI CLIMATE SUMMARY FOR SEPTEMBER 7 2014...

CLIMATE NORMAL PERIOD 1981 TO 2010
CLIMATE RECORD PERIOD 1961 TO 2014


WEATHER ITEM   OBSERVED RECORD YEAR NORMAL DEPARTURE LAST
                VALUE   VALUE       VALUE  FROM      YEAR
                                           NORMAL
...........................................................
TEMPERATURE (F)
 YESTERDAY
  MAXIMUM         77     91    2002  69      8       75
  MINIMUM         48     29    1982  49     -1       55
  AVERAGE         63                 59      4       65

PRECIPITATION (IN)
  YESTERDAY        0.00   0.81 1985   0.12  -0.12     0.02
  MONTH TO DATE    0.56               0.77  -0.21     0.40
  SINCE SEP 1      0.56               0.77  -0.21     0.40
  SINCE JAN 1     27.30              23.14   4.16    28.15

SNOWFALL (IN)
  YESTERDAY        0.0   MM      MM   0.0    0.0      0.0
  MONTH TO DATE    0.0                0.0    0.0      0.0
  SINCE SEP 1      0.0                0.0    0.0      0.0
  SINCE JUL 1      T                  0.0    0.0      0.0
  SNOW DEPTH       0

DEGREE DAYS
 HEATING
  YESTERDAY        2                  7     -5        0
  MONTH TO DATE   20                 45    -25       40
  SINCE SEP 1     20                 45    -25       40
  SINCE JUL 1    267                230     37      254

 COOLING
  YESTERDAY        0                  1     -1        0
  MONTH TO DATE    1                 10     -9        2
  SINCE SEP 1      1                 10     -9        2
  SINCE JAN 1    148                230    -82      272
...........................................................


WIND (MPH)
  RESULTANT WIND SPEED  MM   RESULTANT WIND DIRECTION  MM
  HIGHEST WIND SPEED    MM   HIGHEST WIND DIRECTION    MM
  HIGHEST GUST SPEED    21   HIGHEST GUST DIRECTION     W (270)
  AVERAGE WIND SPEED    MM


SKY COVER
  POSSIBLE SUNSHINE  MM
  AVERAGE SKY COVER  MM


WEATHER CONDITIONS
 THE FOLLOWING WEATHER WAS RECORDED YESTERDAY.
  NO SIGNIFICANT WEATHER WAS OBSERVED.


RELATIVE HUMIDITY (PERCENT)
 HIGHEST    MM
 LOWEST     MM
 AVERAGE    MM

..........................................................


THE MARQUETTE MI CLIMATE NORMALS FOR TODAY
                         NORMAL    RECORD    YEAR
 MAXIMUM TEMPERATURE (F)   69        91      2002
 MINIMUM TEMPERATURE (F)   49        34      1995


SUNRISE AND SUNSET
SEPTEMBER  8 2014.....SUNRISE   719 AM EDT   SUNSET   816 PM EDT
SEPTEMBER  9 2014.....SUNRISE   720 AM EDT   SUNSET   814 PM EDT


-  INDICATES NEGATIVE NUMBERS.
R  INDICATES RECORD WAS SET OR TIED.
MM INDICATES DATA IS MISSING.
T  INDICATES TRACE AMOUNT.

$$
