000
CDUS43 KMQT 182105
CLIMQT


CLIMATE REPORT
NATIONAL WEATHER SERVICE MARQUETTE MI
503 PM EDT SAT JUL 18 2015


...................................

...THE MARQUETTE MI CLIMATE SUMMARY FOR JULY 18 2015...
VALID TODAY AS OF 0500 PM LOCAL TIME.

CLIMATE NORMAL PERIOD 1981 TO 2010
CLIMATE RECORD PERIOD 1961 TO 2015


WEATHER ITEM   OBSERVED RECORD YEAR NORMAL DEPARTURE LAST
                VALUE   VALUE       VALUE  FROM      YEAR
                                           NORMAL
...........................................................
TEMPERATURE (F)
 TODAY
  MAXIMUM         85     92    1966  77      8       78
  MINIMUM         59     41    2000  55      4       51
  AVERAGE         72                 66      6       65

PRECIPITATION (IN)
  TODAY            T      1.54 1996   0.09  -0.09     0.00
  MONTH TO DATE    1.66               1.61   0.05     3.22
  SINCE JUN 1      4.15               4.45  -0.30     8.85
  SINCE JAN 1     15.47              18.09  -2.62    21.31

SNOWFALL (IN)
  TODAY            0.0   MM      MM   0.0    0.0      0.0
  MONTH TO DATE    0.0                0.0    0.0       T
  SINCE JUN 1      0.0                0.0    0.0       T
  SINCE JUL 1      0.0                0.0    0.0       T
  SNOW DEPTH       0

DEGREE DAYS
 HEATING
  TODAY            0                  2     -2        0
  MONTH TO DATE   61                 48     13       78
  SINCE JUN 1    263                230     33      241
  SINCE JUL 1     61                 48     13       78

 COOLING
  TODAY            7                  3      4        0
  MONTH TO DATE   38                 54    -16       14
  SINCE JUN 1     38                102    -64       68
  SINCE JAN 1     40                114    -74       88
...........................................................


WIND (MPH)
  HIGHEST WIND SPEED    MM   HIGHEST WIND DIRECTION    MM
  HIGHEST GUST SPEED    21   HIGHEST GUST DIRECTION     W (270)
  AVERAGE WIND SPEED    MM


SKY COVER
  POSSIBLE SUNSHINE  MM
  AVERAGE SKY COVER  MM


WEATHER CONDITIONS
 THE FOLLOWING WEATHER WAS RECORDED TODAY.
  LIGHT RAIN SHOWERS


RELATIVE HUMIDITY (PERCENT)
 HIGHEST    MM
 LOWEST     MM
 AVERAGE    MM

..........................................................


THE MARQUETTE MI CLIMATE NORMALS FOR TOMORROW
                         NORMAL    RECORD    YEAR
 MAXIMUM TEMPERATURE (F)   77        99      1977
 MINIMUM TEMPERATURE (F)   55        36      2000


SUNRISE AND SUNSET
JULY 18 2015..........SUNRISE   615 AM EDT   SUNSET   937 PM EDT
JULY 19 2015..........SUNRISE   616 AM EDT   SUNSET   936 PM EDT


-  INDICATES NEGATIVE NUMBERS.
R  INDICATES RECORD WAS SET OR TIED.
MM INDICATES DATA IS MISSING.
T  INDICATES TRACE AMOUNT.




$$
