000
CDUS43 KMQT 110500
CLIMQT


CLIMATE REPORT
NATIONAL WEATHER SERVICE MARQUETTE MI
100 AM EDT SUN SEP 11 2016


...................................

...THE MARQUETTE MI CLIMATE SUMMARY FOR SEPTEMBER 10 2016...

CLIMATE NORMAL PERIOD 1981 TO 2010
CLIMATE RECORD PERIOD 1961 TO 2016


WEATHER ITEM   OBSERVED RECORD YEAR NORMAL DEPARTURE LAST
                VALUE   VALUE       VALUE  FROM      YEAR
                                           NORMAL
...........................................................
TEMPERATURE (F)
 YESTERDAY
  MAXIMUM         60     83    2005  68     -8       64
                               2003
  MINIMUM         46     27    1967  48     -2       46
  AVERAGE         53                 58     -5       55

PRECIPITATION (IN)
  YESTERDAY        1.55   2.34 2014   0.12   1.43     0.00
  MONTH TO DATE    3.30               1.12   2.18     1.31
  SINCE SEP 1      3.30               1.12   2.18     1.31
  SINCE JAN 1     31.07              23.49   7.58    19.52

SNOWFALL (IN)
  YESTERDAY        0.0   MM      MM   0.0    0.0      0.0
  MONTH TO DATE    0.0                0.0    0.0      0.0
  SINCE SEP 1      0.0                0.0    0.0      0.0
  SINCE JUL 1      T                  0.0    0.0      0.0
  SNOW DEPTH       0

DEGREE DAYS
 HEATING
  YESTERDAY       12                  8      4       10
  MONTH TO DATE   37                 68    -31       18
  SINCE SEP 1     37                 68    -31       18
  SINCE JUL 1    137                253   -116      186

 COOLING
  YESTERDAY        0                  1     -1        0
  MONTH TO DATE   10                 13     -3       44
  SINCE SEP 1     10                 13     -3       44
  SINCE JAN 1    246                233     13      226
...........................................................


WIND (MPH)
  RESULTANT WIND SPEED  MM   RESULTANT WIND DIRECTION  MM
  HIGHEST WIND SPEED    MM   HIGHEST WIND DIRECTION    MM
  HIGHEST GUST SPEED    25   HIGHEST GUST DIRECTION    NW (315)
  AVERAGE WIND SPEED    MM


SKY COVER
  POSSIBLE SUNSHINE  MM
  AVERAGE SKY COVER  MM


WEATHER CONDITIONS
 THE FOLLOWING WEATHER WAS RECORDED YESTERDAY.
  HEAVY RAIN
  RAIN
  LIGHT RAIN


RELATIVE HUMIDITY (PERCENT)
 HIGHEST    MM
 LOWEST     MM
 AVERAGE    MM

..........................................................


THE MARQUETTE MI CLIMATE NORMALS FOR TODAY
                         NORMAL    RECORD    YEAR
 MAXIMUM TEMPERATURE (F)   68        92      1998
 MINIMUM TEMPERATURE (F)   48        30      1992


SUNRISE AND SUNSET
SEPTEMBER 11 2016.....SUNRISE   724 AM EDT   SUNSET   809 PM EDT
SEPTEMBER 12 2016.....SUNRISE   725 AM EDT   SUNSET   807 PM EDT


-  INDICATES NEGATIVE NUMBERS.
R  INDICATES RECORD WAS SET OR TIED.
MM INDICATES DATA IS MISSING.
T  INDICATES TRACE AMOUNT.

$$
