000
CDUS43 KMQT 030542
CLIMQT


CLIMATE REPORT
NATIONAL WEATHER SERVICE MARQUETTE MI
142 AM EDT WED AUG 3 2016


...................................

...THE MARQUETTE MI CLIMATE SUMMARY FOR AUGUST 2 2016...

CLIMATE NORMAL PERIOD 1981 TO 2010
CLIMATE RECORD PERIOD 1961 TO 2016


WEATHER ITEM   OBSERVED RECORD YEAR NORMAL DEPARTURE LAST
                VALUE   VALUE       VALUE  FROM      YEAR
                                           NORMAL
...........................................................
TEMPERATURE (F)
 YESTERDAY
  MAXIMUM         83     95    1988  76      7       71
  MINIMUM         61     40    1976  54      7       57
  AVERAGE         72                 65      7       64

PRECIPITATION (IN)
  YESTERDAY        0.04   2.11 1988   0.09  -0.05     0.33
  MONTH TO DATE    0.04               0.19  -0.15     0.33
  SINCE JUN 1      7.07               5.87   1.20     4.52
  SINCE JAN 1     23.28              19.51   3.77    15.84

SNOWFALL (IN)
  YESTERDAY        0.0   MM      MM   0.0    0.0      0.0
  MONTH TO DATE    0.0                0.0    0.0      0.0
  SINCE JUN 1      T                  0.0    0.0      0.0
  SINCE JUL 1      T                  0.0    0.0      0.0
  SNOW DEPTH       0

DEGREE DAYS
 HEATING
  YESTERDAY        0                  3     -3        1
  MONTH TO DATE    0                  6     -6        1
  SINCE JUN 1    237                267    -30      271
  SINCE JUL 1     55                 85    -30       69

 COOLING
  YESTERDAY        7                  3      4        0
  MONTH TO DATE   10                  6      4        2
  SINCE JUN 1    153                148      5      108
  SINCE JAN 1    164                160      4      110
...........................................................


WIND (MPH)
  RESULTANT WIND SPEED  MM   RESULTANT WIND DIRECTION  MM
  HIGHEST WIND SPEED    MM   HIGHEST WIND DIRECTION    MM
  HIGHEST GUST SPEED    25   HIGHEST GUST DIRECTION    SW (225)
  AVERAGE WIND SPEED    MM


SKY COVER
  POSSIBLE SUNSHINE  MM
  AVERAGE SKY COVER  MM


WEATHER CONDITIONS
 THE FOLLOWING WEATHER WAS RECORDED YESTERDAY.
  LIGHT RAIN


RELATIVE HUMIDITY (PERCENT)
 HIGHEST    MM
 LOWEST     MM
 AVERAGE    MM

..........................................................


THE MARQUETTE MI CLIMATE NORMALS FOR TODAY
                         NORMAL    RECORD    YEAR
 MAXIMUM TEMPERATURE (F)   76        93      2005
 MINIMUM TEMPERATURE (F)   54        40      1972


SUNRISE AND SUNSET
AUGUST  3 2016........SUNRISE   634 AM EDT   SUNSET   918 PM EDT
AUGUST  4 2016........SUNRISE   635 AM EDT   SUNSET   916 PM EDT


-  INDICATES NEGATIVE NUMBERS.
R  INDICATES RECORD WAS SET OR TIED.
MM INDICATES DATA IS MISSING.
T  INDICATES TRACE AMOUNT.




$$
