652
CDUS43 KMQT 202103
CLIMQT


CLIMATE REPORT
NATIONAL WEATHER SERVICE MARQUETTE MI
502 PM EDT WED JUL 20 2016


...................................

...THE MARQUETTE MI CLIMATE SUMMARY FOR JULY 20 2016...
VALID TODAY AS OF 0500 PM LOCAL TIME.

CLIMATE NORMAL PERIOD 1981 TO 2010
CLIMATE RECORD PERIOD 1961 TO 2016


WEATHER ITEM   OBSERVED RECORD YEAR NORMAL DEPARTURE LAST
                VALUE   VALUE       VALUE  FROM      YEAR
                                           NORMAL
...........................................................
TEMPERATURE (F)
 TODAY
  MAXIMUM         88     94    2011  77     11       77
  MINIMUM         62     39    1992  55      7       56
  AVERAGE         75                 66      9       67

PRECIPITATION (IN)
  TODAY            0.00   0.96 1991   0.10  -0.10     0.00
  MONTH TO DATE    2.80               1.80   1.00     1.66
  SINCE JUN 1      6.34               4.64   1.70     4.15
  SINCE JAN 1     22.55              18.28   4.27    15.47

SNOWFALL (IN)
  TODAY            0.0   MM      MM   0.0    0.0      0.0
  MONTH TO DATE    T                  0.0    0.0      0.0
  SINCE JUN 1      T                  0.0    0.0      0.0
  SINCE JUL 1      T                  0.0    0.0      0.0
  SNOW DEPTH       0

DEGREE DAYS
 HEATING
  TODAY            0                  2     -2        0
  MONTH TO DATE   50                 52     -2       61
  SINCE JUN 1    232                234     -2      263
  SINCE JUL 1     50                 52     -2       61

 COOLING
  TODAY           10                  3      7        2
  MONTH TO DATE   43                 60    -17       46
  SINCE JUN 1     84                108    -24       46
  SINCE JAN 1     95                120    -25       48
...........................................................


WIND (MPH)
  HIGHEST WIND SPEED    MM   HIGHEST WIND DIRECTION    MM
  HIGHEST GUST SPEED    21   HIGHEST GUST DIRECTION    SW (225)
  AVERAGE WIND SPEED    MM


SKY COVER
  POSSIBLE SUNSHINE  MM
  AVERAGE SKY COVER  MM


WEATHER CONDITIONS
 THE FOLLOWING WEATHER WAS RECORDED TODAY.
  NO SIGNIFICANT WEATHER WAS OBSERVED.


RELATIVE HUMIDITY (PERCENT)
 HIGHEST    MM
 LOWEST     MM
 AVERAGE    MM

..........................................................


THE MARQUETTE MI CLIMATE NORMALS FOR TOMORROW
                         NORMAL    RECORD    YEAR
 MAXIMUM TEMPERATURE (F)   77        91      2002
 MINIMUM TEMPERATURE (F)   55        37      1992


SUNRISE AND SUNSET
JULY 20 2016..........SUNRISE   618 AM EDT   SUNSET   935 PM EDT
JULY 21 2016..........SUNRISE   619 AM EDT   SUNSET   934 PM EDT


-  INDICATES NEGATIVE NUMBERS.
R  INDICATES RECORD WAS SET OR TIED.
MM INDICATES DATA IS MISSING.
T  INDICATES TRACE AMOUNT.




$$
