000
CDUS43 KMQT 140507
CLIMQT

CLIMATE REPORT
NATIONAL WEATHER SERVICE MARQUETTE MI
107 AM EDT MON JUL 14 2014


...................................

...THE MARQUETTE MI CLIMATE SUMMARY FOR JULY 13 2014...

CLIMATE NORMAL PERIOD 1981 TO 2010
CLIMATE RECORD PERIOD 1961 TO 2014


WEATHER ITEM   OBSERVED RECORD YEAR NORMAL DEPARTURE LAST
                VALUE   VALUE       VALUE  FROM      YEAR
                                           NORMAL
...........................................................
TEMPERATURE (F)
 YESTERDAY
  MAXIMUM         70     93    1974  77     -7       86
  MINIMUM         55     42    1975  55      0       67
  AVERAGE         63                 66     -3       77

PRECIPITATION (IN)
  YESTERDAY        T      1.43 1979   0.09  -0.09     0.00
  MONTH TO DATE    2.93               1.16   1.77     0.76
  SINCE JUN 1      8.56               4.00   4.56     4.07
  SINCE JAN 1     21.02              17.64   3.38    21.41

SNOWFALL (IN)
  YESTERDAY        0.0   MM      MM   0.0    0.0      0.0
  MONTH TO DATE    T                  0.0    0.0      0.0
  SINCE JUN 1      T                  0.0    0.0      0.0
  SINCE JUL 1      T                  0.0    0.0      0.0
  SNOW DEPTH       0

DEGREE DAYS
 HEATING
  YESTERDAY        2                  2      0        0
  MONTH TO DATE   44                 38      6       30
  SINCE JUN 1    207                220    -13      228
  SINCE JUL 1     44                 38      6       30

 COOLING
  YESTERDAY        0                  3     -3       12
  MONTH TO DATE   14                 39    -25       53
  SINCE JUN 1     68                 87    -19       92
  SINCE JAN 1     88                 99    -11      105
...........................................................


WIND (MPH)
  RESULTANT WIND SPEED  MM   RESULTANT WIND DIRECTION  MM
  HIGHEST WIND SPEED    MM   HIGHEST WIND DIRECTION    MM
  HIGHEST GUST SPEED    25   HIGHEST GUST DIRECTION    NW (315)
  AVERAGE WIND SPEED    MM


SKY COVER
  POSSIBLE SUNSHINE  MM
  AVERAGE SKY COVER  MM


WEATHER CONDITIONS
 THE FOLLOWING WEATHER WAS RECORDED YESTERDAY.
  LIGHT RAIN
  FOG


RELATIVE HUMIDITY (PERCENT)
 HIGHEST    MM
 LOWEST     MM
 AVERAGE    MM

..........................................................


THE MARQUETTE MI CLIMATE NORMALS FOR TODAY
                         NORMAL    RECORD    YEAR
 MAXIMUM TEMPERATURE (F)   77        95      1983
 MINIMUM TEMPERATURE (F)   55        43      1990
                                             1989
                                             1987


SUNRISE AND SUNSET
JULY 14 2014..........SUNRISE   611 AM EDT   SUNSET   940 PM EDT
JULY 15 2014..........SUNRISE   612 AM EDT   SUNSET   940 PM EDT


-  INDICATES NEGATIVE NUMBERS.
R  INDICATES RECORD WAS SET OR TIED.
MM INDICATES DATA IS MISSING.
T  INDICATES TRACE AMOUNT.




$$
