000
CDUS43 KMQT 130552
CLIMQT


CLIMATE REPORT
NATIONAL WEATHER SERVICE MARQUETTE MI
1252 AM EST THU NOV 13 2014


...................................

...THE MARQUETTE MI CLIMATE SUMMARY FOR NOVEMBER 12 2014...

CLIMATE NORMAL PERIOD 1981 TO 2010
CLIMATE RECORD PERIOD 1961 TO 2014


WEATHER ITEM   OBSERVED RECORD YEAR NORMAL DEPARTURE LAST
                VALUE   VALUE       VALUE  FROM      YEAR
                                           NORMAL
...........................................................
TEMPERATURE (F)
 YESTERDAY
  MAXIMUM         24     54    2005  39    -15       25
  MINIMUM         15      2    1966  25    -10       16
  AVERAGE         20                 32    -12       21

PRECIPITATION (IN)
  YESTERDAY        0.15   1.79 1975   0.11   0.04      T
  MONTH TO DATE    3.96               1.24   2.72     1.81
  SINCE SEP 1     14.55               8.80   5.75     8.21
  SINCE JAN 1     41.29              31.17  10.12    35.96

SNOWFALL (IN)
  YESTERDAY        4.0    7.5  1975   0.7    3.3      0.5
  MONTH TO DATE   35.5                6.7   28.8      6.3
  SINCE SEP 1     38.7               12.8   25.9      9.8
  SINCE JUL 1     38.7               12.8   25.9      9.8
  SNOW DEPTH      25

DEGREE DAYS
 HEATING
  YESTERDAY       45                 33     12       44
  MONTH TO DATE  416                368     48      372
  SINCE SEP 1   1401               1344     57     1259
  SINCE JUL 1   1648               1529    119     1473

 COOLING
  YESTERDAY        0                  0      0        0
  MONTH TO DATE    0                  0      0        0
  SINCE SEP 1      5                 22    -17       10
  SINCE JAN 1    152                242    -90      280
...........................................................


WIND (MPH)
  RESULTANT WIND SPEED  MM   RESULTANT WIND DIRECTION  MM
  HIGHEST WIND SPEED    MM   HIGHEST WIND DIRECTION    MM
  HIGHEST GUST SPEED    25   HIGHEST GUST DIRECTION    NW (315)
  AVERAGE WIND SPEED    MM


SKY COVER
  POSSIBLE SUNSHINE  MM
  AVERAGE SKY COVER  MM


WEATHER CONDITIONS
 THE FOLLOWING WEATHER WAS RECORDED YESTERDAY.
  LIGHT SNOW


RELATIVE HUMIDITY (PERCENT)
 HIGHEST    MM
 LOWEST     MM
 AVERAGE    MM

..........................................................


THE MARQUETTE MI CLIMATE NORMALS FOR TODAY
                         NORMAL    RECORD    YEAR
 MAXIMUM TEMPERATURE (F)   39        66      1999
 MINIMUM TEMPERATURE (F)   24        -5      1986


SUNRISE AND SUNSET
NOVEMBER 13 2014......SUNRISE   749 AM EST   SUNSET   519 PM EST
NOVEMBER 14 2014......SUNRISE   751 AM EST   SUNSET   518 PM EST


-  INDICATES NEGATIVE NUMBERS.
R  INDICATES RECORD WAS SET OR TIED.
MM INDICATES DATA IS MISSING.
T  INDICATES TRACE AMOUNT.




$$
