000
CDUS43 KMQT 070501
CLIMQT


CLIMATE REPORT
NATIONAL WEATHER SERVICE MARQUETTE MI
101 AM EDT SUN AUG 7 2016


...................................

...THE MARQUETTE MI CLIMATE SUMMARY FOR AUGUST 6 2016...

CLIMATE NORMAL PERIOD 1981 TO 2010
CLIMATE RECORD PERIOD 1961 TO 2016


WEATHER ITEM   OBSERVED RECORD YEAR NORMAL DEPARTURE LAST
                VALUE   VALUE       VALUE  FROM      YEAR
                                           NORMAL
...........................................................
TEMPERATURE (F)
 YESTERDAY
  MAXIMUM         75     96    2001  76     -1       76
  MINIMUM         56     39    1976  54      2       50
  AVERAGE         66                 65      1       63

PRECIPITATION (IN)
  YESTERDAY        0.00   0.71 1984   0.10  -0.10     0.00
  MONTH TO DATE    0.04               0.58  -0.54     0.49
  SINCE JUN 1      7.07               6.26   0.81     4.68
  SINCE JAN 1     23.28              19.90   3.38    16.00

SNOWFALL (IN)
  YESTERDAY        0.0   MM      MM   0.0    0.0      0.0
  MONTH TO DATE    0.0                0.0    0.0      0.0
  SINCE JUN 1      T                  0.0    0.0      0.0
  SINCE JUL 1      T                  0.0    0.0      0.0
  SNOW DEPTH       0

DEGREE DAYS
 HEATING
  YESTERDAY        0                  3     -3        2
  MONTH TO DATE    0                 18    -18       23
  SINCE JUN 1    237                279    -42      293
  SINCE JUL 1     55                 97    -42       91

 COOLING
  YESTERDAY        1                  2     -1        0
  MONTH TO DATE   33                 16     17        2
  SINCE JUN 1    176                158     18      108
  SINCE JAN 1    187                170     17      110
...........................................................


WIND (MPH)
  RESULTANT WIND SPEED  MM   RESULTANT WIND DIRECTION  MM
  HIGHEST WIND SPEED    MM   HIGHEST WIND DIRECTION    MM
  HIGHEST GUST SPEED    20   HIGHEST GUST DIRECTION    NW (315)
  AVERAGE WIND SPEED    MM


SKY COVER
  POSSIBLE SUNSHINE  MM
  AVERAGE SKY COVER  MM


WEATHER CONDITIONS
 THE FOLLOWING WEATHER WAS RECORDED YESTERDAY.
  NO SIGNIFICANT WEATHER WAS OBSERVED.


RELATIVE HUMIDITY (PERCENT)
 HIGHEST    MM
 LOWEST     MM
 AVERAGE    MM

..........................................................


THE MARQUETTE MI CLIMATE NORMALS FOR TODAY
                         NORMAL    RECORD    YEAR
 MAXIMUM TEMPERATURE (F)   76        95      2001
 MINIMUM TEMPERATURE (F)   54        38      1990


SUNRISE AND SUNSET
AUGUST  7 2016........SUNRISE   639 AM EDT   SUNSET   912 PM EDT
AUGUST  8 2016........SUNRISE   640 AM EDT   SUNSET   910 PM EDT


-  INDICATES NEGATIVE NUMBERS.
R  INDICATES RECORD WAS SET OR TIED.
MM INDICATES DATA IS MISSING.
T  INDICATES TRACE AMOUNT.

$$
