000
CDUS43 KMQT 130520
CLIMQT


CLIMATE REPORT
NATIONAL WEATHER SERVICE MARQUETTE MI
1219 AM EST SAT JAN 13 2018


...................................

...THE MARQUETTE MI CLIMATE SUMMARY FOR JANUARY 12 2018...

CLIMATE NORMAL PERIOD 1981 TO 2010
CLIMATE RECORD PERIOD 1961 TO 2018


WEATHER ITEM   OBSERVED RECORD YEAR NORMAL DEPARTURE LAST
                VALUE   VALUE       VALUE  FROM      YEAR
                                           NORMAL
...........................................................
TEMPERATURE (F)
 YESTERDAY
  MAXIMUM         10     44    1987  22    -12       15
  MINIMUM         -5    -19    1977   6    -11        2
  AVERAGE          3                 14    -11        9

PRECIPITATION (IN)
  YESTERDAY        0.08   1.04 1963   0.08   0.00      T
  MONTH TO DATE    0.96               0.94   0.02     0.98
  SINCE DEC 1      3.10               3.51  -0.41     3.17
  SINCE JAN 1      0.96               0.94   0.02     0.98

SNOWFALL (IN)
  YESTERDAY        1.8   12.0  1963   1.5    0.3       T
  MONTH TO DATE   12.1               16.6   -4.5     16.4
  SINCE DEC 1     50.1               59.4   -9.3     58.4
  SINCE JUL 1     75.1               89.9  -14.8     72.6
  SNOW DEPTH      11

DEGREE DAYS
 HEATING
  YESTERDAY       62                 51     11       56
  MONTH TO DATE  661                608     53      647
  SINCE DEC 1   2240               2048    192     2080
  SINCE JUL 1   4367               4250    117     3705

 COOLING
  YESTERDAY        0                  0      0        0
  MONTH TO DATE    0                  0      0        0
  SINCE DEC 1      0                  0      0        0
  SINCE JAN 1      0                  0      0        0
...........................................................


WIND (MPH)
  RESULTANT WIND SPEED  MM   RESULTANT WIND DIRECTION  MM
  HIGHEST WIND SPEED    MM   HIGHEST WIND DIRECTION    MM
  HIGHEST GUST SPEED    32   HIGHEST GUST DIRECTION    NW (315)
  AVERAGE WIND SPEED    MM


SKY COVER
  POSSIBLE SUNSHINE  MM
  AVERAGE SKY COVER  MM


WEATHER CONDITIONS
 THE FOLLOWING WEATHER WAS RECORDED YESTERDAY.
  LIGHT SNOW
  BLOWING SNOW


RELATIVE HUMIDITY (PERCENT)
 HIGHEST    MM
 LOWEST     MM
 AVERAGE    MM

..........................................................


THE MARQUETTE MI CLIMATE NORMALS FOR TODAY
                         NORMAL    RECORD    YEAR
 MAXIMUM TEMPERATURE (F)   22        43      1987
 MINIMUM TEMPERATURE (F)    5       -19      1977


SUNRISE AND SUNSET
JANUARY 13 2018.......SUNRISE   831 AM EST   SUNSET   527 PM EST
JANUARY 14 2018.......SUNRISE   830 AM EST   SUNSET   529 PM EST


-  INDICATES NEGATIVE NUMBERS.
R  INDICATES RECORD WAS SET OR TIED.
MM INDICATES DATA IS MISSING.
T  INDICATES TRACE AMOUNT.




$$
