000
CDUS43 KMQT 180515
CLIMQT


CLIMATE REPORT
NATIONAL WEATHER SERVICE MARQUETTE MI
1216 AM EST FRI NOV 18 2016


...................................

...THE MARQUETTE MI CLIMATE SUMMARY FOR NOVEMBER 17 2016...

CLIMATE NORMAL PERIOD 1981 TO 2010
CLIMATE RECORD PERIOD 1961 TO 2016


WEATHER ITEM   OBSERVED RECORD YEAR NORMAL DEPARTURE LAST
                VALUE   VALUE       VALUE  FROM      YEAR
                                           NORMAL
...........................................................
TEMPERATURE (F)
 YESTERDAY
  MAXIMUM         53     64    2001  37     16       51
  MINIMUM         41      4    1973  23     18       44
  AVERAGE         47                 30     17       48

PRECIPITATION (IN)
  YESTERDAY        0.01   1.53 1987   0.11  -0.10     0.10
  MONTH TO DATE    0.34               1.79  -1.45     1.45
  SINCE SEP 1      8.87               9.35  -0.48     5.99
  SINCE JAN 1     36.64              31.72   4.92    24.20

SNOWFALL (IN)
  YESTERDAY        0.0    8.9  2008   0.9   -0.9      0.0
  MONTH TO DATE    T                 10.7  -10.7      1.8
  SINCE SEP 1      T                 16.8  -16.8      3.0
  SINCE JUL 1      T                 16.8  -16.8      3.0
  SNOW DEPTH       0

DEGREE DAYS
 HEATING
  YESTERDAY       18                 35    -17       17
  MONTH TO DATE  328                540   -212      362
  SINCE SEP 1   1082               1516   -434     1180
  SINCE JUL 1   1182               1701   -519     1348

 COOLING
  YESTERDAY        0                  0      0        0
  MONTH TO DATE    0                  0      0        0
  SINCE SEP 1     10                 22    -12       68
  SINCE JAN 1    246                242      4      250
...........................................................


WIND (MPH)
  RESULTANT WIND SPEED  MM   RESULTANT WIND DIRECTION  MM
  HIGHEST WIND SPEED    MM   HIGHEST WIND DIRECTION    MM
  HIGHEST GUST SPEED    22   HIGHEST GUST DIRECTION    SW (225)
  AVERAGE WIND SPEED    MM


SKY COVER
  POSSIBLE SUNSHINE  MM
  AVERAGE SKY COVER  MM


WEATHER CONDITIONS
 THE FOLLOWING WEATHER WAS RECORDED YESTERDAY.
  LIGHT RAIN
  FOG


RELATIVE HUMIDITY (PERCENT)
 HIGHEST    MM
 LOWEST     MM
 AVERAGE    MM

..........................................................


THE MARQUETTE MI CLIMATE NORMALS FOR TODAY
                         NORMAL    RECORD    YEAR
 MAXIMUM TEMPERATURE (F)   36        60      2001
 MINIMUM TEMPERATURE (F)   22        -2      1986


SUNRISE AND SUNSET
NOVEMBER 18 2016......SUNRISE   757 AM EST   SUNSET   513 PM EST
NOVEMBER 19 2016......SUNRISE   758 AM EST   SUNSET   512 PM EST


-  INDICATES NEGATIVE NUMBERS.
R  INDICATES RECORD WAS SET OR TIED.
MM INDICATES DATA IS MISSING.
T  INDICATES TRACE AMOUNT.

$$
