000
CDUS43 KMQT 030513
CLIMQT


CLIMATE REPORT
NATIONAL WEATHER SERVICE MARQUETTE MI
112 AM EDT SAT JUN 3 2017


...................................

...THE MARQUETTE MI CLIMATE SUMMARY FOR JUNE 2 2017...

CLIMATE NORMAL PERIOD 1981 TO 2010
CLIMATE RECORD PERIOD 1961 TO 2017


WEATHER ITEM   OBSERVED RECORD YEAR NORMAL DEPARTURE LAST
                VALUE   VALUE       VALUE  FROM      YEAR
                                           NORMAL
...........................................................
TEMPERATURE (F)
 YESTERDAY
  MAXIMUM         71     84    1963  68      3       69
  MINIMUM         46     27    1964  45      1       49
  AVERAGE         59                 56      3       59

PRECIPITATION (IN)
  YESTERDAY        0.02   1.30 1996   0.10  -0.08     0.00
  MONTH TO DATE    0.02               0.21  -0.19     0.85
  SINCE JUN 1      0.02               0.21  -0.19     0.85
  SINCE JAN 1     14.86              13.85   1.01    17.06

SNOWFALL (IN)
  YESTERDAY        0.0    T    2009   0.0    0.0      0.0
                               1998
  MONTH TO DATE    0.0                0.0    0.0       T
  SINCE JUN 1      0.0                0.0    0.0       T
  SINCE JUL 1    154.0              203.3  -49.3    160.9
  SNOW DEPTH       0

DEGREE DAYS
 HEATING
  YESTERDAY        6                  9     -3        6
  MONTH TO DATE   19                 19      0       10
  SINCE JUN 1     19                 19      0       10
  SINCE JUL 1   8252               9171   -919     8214

 COOLING
  YESTERDAY        0                  1     -1        0
  MONTH TO DATE    0                  2     -2        0
  SINCE JUN 1      0                  2     -2        0
  SINCE JAN 1      0                 14    -14       11
...........................................................

WIND (MPH)
  RESULTANT WIND SPEED  MM   RESULTANT WIND DIRECTION  MM
  HIGHEST WIND SPEED    MM   HIGHEST WIND DIRECTION    MM
  HIGHEST GUST SPEED    13   HIGHEST GUST DIRECTION    NE (45)
  AVERAGE WIND SPEED    MM

SKY COVER
  POSSIBLE SUNSHINE  MM
  AVERAGE SKY COVER  MM

WEATHER CONDITIONS
 THE FOLLOWING WEATHER WAS RECORDED YESTERDAY.
  LIGHT RAIN

RELATIVE HUMIDITY (PERCENT)
 HIGHEST    MM
 LOWEST     MM
 AVERAGE    MM
..........................................................

THE MARQUETTE MI CLIMATE NORMALS FOR TODAY
                         NORMAL    RECORD    YEAR
 MAXIMUM TEMPERATURE (F)   68        83      1967
                                             1966
 MINIMUM TEMPERATURE (F)   46        28      1962


SUNRISE AND SUNSET
JUNE  3 2017..........SUNRISE   600 AM EDT   SUNSET   938 PM EDT
JUNE  4 2017..........SUNRISE   559 AM EDT   SUNSET   938 PM EDT


-  INDICATES NEGATIVE NUMBERS.
R  INDICATES RECORD WAS SET OR TIED.
MM INDICATES DATA IS MISSING.
T  INDICATES TRACE AMOUNT.




$$
