000
CDUS43 KMQT 282205
CLIMQT


CLIMATE REPORT
NATIONAL WEATHER SERVICE MARQUETTE MI
504 PM EST THU DEC 28 2017


...................................

...THE MARQUETTE MI CLIMATE SUMMARY FOR DECEMBER 28 2017...
VALID TODAY AS OF 0500 PM LOCAL TIME.

CLIMATE NORMAL PERIOD 1981 TO 2010
CLIMATE RECORD PERIOD 1961 TO 2017


WEATHER ITEM   OBSERVED RECORD YEAR NORMAL DEPARTURE LAST
                VALUE   VALUE       VALUE  FROM      YEAR
                                           NORMAL
...........................................................
TEMPERATURE (F)
 TODAY
  MAXIMUM          5     42    1979  23    -18       28
  MINIMUM        -18R   -17    1976   8    -26        2
  AVERAGE         -6                 16    -22       15

PRECIPITATION (IN)
  TODAY            0.01   0.78 1982   0.07  -0.06      T
  MONTH TO DATE    1.80               2.35  -0.55     2.05
  SINCE DEC 1      1.80               2.35  -0.55     2.05
  SINCE JAN 1     42.37              35.46   6.91    40.13

SNOWFALL (IN)
  TODAY            0.1    6.6  1999   1.4   -1.3       T
  MONTH TO DATE   30.5               38.6   -8.1     37.6
  SINCE DEC 1     30.5               38.6   -8.1     37.6
  SINCE JUL 1     55.5               69.1  -13.6     51.8
  SNOW DEPTH       5

DEGREE DAYS
 HEATING
  TODAY           71                 49     22       50
  MONTH TO DATE 1386               1290     96     1299
  SINCE DEC 1   1386               1290     96     1299
  SINCE JUL 1   3513               3492     21     2924

 COOLING
  TODAY            0                  0      0        0
  MONTH TO DATE    0                  0      0        0
  SINCE DEC 1      0                  0      0        0
  SINCE JAN 1    145                242    -97      246
...........................................................


WIND (MPH)
  HIGHEST WIND SPEED    MM   HIGHEST WIND DIRECTION    MM
  HIGHEST GUST SPEED    16   HIGHEST GUST DIRECTION     S (180)
  AVERAGE WIND SPEED    MM


SKY COVER
  POSSIBLE SUNSHINE  MM
  AVERAGE SKY COVER  MM


WEATHER CONDITIONS
 THE FOLLOWING WEATHER WAS RECORDED TODAY.
  LIGHT SNOW


RELATIVE HUMIDITY (PERCENT)
 HIGHEST    MM
 LOWEST     MM
 AVERAGE    MM

..........................................................


THE MARQUETTE MI CLIMATE NORMALS FOR TOMORROW
                         NORMAL    RECORD    YEAR
 MAXIMUM TEMPERATURE (F)   23        43      1979
 MINIMUM TEMPERATURE (F)    8       -20      1976


SUNRISE AND SUNSET
DECEMBER 28 2017......SUNRISE   834 AM EST   SUNSET   510 PM EST
DECEMBER 29 2017......SUNRISE   834 AM EST   SUNSET   511 PM EST


-  INDICATES NEGATIVE NUMBERS.
R  INDICATES RECORD WAS SET OR TIED.
MM INDICATES DATA IS MISSING.
T  INDICATES TRACE AMOUNT.




$$
