000
CDUS43 KMQT 090543
CLIMQT


CLIMATE REPORT
NATIONAL WEATHER SERVICE MARQUETTE MI
141 AM EDT SAT JUL 9 2016


...................................

...THE MARQUETTE MI CLIMATE SUMMARY FOR JULY 8 2016...

CLIMATE NORMAL PERIOD 1981 TO 2010
CLIMATE RECORD PERIOD 1961 TO 2016


WEATHER ITEM   OBSERVED RECORD YEAR NORMAL DEPARTURE LAST
                VALUE   VALUE       VALUE  FROM      YEAR
                                           NORMAL
...........................................................
TEMPERATURE (F)
 YESTERDAY
  MAXIMUM         71     92    1981  76     -5       74
                               1974
  MINIMUM         56     40    2009  55      1       42
  AVERAGE         64                 65     -1       58

PRECIPITATION (IN)
  YESTERDAY        0.19   0.72 2014   0.09   0.10     0.00
  MONTH TO DATE    0.81               0.72   0.09     1.25
  SINCE JUN 1      4.35               3.56   0.79     3.74
  SINCE JAN 1     20.56              17.20   3.36    15.06

SNOWFALL (IN)
  YESTERDAY        0.0   MM      MM   0.0    0.0      0.0
  MONTH TO DATE    0.0                0.0    0.0      0.0
  SINCE JUN 1      T                  0.0    0.0      0.0
  SINCE JUL 1      0.0                0.0    0.0      0.0
  SNOW DEPTH       0

DEGREE DAYS
 HEATING
  YESTERDAY        1                  3     -2        7
  MONTH TO DATE   11                 24    -13       42
  SINCE JUN 1    193                206    -13      244
  SINCE JUL 1     11                 24    -13       42

 COOLING
  YESTERDAY        0                  3     -3        0
  MONTH TO DATE    9                 24    -15        5
  SINCE JUN 1     50                 72    -22        5
  SINCE JAN 1     61                 84    -23        7
...........................................................


WIND (MPH)
  HIGHEST WIND SPEED    MM   HIGHEST WIND DIRECTION    MM
  HIGHEST GUST SPEED    26   HIGHEST GUST DIRECTION     N (360)
  AVERAGE WIND SPEED    MM


SKY COVER
  POSSIBLE SUNSHINE  MM
  AVERAGE SKY COVER  MM


WEATHER CONDITIONS
 THE FOLLOWING WEATHER WAS RECORDED YESTERDAY.
  THUNDERSTORM
  LIGHT RAIN
  FOG


RELATIVE HUMIDITY (PERCENT)
 HIGHEST    MM
 LOWEST     MM
 AVERAGE    MM

..........................................................


THE MARQUETTE MI CLIMATE NORMALS FOR TODAY
                         NORMAL    RECORD    YEAR
 MAXIMUM TEMPERATURE (F)   76        90      1989
 MINIMUM TEMPERATURE (F)   55        37      1968


SUNRISE AND SUNSET
JULY  9 2016..........SUNRISE   607 AM EDT   SUNSET   943 PM EDT
JULY 10 2016..........SUNRISE   608 AM EDT   SUNSET   943 PM EDT


-  INDICATES NEGATIVE NUMBERS.
R  INDICATES RECORD WAS SET OR TIED.
MM INDICATES DATA IS MISSING.
T  INDICATES TRACE AMOUNT.




$$
