000
CDUS43 KMQT 190520
CLIMQT


CLIMATE REPORT
NATIONAL WEATHER SERVICE MARQUETTE MI
1219 AM EST THU FEB 19 2015


...................................

...THE MARQUETTE MI CLIMATE SUMMARY FOR FEBRUARY 18 2015...

CLIMATE NORMAL PERIOD 1981 TO 2010
CLIMATE RECORD PERIOD 1961 TO 2015


WEATHER ITEM   OBSERVED RECORD YEAR NORMAL DEPARTURE LAST
                VALUE   VALUE       VALUE  FROM      YEAR
                                           NORMAL
...........................................................
TEMPERATURE (F)
 YESTERDAY
  MAXIMUM         -3     52    1997  26    -29       30
  MINIMUM        -16    -21    1996   6    -22        8
  AVERAGE         -9                 16    -25       19

PRECIPITATION (IN)
  YESTERDAY        0.01   0.81 2009   0.08  -0.07      T
  MONTH TO DATE    1.55               1.32   0.23     0.61
  SINCE DEC 1      5.08               6.30  -1.22     5.37
  SINCE JAN 1      2.80               3.73  -0.93     2.79

SNOWFALL (IN)
  YESTERDAY        0.3    8.4  2009   1.3   -1.0       T
  MONTH TO DATE   37.1               22.9   14.2     12.7
  SINCE DEC 1     94.2              108.9  -14.7     98.8
  SINCE JUL 1    150.4              139.4   11.0    121.3
  SNOW DEPTH      33

DEGREE DAYS
 HEATING
  YESTERDAY       74                 49     25       46
  MONTH TO DATE 1074                910    164     1085
  SINCE DEC 1   4108               3945    163     4583
  SINCE JUL 1   6638               6147    491     6752

 COOLING
  YESTERDAY        0                  0      0        0
  MONTH TO DATE    0                  0      0        0
  SINCE DEC 1      0                  0      0        0
  SINCE JAN 1      0                  0      0        0
...........................................................

WIND (MPH)
  RESULTANT WIND SPEED  MM   RESULTANT WIND DIRECTION  MM
  HIGHEST WIND SPEED    MM   HIGHEST WIND DIRECTION    MM
  HIGHEST GUST SPEED    26   HIGHEST GUST DIRECTION    NW (315)
  AVERAGE WIND SPEED    MM

SKY COVER
  POSSIBLE SUNSHINE  MM
  AVERAGE SKY COVER  MM

WEATHER CONDITIONS
 THE FOLLOWING WEATHER WAS RECORDED YESTERDAY.
  LIGHT SNOW
  BLOWING SNOW

RELATIVE HUMIDITY (PERCENT)
 HIGHEST    MM
 LOWEST     MM
 AVERAGE    MM
..........................................................


THE MARQUETTE MI CLIMATE NORMALS FOR TODAY
                         NORMAL    RECORD    YEAR
 MAXIMUM TEMPERATURE (F)   27        46      1988
 MINIMUM TEMPERATURE (F)    6       -21      1966


SUNRISE AND SUNSET
FEBRUARY 19 2015......SUNRISE   748 AM EST   SUNSET   621 PM EST
FEBRUARY 20 2015......SUNRISE   746 AM EST   SUNSET   623 PM EST


-  INDICATES NEGATIVE NUMBERS.
R  INDICATES RECORD WAS SET OR TIED.
MM INDICATES DATA IS MISSING.
T  INDICATES TRACE AMOUNT.




$$
