000
CDUS43 KMQT 162101
CLIMQT


CLIMATE REPORT
NATIONAL WEATHER SERVICE MARQUETTE MI
501 PM EDT SAT APR 16 2016


...................................

...THE MARQUETTE MI CLIMATE SUMMARY FOR APRIL 16 2016...
VALID TODAY AS OF 0500 PM LOCAL TIME.

CLIMATE NORMAL PERIOD 1981 TO 2010
CLIMATE RECORD PERIOD 1961 TO 2016


WEATHER ITEM   OBSERVED RECORD YEAR NORMAL DEPARTURE LAST
                VALUE   VALUE       VALUE  FROM      YEAR
                                           NORMAL
...........................................................
TEMPERATURE (F)
 TODAY
  MAXIMUM         76     83    2002  48     28       68
  MINIMUM         41     -5    2014  28     13       40
  AVERAGE         59                 38     21       54

PRECIPITATION (IN)
  TODAY            0.00   1.23 2012   0.10  -0.10     0.00
  MONTH TO DATE    2.59               1.71   0.88     1.88
  SINCE MAR 1      5.93               4.74   1.19     3.14
  SINCE JAN 1     10.55               9.29   1.26     6.06

SNOWFALL (IN)
  TODAY            0.0   12.6  1993   0.5   -0.5      0.0
  MONTH TO DATE   40.8               10.3   30.5      9.7
  SINCE MAR 1     59.6               45.2   14.4     21.0
  SINCE JUL 1    159.7              197.6  -37.9    175.0
  SNOW DEPTH       4

DEGREE DAYS
 HEATING
  TODAY            6                 27    -21       11
  MONTH TO DATE  595                488    107      431
  SINCE MAR 1   1691               1751    -60     1680
  SINCE JUL 1   7458               8375   -917     8991

 COOLING
  TODAY            0                  0      0        0
  MONTH TO DATE    0                  0      0        0
  SINCE MAR 1      0                  0      0        0
  SINCE JAN 1      0                  0      0        0
...........................................................


WIND (MPH)
  HIGHEST WIND SPEED    MM   HIGHEST WIND DIRECTION    MM
  HIGHEST GUST SPEED    17   HIGHEST GUST DIRECTION    SW (215)
  AVERAGE WIND SPEED    MM


SKY COVER
  POSSIBLE SUNSHINE  MM
  AVERAGE SKY COVER  MM


WEATHER CONDITIONS
 THE FOLLOWING WEATHER WAS RECORDED TODAY.
  NO SIGNIFICANT WEATHER WAS OBSERVED.


RELATIVE HUMIDITY (PERCENT)
 HIGHEST    MM
 LOWEST     MM
 AVERAGE    MM

..........................................................


THE MARQUETTE MI CLIMATE NORMALS FOR TOMORROW
                         NORMAL    RECORD    YEAR
 MAXIMUM TEMPERATURE (F)   49        73      2009
                                             2002
 MINIMUM TEMPERATURE (F)   29        15      1983


SUNRISE AND SUNSET
APRIL 16 2016.........SUNRISE   700 AM EDT   SUNSET   840 PM EDT
APRIL 17 2016.........SUNRISE   659 AM EDT   SUNSET   841 PM EDT


-  INDICATES NEGATIVE NUMBERS.
R  INDICATES RECORD WAS SET OR TIED.
MM INDICATES DATA IS MISSING.
T  INDICATES TRACE AMOUNT.




$$
