000
CDUS43 KMQT 160534
CLIMQT


CLIMATE REPORT
NATIONAL WEATHER SERVICE MARQUETTE MI
1235 AM EST SUN NOV 16 2014


...................................

...THE MARQUETTE MI CLIMATE SUMMARY FOR NOVEMBER 15 2014...

CLIMATE NORMAL PERIOD 1981 TO 2010
CLIMATE RECORD PERIOD 1961 TO 2014


WEATHER ITEM   OBSERVED RECORD YEAR NORMAL DEPARTURE LAST
                VALUE   VALUE       VALUE  FROM      YEAR
                                           NORMAL
...........................................................
TEMPERATURE (F)
 YESTERDAY
  MAXIMUM         18     65    2001  38    -20       51
  MINIMUM          0R     3    2002  23    -23       27
  AVERAGE          9                 31    -22       39

PRECIPITATION (IN)
  YESTERDAY        T      0.80 2005   0.11  -0.11     0.00
  MONTH TO DATE    4.01               1.57   2.44     1.81
  SINCE SEP 1     14.60               9.13   5.47     8.21
  SINCE JAN 1     41.34              31.50   9.84    35.96

SNOWFALL (IN)
  YESTERDAY        T      6.4  2002   0.8   -0.8      0.0
                               1997
  MONTH TO DATE   38.9                9.0   29.9      6.3
  SINCE SEP 1     42.1               15.1   27.0      9.8
  SINCE JUL 1     42.1               15.1   27.0      9.8
  SNOW DEPTH      21

DEGREE DAYS
 HEATING
  YESTERDAY       56                 34     22       26
  MONTH TO DATE  567                470     97      459
  SINCE SEP 1   1552               1446    106     1346
  SINCE JUL 1   1799               1631    168     1560

 COOLING
  YESTERDAY        0                  0      0        0
  MONTH TO DATE    0                  0      0        0
  SINCE SEP 1      5                 22    -17       10
  SINCE JAN 1    152                242    -90      280
...........................................................


WIND (MPH)
  RESULTANT WIND SPEED  MM   RESULTANT WIND DIRECTION  MM
  HIGHEST WIND SPEED    MM   HIGHEST WIND DIRECTION    MM
  HIGHEST GUST SPEED    22   HIGHEST GUST DIRECTION     W (270)
  AVERAGE WIND SPEED    MM


SKY COVER
  POSSIBLE SUNSHINE  MM
  AVERAGE SKY COVER  MM


WEATHER CONDITIONS
 THE FOLLOWING WEATHER WAS RECORDED YESTERDAY.
  LIGHT SNOW


RELATIVE HUMIDITY (PERCENT)
 HIGHEST    MM
 LOWEST     MM
 AVERAGE    MM

..........................................................


THE MARQUETTE MI CLIMATE NORMALS FOR TODAY
                         NORMAL    RECORD    YEAR
 MAXIMUM TEMPERATURE (F)   37        54      1988
 MINIMUM TEMPERATURE (F)   23        -5      2002


SUNRISE AND SUNSET
NOVEMBER 16 2014......SUNRISE   754 AM EST   SUNSET   516 PM EST
NOVEMBER 17 2014......SUNRISE   755 AM EST   SUNSET   515 PM EST


-  INDICATES NEGATIVE NUMBERS.
R  INDICATES RECORD WAS SET OR TIED.
MM INDICATES DATA IS MISSING.
T  INDICATES TRACE AMOUNT.

$$
