000
CDUS43 KMQT 200544
CLIMQT


CLIMATE REPORT
NATIONAL WEATHER SERVICE MARQUETTE MI
1241 AM EST SAT JAN 20 2018


...................................

...THE MARQUETTE MI CLIMATE SUMMARY FOR JANUARY 19 2018...

CLIMATE NORMAL PERIOD 1981 TO 2010
CLIMATE RECORD PERIOD 1961 TO 2018


WEATHER ITEM   OBSERVED RECORD YEAR NORMAL DEPARTURE LAST
                VALUE   VALUE       VALUE  FROM      YEAR
                                           NORMAL
...........................................................
TEMPERATURE (F)
 YESTERDAY
  MAXIMUM         40     46    1981  22     18       35
  MINIMUM         22    -27    1994   5     17       17
  AVERAGE         31                 13     18       26

PRECIPITATION (IN)
  YESTERDAY        0.00   0.24 1976   0.08  -0.08     0.00
  MONTH TO DATE    1.32               1.49  -0.17     0.98
  SINCE DEC 1      3.46               4.06  -0.60     3.17
  SINCE JAN 1      1.32               1.49  -0.17     0.98

SNOWFALL (IN)
  YESTERDAY        0.0    9.5  2009   1.4   -1.4      0.0
  MONTH TO DATE   22.9               26.6   -3.7     16.4
  SINCE DEC 1     60.9               69.4   -8.5     58.4
  SINCE JUL 1     85.9               99.9  -14.0     72.6
  SNOW DEPTH      13

DEGREE DAYS
 HEATING
  YESTERDAY       34                 52    -18       39
  MONTH TO DATE 1026                971     55      954
  SINCE DEC 1   2605               2411    194     2387
  SINCE JUL 1   4732               4613    119     4012

 COOLING
  YESTERDAY        0                  0      0        0
  MONTH TO DATE    0                  0      0        0
  SINCE DEC 1      0                  0      0        0
  SINCE JAN 1      0                  0      0        0
...........................................................


WIND (MPH)
  RESULTANT WIND SPEED  MM   RESULTANT WIND DIRECTION  MM
  HIGHEST WIND SPEED    MM   HIGHEST WIND DIRECTION    MM
  HIGHEST GUST SPEED    23   HIGHEST GUST DIRECTION    SW (225)
  AVERAGE WIND SPEED    MM


SKY COVER
  POSSIBLE SUNSHINE  MM
  AVERAGE SKY COVER  MM


WEATHER CONDITIONS
 THE FOLLOWING WEATHER WAS RECORDED YESTERDAY.
  NO SIGNIFICANT WEATHER WAS OBSERVED.


RELATIVE HUMIDITY (PERCENT)
 HIGHEST    MM
 LOWEST     MM
 AVERAGE    MM

..........................................................


THE MARQUETTE MI CLIMATE NORMALS FOR TODAY
                         NORMAL    RECORD    YEAR
 MAXIMUM TEMPERATURE (F)   22        39      2017
                                             1968
 MINIMUM TEMPERATURE (F)    5       -20      2008
                                             1984


SUNRISE AND SUNSET
JANUARY 20 2018.......SUNRISE   826 AM EST   SUNSET   537 PM EST
JANUARY 21 2018.......SUNRISE   825 AM EST   SUNSET   538 PM EST


-  INDICATES NEGATIVE NUMBERS.
R  INDICATES RECORD WAS SET OR TIED.
MM INDICATES DATA IS MISSING.
T  INDICATES TRACE AMOUNT.




$$
