000
CDUS43 KMQT 300517
CLIMQT


CLIMATE REPORT
NATIONAL WEATHER SERVICE MARQUETTE MI
116 AM EDT THU MAR 30 2017


...................................

...THE MARQUETTE MI CLIMATE SUMMARY FOR MARCH 29 2017...

CLIMATE NORMAL PERIOD 1981 TO 2010
CLIMATE RECORD PERIOD 1961 TO 2017


WEATHER ITEM   OBSERVED RECORD YEAR NORMAL DEPARTURE LAST
                VALUE   VALUE       VALUE  FROM      YEAR
                                           NORMAL
...........................................................
TEMPERATURE (F)
 YESTERDAY
  MAXIMUM         35     62    1986  39     -4       53
  MINIMUM         24    -11    1970  20      4       17
  AVERAGE         30                 29      1       35

PRECIPITATION (IN)
  YESTERDAY        0.00   1.07 1977   0.10  -0.10     0.00
  MONTH TO DATE    1.84               2.83  -0.99     2.57
  SINCE MAR 1      1.84               2.83  -0.99     2.57
  SINCE JAN 1      6.42               7.38  -0.96     7.19

SNOWFALL (IN)
  YESTERDAY        0.0    6.1  1987   0.8   -0.8      0.0
  MONTH TO DATE   19.9               33.3  -13.4     14.9
  SINCE MAR 1     19.9               33.3  -13.4     14.9
  SINCE JUL 1    141.0              185.7  -44.7    115.0
  SNOW DEPTH       5

DEGREE DAYS
 HEATING
  YESTERDAY       35                 36     -1       30
  MONTH TO DATE 1195               1193      2     1038
  SINCE MAR 1   1195               1193      2     1038
  SINCE JUL 1   6879               7817   -938     6805

 COOLING
  YESTERDAY        0                  0      0        0
  MONTH TO DATE    0                  0      0        0
  SINCE MAR 1      0                  0      0        0
  SINCE JAN 1      0                  0      0        0
...........................................................

WIND (MPH)
  RESULTANT WIND SPEED  MM   RESULTANT WIND DIRECTION  MM
  HIGHEST WIND SPEED    MM   HIGHEST WIND DIRECTION    MM
  HIGHEST GUST SPEED    13   HIGHEST GUST DIRECTION     E (90)
  AVERAGE WIND SPEED    MM

SKY COVER
  POSSIBLE SUNSHINE  MM
  AVERAGE SKY COVER  MM

WEATHER CONDITIONS
 THE FOLLOWING WEATHER WAS RECORDED YESTERDAY.
  NO SIGNIFICANT WEATHER WAS OBSERVED.

RELATIVE HUMIDITY (PERCENT)
 HIGHEST    MM
 LOWEST     MM
 AVERAGE    MM
..........................................................

THE MARQUETTE MI CLIMATE NORMALS FOR TODAY
                         NORMAL    RECORD    YEAR
 MAXIMUM TEMPERATURE (F)   40        57      2006
                                             2005
                                             1993
 MINIMUM TEMPERATURE (F)   20        -7      1969


SUNRISE AND SUNSET
MARCH 30 2017.........SUNRISE   733 AM EDT   SUNSET   817 PM EDT
MARCH 31 2017.........SUNRISE   731 AM EDT   SUNSET   818 PM EDT


-  INDICATES NEGATIVE NUMBERS.
R  INDICATES RECORD WAS SET OR TIED.
MM INDICATES DATA IS MISSING.
T  INDICATES TRACE AMOUNT.




$$
