000
CDUS43 KMQT 200536
CLIMQT


CLIMATE REPORT
NATIONAL WEATHER SERVICE MARQUETTE MI
131 AM EDT SAT JUN 20 2015


...................................

...THE MARQUETTE MI CLIMATE SUMMARY FOR JUNE 19 2015...

CLIMATE NORMAL PERIOD 1981 TO 2010
CLIMATE RECORD PERIOD 1961 TO 2015


WEATHER ITEM   OBSERVED RECORD YEAR NORMAL DEPARTURE LAST
                VALUE   VALUE       VALUE  FROM      YEAR
                                           NORMAL
...........................................................
TEMPERATURE (F)
 YESTERDAY
  MAXIMUM         71     93    1995  73     -2       73
  MINIMUM         36R    36    1970  51    -15       47
  AVERAGE         54                 62     -8       60

PRECIPITATION (IN)
  YESTERDAY        0.00   0.44 1963   0.09  -0.09     0.00
  MONTH TO DATE    0.90               1.87  -0.97     2.48
  SINCE JUN 1      0.90               1.87  -0.97     2.48
  SINCE JAN 1     12.22              15.51  -3.29    14.94

SNOWFALL (IN)
  YESTERDAY        0.0   MM      MM   0.0    0.0      0.0
  MONTH TO DATE    0.0                0.0    0.0      0.0
  SINCE JUN 1      0.0                0.0    0.0      0.0
  SINCE JUL 1    178.7              203.3  -24.6    198.9
  SNOW DEPTH       0

DEGREE DAYS
 HEATING
  YESTERDAY       11                  5      6        5
  MONTH TO DATE  158                137     21      115
  SINCE JUN 1    158                137     21      115
  SINCE JUL 1   9943               9289    654    10351

 COOLING
  YESTERDAY        0                  2     -2        0
  MONTH TO DATE    0                 23    -23       15
  SINCE JUN 1      0                 23    -23       15
  SINCE JAN 1      2                 35    -33       35
...........................................................


WIND (MPH)
  RESULTANT WIND SPEED  MM   RESULTANT WIND DIRECTION  MM
  HIGHEST WIND SPEED    MM   HIGHEST WIND DIRECTION    MM
  HIGHEST GUST SPEED    16   HIGHEST GUST DIRECTION     E (90)
  AVERAGE WIND SPEED    MM


SKY COVER
  POSSIBLE SUNSHINE  MM
  AVERAGE SKY COVER  MM


WEATHER CONDITIONS
 THE FOLLOWING WEATHER WAS RECORDED YESTERDAY.
  NO SIGNIFICANT WEATHER WAS OBSERVED.


RELATIVE HUMIDITY (PERCENT)
 HIGHEST    MM
 LOWEST     MM
 AVERAGE    MM

..........................................................


THE MARQUETTE MI CLIMATE NORMALS FOR TODAY
                         NORMAL    RECORD    YEAR
 MAXIMUM TEMPERATURE (F)   73        88      2012
                                             2005
 MINIMUM TEMPERATURE (F)   51        32      1970


SUNRISE AND SUNSET
JUNE 20 2015..........SUNRISE   557 AM EDT   SUNSET   947 PM EDT
JUNE 21 2015..........SUNRISE   557 AM EDT   SUNSET   947 PM EDT


-  INDICATES NEGATIVE NUMBERS.
R  INDICATES RECORD WAS SET OR TIED.
MM INDICATES DATA IS MISSING.
T  INDICATES TRACE AMOUNT.




$$
