000
CDUS43 KMQT 181245
CLIMQT


CLIMATE REPORT
NATIONAL WEATHER SERVICE MARQUETTE MI
845 AM EDT TUE AUG 18 2015


...................................

...THE MARQUETTE MI CLIMATE SUMMARY FOR AUGUST 17 2015...

CLIMATE NORMAL PERIOD 1981 TO 2010
CLIMATE RECORD PERIOD 1961 TO 2015


WEATHER ITEM   OBSERVED RECORD YEAR NORMAL DEPARTURE LAST
                VALUE   VALUE       VALUE  FROM      YEAR
                                           NORMAL
...........................................................
TEMPERATURE (F)
 YESTERDAY
  MAXIMUM         MM     90    1969  74     MM       62
  MINIMUM         MM     36    1981  53     MM       44
  AVERAGE         MM                 64     MM       53

PRECIPITATION (IN)
  YESTERDAY       MM      1.09 1984   0.10  MM         T
  MONTH TO DATE    1.53               1.69  -0.16     0.85
  SINCE JUN 1      5.72               7.37  -1.65    10.66
  SINCE JAN 1     17.04              21.01  -3.97    23.12

SNOWFALL (IN)
  YESTERDAY       MM     MM      MM   0.0   MM        0.0
  MONTH TO DATE    0.0                0.0    0.0      0.0
  SINCE JUN 1      0.0                0.0    0.0       T
  SINCE JUL 1      0.0                0.0    0.0       T
  SNOW DEPTH      MM

DEGREE DAYS
 HEATING
  YESTERDAY       MM                  3     MM       12
  MONTH TO DATE   31                 51    -20       73
  SINCE JUN 1    301                312    -11      357
  SINCE JUL 1     99                130    -31      194

 COOLING
  YESTERDAY       MM                  2     MM        0
  MONTH TO DATE   54                 38     16        9
  SINCE JUN 1    160                180    -20      105
  SINCE JAN 1    162                192    -30      125
...........................................................


WIND (MPH)
  RESULTANT WIND SPEED  MM   RESULTANT WIND DIRECTION  MM
  HIGHEST WIND SPEED    MM   HIGHEST WIND DIRECTION    MM
  HIGHEST GUST SPEED    MM   HIGHEST GUST DIRECTION    MM
  AVERAGE WIND SPEED    MM


SKY COVER
  POSSIBLE SUNSHINE  MM
  AVERAGE SKY COVER  MM


WEATHER CONDITIONS
 THE FOLLOWING WEATHER WAS RECORDED YESTERDAY.
  NO SIGNIFICANT WEATHER WAS OBSERVED.


RELATIVE HUMIDITY (PERCENT)
 HIGHEST    MM
 LOWEST     MM
 AVERAGE    MM

..........................................................


THE MARQUETTE MI CLIMATE NORMALS FOR TODAY
                         NORMAL    RECORD    YEAR
 MAXIMUM TEMPERATURE (F)   74        88      2003
                                             1995
 MINIMUM TEMPERATURE (F)   53        32      1968


SUNRISE AND SUNSET
AUGUST 18 2015........SUNRISE   652 AM EDT   SUNSET   855 PM EDT
AUGUST 19 2015........SUNRISE   653 AM EDT   SUNSET   854 PM EDT


-  INDICATES NEGATIVE NUMBERS.
R  INDICATES RECORD WAS SET OR TIED.
MM INDICATES DATA IS MISSING.
T  INDICATES TRACE AMOUNT.




$$
