351
CDUS43 KMQT 142132
CLIMQT


CLIMATE REPORT
NATIONAL WEATHER SERVICE MARQUETTE MI
520 PM EDT WED SEP 14 2016


...................................

...THE MARQUETTE MI CLIMATE SUMMARY FOR SEPTEMBER 14 2016...
VALID TODAY AS OF 500 PM LOCAL TIME.

CLIMATE NORMAL PERIOD 1981 TO 2010
CLIMATE RECORD PERIOD 1961 TO 2016


WEATHER ITEM   OBSERVED RECORD YEAR NORMAL DEPARTURE LAST
                VALUE   VALUE       VALUE  FROM      YEAR
                                           NORMAL
...........................................................
TEMPERATURE (F)
 TODAY
  MAXIMUM         68     81    1997  67      1       78
  MINIMUM         45     29    1975  47     -2       53
  AVERAGE         57                 57      0       66

PRECIPITATION (IN)
  TODAY            T      1.61 2003   0.12  -0.12     0.00
  MONTH TO DATE    3.37               1.60   1.77     1.32
  SINCE SEP 1      3.37               1.60   1.77     1.32
  SINCE JAN 1     31.14              23.97   7.17    19.53

SNOWFALL (IN)
  TODAY            0.0   MM      MM   0.0    0.0      0.0
  MONTH TO DATE    0.0                0.0    0.0      0.0
  SINCE SEP 1      0.0                0.0    0.0      0.0
  SINCE JUL 1      T                  0.0    0.0      0.0
  SNOW DEPTH       0

DEGREE DAYS
 HEATING
  TODAY            8                  9     -1        0
  MONTH TO DATE   58                102    -44       63
  SINCE SEP 1     58                102    -44       63
  SINCE JUL 1    158                287   -129      231

 COOLING
  TODAY            0                  1     -1        1
  MONTH TO DATE   10                 17     -7       45
  SINCE SEP 1     10                 17     -7       45
  SINCE JAN 1    246                237      9      227
...........................................................


WIND (MPH)
  HIGHEST WIND SPEED    MM   HIGHEST WIND DIRECTION    MM
  HIGHEST GUST SPEED    13   HIGHEST GUST DIRECTION    SW (225)
  AVERAGE WIND SPEED    MM


SKY COVER
  POSSIBLE SUNSHINE  MM
  AVERAGE SKY COVER  MM


WEATHER CONDITIONS
 THE FOLLOWING WEATHER WAS RECORDED TODAY.
  LIGHT RAIN
  FOG


RELATIVE HUMIDITY (PERCENT)
 HIGHEST    MM
 LOWEST     MM
 AVERAGE    MM

..........................................................


THE MARQUETTE MI CLIMATE NORMALS FOR TOMORROW
                         NORMAL    RECORD    YEAR
 MAXIMUM TEMPERATURE (F)   66        84      2015
 MINIMUM TEMPERATURE (F)   46        31      2011
                                             2007


SUNRISE AND SUNSET
SEPTEMBER 14 2016.....SUNRISE   727 AM EDT   SUNSET   803 PM EDT
SEPTEMBER 15 2016.....SUNRISE   729 AM EDT   SUNSET   801 PM EDT


-  INDICATES NEGATIVE NUMBERS.
R  INDICATES RECORD WAS SET OR TIED.
MM INDICATES DATA IS MISSING.
T  INDICATES TRACE AMOUNT.




$$
