724
CDUS43 KMQT 210519
CLIMQT


CLIMATE REPORT
NATIONAL WEATHER SERVICE MARQUETTE MI
1218 AM EST SAT JAN 21 2017


...................................

...THE MARQUETTE MI CLIMATE SUMMARY FOR JANUARY 20 2017...

CLIMATE NORMAL PERIOD 1981 TO 2010
CLIMATE RECORD PERIOD 1961 TO 2017


WEATHER ITEM   OBSERVED RECORD YEAR NORMAL DEPARTURE LAST
                VALUE   VALUE       VALUE  FROM      YEAR
                                           NORMAL
...........................................................
TEMPERATURE (F)
 YESTERDAY
  MAXIMUM         39R    39    1968  22     17       22
  MINIMUM         23    -20    2008   5     18       -4
                               1984
  AVERAGE         31                 13     18        9

PRECIPITATION (IN)
  YESTERDAY        0.22   2.21 1988   0.07   0.15     0.00
  MONTH TO DATE    1.20               1.56  -0.36     1.20
  SINCE DEC 1      3.39               4.13  -0.74     6.07
  SINCE JAN 1      1.20               1.56  -0.36     1.20

SNOWFALL (IN)
  YESTERDAY        0.0   22.9  1988   1.4   -1.4      0.0
  MONTH TO DATE   16.4               28.0  -11.6     22.9
  SINCE DEC 1     58.4               70.8  -12.4     41.8
  SINCE JUL 1     72.6              101.3  -28.7     49.7
  SNOW DEPTH      13

DEGREE DAYS
 HEATING
  YESTERDAY       34                 52    -18       56
  MONTH TO DATE  988               1023    -35     1006
  SINCE DEC 1   2421               2463    -42     2116
  SINCE JUL 1   4046               4665   -619     3948

 COOLING
  YESTERDAY        0                  0      0        0
  MONTH TO DATE    0                  0      0        0
  SINCE DEC 1      0                  0      0        0
  SINCE JAN 1      0                  0      0        0
...........................................................


WIND (MPH)
  RESULTANT WIND SPEED  MM   RESULTANT WIND DIRECTION  MM
  HIGHEST WIND SPEED    MM   HIGHEST WIND DIRECTION    MM
  HIGHEST GUST SPEED     9   HIGHEST GUST DIRECTION    SW (225)
  AVERAGE WIND SPEED    MM


SKY COVER
  POSSIBLE SUNSHINE  MM
  AVERAGE SKY COVER  MM


WEATHER CONDITIONS
 THE FOLLOWING WEATHER WAS RECORDED YESTERDAY.
  LIGHT RAIN
  FOG


RELATIVE HUMIDITY (PERCENT)
 HIGHEST    MM
 LOWEST     MM
 AVERAGE    MM

..........................................................


THE MARQUETTE MI CLIMATE NORMALS FOR TODAY
                         NORMAL    RECORD    YEAR
 MAXIMUM TEMPERATURE (F)   22        44      1981
 MINIMUM TEMPERATURE (F)    5       -24      1984


SUNRISE AND SUNSET
JANUARY 21 2017.......SUNRISE   825 AM EST   SUNSET   538 PM EST
JANUARY 22 2017.......SUNRISE   824 AM EST   SUNSET   540 PM EST


-  INDICATES NEGATIVE NUMBERS.
R  INDICATES RECORD WAS SET OR TIED.
MM INDICATES DATA IS MISSING.
T  INDICATES TRACE AMOUNT.




$$
