000
CDUS43 KMQT 260510
CLIMQT


CLIMATE REPORT
NATIONAL WEATHER SERVICE MARQUETTE MI
108 AM EDT THU MAR 26 2015


...................................

...THE MARQUETTE MI CLIMATE SUMMARY FOR MARCH 25 2015...

CLIMATE NORMAL PERIOD 1981 TO 2010
CLIMATE RECORD PERIOD 1961 TO 2015


WEATHER ITEM   OBSERVED RECORD YEAR NORMAL DEPARTURE LAST
                VALUE   VALUE       VALUE  FROM      YEAR
                                           NORMAL
...........................................................
TEMPERATURE (F)
 YESTERDAY
  MAXIMUM         34     59    1993  38     -4       13
                               1968
  MINIMUM         24    -12    1971  18      6       -6
  AVERAGE         29                 28      1        4

PRECIPITATION (IN)
  YESTERDAY        0.43   1.12 1996   0.10   0.33     0.15
  MONTH TO DATE    0.90               2.43  -1.53     1.34
  SINCE MAR 1      0.90               2.43  -1.53     1.34
  SINCE JAN 1      3.82               6.98  -3.16     4.86

SNOWFALL (IN)
  YESTERDAY        4.5   11.6  1996   1.0    3.5      3.4
  MONTH TO DATE    7.5               29.8  -22.3     23.2
  SINCE MAR 1      7.5               29.8  -22.3     23.2
  SINCE JUL 1    161.5              182.2  -20.7    152.7
  SNOW DEPTH      16

DEGREE DAYS
 HEATING
  YESTERDAY       36                 37     -1       61
  MONTH TO DATE  994               1048    -54     1300
  SINCE MAR 1    994               1048    -54     1300
  SINCE JUL 1   8305               7672    633     8622

 COOLING
  YESTERDAY        0                  0      0        0
  MONTH TO DATE    0                  0      0        0
  SINCE MAR 1      0                  0      0        0
  SINCE JAN 1      0                  0      0        0
...........................................................


WIND (MPH)
  RESULTANT WIND SPEED  MM   RESULTANT WIND DIRECTION  MM
  HIGHEST WIND SPEED    MM   HIGHEST WIND DIRECTION    MM
  HIGHEST GUST SPEED    28   HIGHEST GUST DIRECTION     W (270)
  AVERAGE WIND SPEED    MM


SKY COVER
  POSSIBLE SUNSHINE  MM
  AVERAGE SKY COVER  MM


WEATHER CONDITIONS
 THE FOLLOWING WEATHER WAS RECORDED YESTERDAY.
  LIGHT SNOW


RELATIVE HUMIDITY (PERCENT)
 HIGHEST    MM
 LOWEST     MM
 AVERAGE    MM

..........................................................


THE MARQUETTE MI CLIMATE NORMALS FOR TODAY
                         NORMAL    RECORD    YEAR
 MAXIMUM TEMPERATURE (F)   38        63      2007
 MINIMUM TEMPERATURE (F)   18       -15      1965


SUNRISE AND SUNSET
MARCH 26 2015.........SUNRISE   742 AM EDT   SUNSET   811 PM EDT
MARCH 27 2015.........SUNRISE   740 AM EDT   SUNSET   812 PM EDT


-  INDICATES NEGATIVE NUMBERS.
R  INDICATES RECORD WAS SET OR TIED.
MM INDICATES DATA IS MISSING.
T  INDICATES TRACE AMOUNT.

$$

TITUS
