756
CDUS43 KMQT 220516
CLIMQT


CLIMATE REPORT
NATIONAL WEATHER SERVICE MARQUETTE MI
116 AM EDT TUE AUG 22 2017


...................................

...THE MARQUETTE MI CLIMATE SUMMARY FOR AUGUST 21 2017...

CLIMATE NORMAL PERIOD 1981 TO 2010
CLIMATE RECORD PERIOD 1961 TO 2017


WEATHER ITEM   OBSERVED RECORD YEAR NORMAL DEPARTURE LAST
                VALUE   VALUE       VALUE  FROM      YEAR
                                           NORMAL
...........................................................
TEMPERATURE (F)
 YESTERDAY
  MAXIMUM         76     91    1976  74      2       64
  MINIMUM         56     36    1969  53      3       47
  AVERAGE         66                 63      3       56

PRECIPITATION (IN)
  YESTERDAY        0.31   1.36 1975   0.10   0.21     0.37
  MONTH TO DATE    2.94               2.06   0.88     3.99
  SINCE JUN 1     10.89               7.74   3.15    11.02
  SINCE JAN 1     25.73              21.38   4.35    27.23

SNOWFALL (IN)
  YESTERDAY        0.0   MM      MM   0.0    0.0      0.0
  MONTH TO DATE    0.0                0.0    0.0      0.0
  SINCE JUN 1      T                  0.0    0.0       T
  SINCE JUL 1      T                  0.0    0.0       T
  SNOW DEPTH       0

DEGREE DAYS
 HEATING
  YESTERDAY        0                  3     -3        9
  MONTH TO DATE   85                 63     22       20
  SINCE JUN 1    305                324    -19      257
  SINCE JUL 1    164                142     22       75

 COOLING
  YESTERDAY        1                  2     -1        0
  MONTH TO DATE   16                 46    -30       67
  SINCE JUN 1     93                188    -95      210
  SINCE JAN 1     93                200   -107      221
...........................................................


WIND (MPH)
  RESULTANT WIND SPEED  MM   RESULTANT WIND DIRECTION  MM
  HIGHEST WIND SPEED    MM   HIGHEST WIND DIRECTION    MM
  HIGHEST GUST SPEED    10   HIGHEST GUST DIRECTION     W (270)
  AVERAGE WIND SPEED    MM


SKY COVER
  POSSIBLE SUNSHINE  MM
  AVERAGE SKY COVER  MM


WEATHER CONDITIONS
 THE FOLLOWING WEATHER WAS RECORDED YESTERDAY.
  THUNDERSTORM
  RAIN
  LIGHT RAIN


RELATIVE HUMIDITY (PERCENT)
 HIGHEST    MM
 LOWEST     MM
 AVERAGE    MM

..........................................................


THE MARQUETTE MI CLIMATE NORMALS FOR TODAY
                         NORMAL    RECORD    YEAR
 MAXIMUM TEMPERATURE (F)   74        91      1969
 MINIMUM TEMPERATURE (F)   53        34      1967


SUNRISE AND SUNSET
AUGUST 22 2017........SUNRISE   658 AM EDT   SUNSET   847 PM EDT
AUGUST 23 2017........SUNRISE   659 AM EDT   SUNSET   845 PM EDT


-  INDICATES NEGATIVE NUMBERS.
R  INDICATES RECORD WAS SET OR TIED.
MM INDICATES DATA IS MISSING.
T  INDICATES TRACE AMOUNT.




$$
