000
CDUS43 KMQT 010556
CLIMQT


CLIMATE REPORT
NATIONAL WEATHER SERVICE MARQUETTE MI
1249 AM EST THU DEC 1 2016


...................................

...THE MARQUETTE MI CLIMATE SUMMARY FOR NOVEMBER 30 2016...

CLIMATE NORMAL PERIOD 1981 TO 2010
CLIMATE RECORD PERIOD 1961 TO 2016


WEATHER ITEM   OBSERVED RECORD YEAR NORMAL DEPARTURE LAST
                VALUE   VALUE       VALUE  FROM      YEAR
                                           NORMAL
...........................................................
TEMPERATURE (F)
 YESTERDAY
  MAXIMUM         34     57    1998  31      3       36
  MINIMUM         26    -10    1976  17      9       16
  AVERAGE         30                 24      6       26

PRECIPITATION (IN)
  YESTERDAY        0.10   0.84 1991   0.11  -0.01     0.00
  MONTH TO DATE    1.78               3.18  -1.40     2.15
  SINCE SEP 1     10.31              10.74  -0.43     6.69
  SINCE JAN 1     38.08              33.11   4.97    24.90

SNOWFALL (IN)
  YESTERDAY        T      7.0  1987   1.2   -1.2      0.0
  MONTH TO DATE   14.2               24.4  -10.2      6.7
  SINCE SEP 1     14.2               30.5  -16.3      7.9
  SINCE JUL 1     14.2               30.5  -16.3      7.9
  SNOW DEPTH       0

DEGREE DAYS
 HEATING
  YESTERDAY       35                 41     -6       39
  MONTH TO DATE  771               1041   -270      846
  SINCE SEP 1   1525               2017   -492     1664
  SINCE JUL 1   1625               2202   -577     1832

 COOLING
  YESTERDAY        0                  0      0        0
  MONTH TO DATE    0                  0      0        0
  SINCE SEP 1     10                 22    -12       68
  SINCE JAN 1    246                242      4      250
...........................................................


WIND (MPH)
  RESULTANT WIND SPEED  MM   RESULTANT WIND DIRECTION  MM
  HIGHEST WIND SPEED    MM   HIGHEST WIND DIRECTION    MM
  HIGHEST GUST SPEED    14   HIGHEST GUST DIRECTION    NW (315)
  AVERAGE WIND SPEED    MM


SKY COVER
  POSSIBLE SUNSHINE  MM
  AVERAGE SKY COVER  MM


WEATHER CONDITIONS
 THE FOLLOWING WEATHER WAS RECORDED YESTERDAY.
  LIGHT RAIN
  LIGHT SNOW
  SLEET
  FOG


RELATIVE HUMIDITY (PERCENT)
 HIGHEST    MM
 LOWEST     MM
 AVERAGE    MM

..........................................................


THE MARQUETTE MI CLIMATE NORMALS FOR TODAY
                         NORMAL    RECORD    YEAR
 MAXIMUM TEMPERATURE (F)   30        53      1962
 MINIMUM TEMPERATURE (F)   16       -11      2014


SUNRISE AND SUNSET
DECEMBER  1 2016......SUNRISE   814 AM EST   SUNSET   505 PM EST
DECEMBER  2 2016......SUNRISE   815 AM EST   SUNSET   504 PM EST


-  INDICATES NEGATIVE NUMBERS.
R  INDICATES RECORD WAS SET OR TIED.
MM INDICATES DATA IS MISSING.
T  INDICATES TRACE AMOUNT.




$$
