000
CDUS43 KMQT 300500
CLIMQT


CLIMATE REPORT
NATIONAL WEATHER SERVICE MARQUETTE MI
100 AM EDT MON MAY 30 2016


...................................

...THE MARQUETTE MI CLIMATE SUMMARY FOR MAY 29 2016...

CLIMATE NORMAL PERIOD 1981 TO 2010
CLIMATE RECORD PERIOD 1961 TO 2016


WEATHER ITEM   OBSERVED RECORD YEAR NORMAL DEPARTURE LAST
                VALUE   VALUE       VALUE  FROM      YEAR
                                           NORMAL
...........................................................
TEMPERATURE (F)
 YESTERDAY
  MAXIMUM         71     93    2006  67      4       73
  MINIMUM         57     27    1965  44     13       49
  AVERAGE         64                 55      9       61

PRECIPITATION (IN)
  YESTERDAY        1.08   2.90 1983   0.11   0.97     0.28
  MONTH TO DATE    4.42               2.83   1.59     4.60
  SINCE MAR 1     11.59               8.87   2.72     8.36
  SINCE JAN 1     16.21              13.42   2.79    11.28

SNOWFALL (IN)
  YESTERDAY        0.0   MM      MM   0.0    0.0      0.0
  MONTH TO DATE    1.1                1.5   -0.4      0.3
  SINCE MAR 1     60.8               50.9    9.9     24.7
  SINCE JUL 1    160.9              203.3  -42.4    178.7
  SNOW DEPTH       0

DEGREE DAYS
 HEATING
  YESTERDAY        1                 10     -9        4
  MONTH TO DATE  396                430    -34      367
  SINCE MAR 1   2419               2508    -89     2429
  SINCE JUL 1   8186               9132   -946     9740

 COOLING
  YESTERDAY        0                  1     -1        0
  MONTH TO DATE   11                  9      2        2
  SINCE MAR 1     11                 10      1        2
  SINCE JAN 1     11                 10      1        2
...........................................................


WIND (MPH)
  RESULTANT WIND SPEED  MM   RESULTANT WIND DIRECTION  MM
  HIGHEST WIND SPEED    MM   HIGHEST WIND DIRECTION    MM
  HIGHEST GUST SPEED    25   HIGHEST GUST DIRECTION     W (270)
  AVERAGE WIND SPEED    MM


SKY COVER
  POSSIBLE SUNSHINE  MM
  AVERAGE SKY COVER  MM


WEATHER CONDITIONS
 THE FOLLOWING WEATHER WAS RECORDED YESTERDAY.
  THUNDERSTORM
  HEAVY RAIN
  RAIN
  LIGHT RAIN


RELATIVE HUMIDITY (PERCENT)
 HIGHEST    MM
 LOWEST     MM
 AVERAGE    MM

..........................................................


THE MARQUETTE MI CLIMATE NORMALS FOR TODAY
                         NORMAL    RECORD    YEAR
 MAXIMUM TEMPERATURE (F)   67        93      1986
 MINIMUM TEMPERATURE (F)   44        28      1973


SUNRISE AND SUNSET
MAY 30 2016...........SUNRISE   602 AM EDT   SUNSET   934 PM EDT
MAY 31 2016...........SUNRISE   601 AM EDT   SUNSET   935 PM EDT


-  INDICATES NEGATIVE NUMBERS.
R  INDICATES RECORD WAS SET OR TIED.
MM INDICATES DATA IS MISSING.
T  INDICATES TRACE AMOUNT.

$$
