974
CDUS43 KMQT 180530
CLIMQT


CLIMATE REPORT
NATIONAL WEATHER SERVICE MARQUETTE MI
130 AM EDT FRI AUG 18 2017


...................................

...THE MARQUETTE MI CLIMATE SUMMARY FOR AUGUST 17 2017...

CLIMATE NORMAL PERIOD 1981 TO 2010
CLIMATE RECORD PERIOD 1961 TO 2017


WEATHER ITEM   OBSERVED RECORD YEAR NORMAL DEPARTURE LAST
                VALUE   VALUE       VALUE  FROM      YEAR
                                           NORMAL
...........................................................
TEMPERATURE (F)
 YESTERDAY
  MAXIMUM         74     90    1969  74      0       80
  MINIMUM         59     36    1981  53      6       58
  AVERAGE         67                 64      3       69

PRECIPITATION (IN)
  YESTERDAY        0.28   1.09 1984   0.10   0.18     0.00
  MONTH TO DATE    2.59               1.69   0.90     0.88
  SINCE JUN 1     10.54               7.37   3.17     7.91
  SINCE JAN 1     25.38              21.01   4.37    24.12

SNOWFALL (IN)
  YESTERDAY        0.0   MM      MM   0.0    0.0      0.0
  MONTH TO DATE    0.0                0.0    0.0      0.0
  SINCE JUN 1      T                  0.0    0.0       T
  SINCE JUL 1      T                  0.0    0.0       T
  SNOW DEPTH       0

DEGREE DAYS
 HEATING
  YESTERDAY        0                  3     -3        0
  MONTH TO DATE   79                 51     28        6
  SINCE JUN 1    299                312    -13      243
  SINCE JUL 1    158                130     28       61

 COOLING
  YESTERDAY        2                  2      0        4
  MONTH TO DATE   12                 38    -26       58
  SINCE JUN 1     89                180    -91      201
  SINCE JAN 1     89                192   -103      212
...........................................................


WIND (MPH)
  RESULTANT WIND SPEED  MM   RESULTANT WIND DIRECTION  MM
  HIGHEST WIND SPEED    MM   HIGHEST WIND DIRECTION    MM
  HIGHEST GUST SPEED    17   HIGHEST GUST DIRECTION     W (270)
  AVERAGE WIND SPEED    MM


SKY COVER
  POSSIBLE SUNSHINE  MM
  AVERAGE SKY COVER  MM


WEATHER CONDITIONS
 THE FOLLOWING WEATHER WAS RECORDED YESTERDAY.
  LIGHT RAIN
  FOG


RELATIVE HUMIDITY (PERCENT)
 HIGHEST    MM
 LOWEST     MM
 AVERAGE    MM

..........................................................


THE MARQUETTE MI CLIMATE NORMALS FOR TODAY
                         NORMAL    RECORD    YEAR
 MAXIMUM TEMPERATURE (F)   74        88      2003
                                             1995
 MINIMUM TEMPERATURE (F)   53        32      1968


SUNRISE AND SUNSET
AUGUST 18 2017........SUNRISE   653 AM EDT   SUNSET   854 PM EDT
AUGUST 19 2017........SUNRISE   654 AM EDT   SUNSET   853 PM EDT


-  INDICATES NEGATIVE NUMBERS.
R  INDICATES RECORD WAS SET OR TIED.
MM INDICATES DATA IS MISSING.
T  INDICATES TRACE AMOUNT.




$$
