000
CDUS43 KMQT 040519
CLIMQT


CLIMATE REPORT
NATIONAL WEATHER SERVICE MARQUETTE MI
1220 AM EST WED MAR 4 2015


...................................

...THE MARQUETTE MI CLIMATE SUMMARY FOR MARCH 3 2015...

CLIMATE NORMAL PERIOD 1981 TO 2010
CLIMATE RECORD PERIOD 1961 TO 2015


WEATHER ITEM   OBSERVED RECORD YEAR NORMAL DEPARTURE LAST
                VALUE   VALUE       VALUE  FROM      YEAR
                                           NORMAL
...........................................................
TEMPERATURE (F)
 YESTERDAY
  MAXIMUM         24     51    2000  30     -6       17
  MINIMUM         14    -30    2003   9      5      -19
  AVERAGE         19                 20     -1       -1

PRECIPITATION (IN)
  YESTERDAY        0.10   1.43 2012   0.09   0.01      T
  MONTH TO DATE    0.10               0.28  -0.18      T
  SINCE MAR 1      0.10               0.28  -0.18      T
  SINCE JAN 1      3.02               4.83  -1.81     3.52

SNOWFALL (IN)
  YESTERDAY        2.3   18.5  2012   1.3    1.0       T
  MONTH TO DATE    2.3                4.0   -1.7       T
  SINCE MAR 1      2.3                4.0   -1.7       T
  SINCE JUL 1    156.3              156.4   -0.1    129.5
  SNOW DEPTH      32

DEGREE DAYS
 HEATING
  YESTERDAY       46                 45      1       66
  MONTH TO DATE  145                137      8      202
  SINCE MAR 1    145                137      8      202
  SINCE JUL 1   7456               6761    695     7524

 COOLING
  YESTERDAY        0                  0      0        0
  MONTH TO DATE    0                  0      0        0
  SINCE MAR 1      0                  0      0        0
  SINCE JAN 1      0                  0      0        0
...........................................................


WIND (MPH)
  RESULTANT WIND SPEED  MM   RESULTANT WIND DIRECTION  MM
  HIGHEST WIND SPEED    MM   HIGHEST WIND DIRECTION    MM
  HIGHEST GUST SPEED    33   HIGHEST GUST DIRECTION     W (270)
  AVERAGE WIND SPEED    MM


SKY COVER
  POSSIBLE SUNSHINE  MM
  AVERAGE SKY COVER  MM


WEATHER CONDITIONS
 THE FOLLOWING WEATHER WAS RECORDED YESTERDAY.
  LIGHT SNOW
  BLOWING SNOW


RELATIVE HUMIDITY (PERCENT)
 HIGHEST    MM
 LOWEST     MM
 AVERAGE    MM

..........................................................


THE MARQUETTE MI CLIMATE NORMALS FOR TODAY
                         NORMAL    RECORD    YEAR
 MAXIMUM TEMPERATURE (F)   31        53      2000
 MINIMUM TEMPERATURE (F)    9       -15      1996


SUNRISE AND SUNSET
MARCH  4 2015.........SUNRISE   724 AM EST   SUNSET   640 PM EST
MARCH  5 2015.........SUNRISE   723 AM EST   SUNSET   642 PM EST


-  INDICATES NEGATIVE NUMBERS.
R  INDICATES RECORD WAS SET OR TIED.
MM INDICATES DATA IS MISSING.
T  INDICATES TRACE AMOUNT.

$$
