000
CDUS43 KMQT 012128
CLIMQT


CLIMATE REPORT
NATIONAL WEATHER SERVICE MARQUETTE MI
528 PM EDT WED OCT 1 2014


...................................

...THE MARQUETTE MI CLIMATE SUMMARY FOR OCTOBER 1 2014...
VALID TODAY AS OF 500 PM LOCAL TIME.

CLIMATE NORMAL PERIOD 1981 TO 2010
CLIMATE RECORD PERIOD 1961 TO 2014


WEATHER ITEM   OBSERVED RECORD YEAR NORMAL DEPARTURE LAST
                VALUE   VALUE       VALUE  FROM      YEAR
                                           NORMAL
...........................................................
TEMPERATURE (F)
 TODAY
  MAXIMUM         56     83    1976  59     -3       76
  MINIMUM         45     26    2009  40      5       53
  AVERAGE         51                 49      2       65

PRECIPITATION (IN)
  TODAY            T      1.66 1981   0.13  -0.13      T
  MONTH TO DATE    T                  0.13  -0.13      T
  SINCE SEP 1      4.10               3.85   0.25     2.02
  SINCE JAN 1     30.84              26.22   4.62    29.77

SNOWFALL (IN)
  TODAY            0.0    7.4  1981   0.1   -0.1      0.0
  MONTH TO DATE    0.0                0.1   -0.1      0.0
  SINCE SEP 1      0.0                0.2   -0.2      0.0
  SINCE JUL 1      T                  0.2   -0.2      0.0
  SNOW DEPTH       0

DEGREE DAYS
 HEATING
  TODAY           14                 16     -2        0
  MONTH TO DATE   14                 16     -2        0
  SINCE SEP 1    294                313    -19      251
  SINCE JUL 1    541                498     43      465

 COOLING
  TODAY            0                  0      0        0
  MONTH TO DATE    0                  0      0        0
  SINCE SEP 1      5                 21    -16       10
  SINCE JAN 1    152                241    -89      280
...........................................................


WIND (MPH)
  HIGHEST WIND SPEED    MM   HIGHEST WIND DIRECTION    MM
  HIGHEST GUST SPEED    29   HIGHEST GUST DIRECTION     S (180)
  AVERAGE WIND SPEED    MM


SKY COVER
  POSSIBLE SUNSHINE  MM
  AVERAGE SKY COVER  MM


WEATHER CONDITIONS
 THE FOLLOWING WEATHER WAS RECORDED TODAY.
  LIGHT RAIN


RELATIVE HUMIDITY (PERCENT)
 HIGHEST    MM
 LOWEST     MM
 AVERAGE    MM

..........................................................


THE MARQUETTE MI CLIMATE NORMALS FOR TOMORROW
                         NORMAL    RECORD    YEAR
 MAXIMUM TEMPERATURE (F)   59        87      1992
 MINIMUM TEMPERATURE (F)   39        24      1975


SUNRISE AND SUNSET
OCTOBER  1 2014.......SUNRISE   749 AM EDT   SUNSET   730 PM EDT
OCTOBER  2 2014.......SUNRISE   750 AM EDT   SUNSET   728 PM EDT


-  INDICATES NEGATIVE NUMBERS.
R  INDICATES RECORD WAS SET OR TIED.
MM INDICATES DATA IS MISSING.
T  INDICATES TRACE AMOUNT.




$$
