000
CDUS43 KMQT 060937
CLIMQT


CLIMATE REPORT
NATIONAL WEATHER SERVICE MARQUETTE MI
436 AM EST FRI MAR 6 2015


...................................

...THE MARQUETTE MI CLIMATE SUMMARY FOR MARCH 5 2015...

CLIMATE NORMAL PERIOD 1981 TO 2010
CLIMATE RECORD PERIOD 1961 TO 2015


WEATHER ITEM   OBSERVED RECORD YEAR NORMAL DEPARTURE LAST
                VALUE   VALUE       VALUE  FROM      YEAR
                                           NORMAL
...........................................................
TEMPERATURE (F)
 YESTERDAY
  MAXIMUM         14     53    2000  31    -17       13
  MINIMUM        -17R   -17    2003   9    -26       -4
  AVERAGE         -1                 20    -21        5

PRECIPITATION (IN)
  YESTERDAY        T      1.86 2004   0.09  -0.09     0.01
  MONTH TO DATE    0.10               0.46  -0.36     0.04
  SINCE MAR 1      0.10               0.46  -0.36     0.04
  SINCE JAN 1      3.02               5.01  -1.99     3.56

SNOWFALL (IN)
  YESTERDAY        T     15.8  2001   1.3   -1.3      0.2
  MONTH TO DATE    2.3                6.6   -4.3      0.6
  SINCE MAR 1      2.3                6.6   -4.3      0.6
  SINCE JUL 1    156.3              159.0   -2.7    130.1
  SNOW DEPTH      33

DEGREE DAYS
 HEATING
  YESTERDAY       66                 45     21       60
  MONTH TO DATE  272                227     45      320
  SINCE MAR 1    272                227     45      320
  SINCE JUL 1   7583               6851    732     7642

 COOLING
  YESTERDAY        0                  0      0        0
  MONTH TO DATE    0                  0      0        0
  SINCE MAR 1      0                  0      0        0
  SINCE JAN 1      0                  0      0        0
...........................................................


WIND (MPH)
  RESULTANT WIND SPEED  MM   RESULTANT WIND DIRECTION  MM
  HIGHEST WIND SPEED    MM   HIGHEST WIND DIRECTION    MM
  HIGHEST GUST SPEED    16   HIGHEST GUST DIRECTION     W (270)
  AVERAGE WIND SPEED    MM


SKY COVER
  POSSIBLE SUNSHINE  MM
  AVERAGE SKY COVER  MM


WEATHER CONDITIONS
 THE FOLLOWING WEATHER WAS RECORDED YESTERDAY.
  LIGHT SNOW


RELATIVE HUMIDITY (PERCENT)
 HIGHEST    MM
 LOWEST     MM
 AVERAGE    MM

..........................................................


THE MARQUETTE MI CLIMATE NORMALS FOR TODAY
                         NORMAL    RECORD    YEAR
 MAXIMUM TEMPERATURE (F)   31        64      2000
 MINIMUM TEMPERATURE (F)   10       -26      2003


SUNRISE AND SUNSET
MARCH  6 2015.........SUNRISE   721 AM EST   SUNSET   643 PM EST
MARCH  7 2015.........SUNRISE   719 AM EST   SUNSET   644 PM EST


-  INDICATES NEGATIVE NUMBERS.
R  INDICATES RECORD WAS SET OR TIED.
MM INDICATES DATA IS MISSING.
T  INDICATES TRACE AMOUNT.




$$
