000
CDUS43 KMQT 262107
CLIMQT


CLIMATE REPORT
NATIONAL WEATHER SERVICE MARQUETTE MI
507 PM EDT SUN MAR 26 2017


...................................

...THE MARQUETTE MI CLIMATE SUMMARY FOR MARCH 26 2017...
VALID TODAY AS OF 0500 PM LOCAL TIME.

CLIMATE NORMAL PERIOD 1981 TO 2010
CLIMATE RECORD PERIOD 1961 TO 2017


WEATHER ITEM   OBSERVED RECORD YEAR NORMAL DEPARTURE LAST
                VALUE   VALUE       VALUE  FROM      YEAR
                                           NORMAL
...........................................................
TEMPERATURE (F)
 TODAY
  MAXIMUM         34     63    2007  38     -4       49
  MINIMUM         29    -15    1965  18     11       28
  AVERAGE         32                 28      4       39

PRECIPITATION (IN)
  TODAY            0.03   0.43 1964   0.10  -0.07     0.01
  MONTH TO DATE    1.56               2.53  -0.97     2.42
  SINCE MAR 1      1.56               2.53  -0.97     2.42
  SINCE JAN 1      6.14               7.08  -0.94     7.04

SNOWFALL (IN)
  TODAY            0.0    5.7  1982   0.9   -0.9      0.0
  MONTH TO DATE   19.9               30.7  -10.8     14.8
  SINCE MAR 1     19.9               30.7  -10.8     14.8
  SINCE JUL 1    141.0              183.1  -42.1    114.9
  SNOW DEPTH       7

DEGREE DAYS
 HEATING
  TODAY           33                 37     -4       26
  MONTH TO DATE 1103               1085     18      944
  SINCE MAR 1   1103               1085     18      944
  SINCE JUL 1   6787               7709   -922     6711

 COOLING
  TODAY            0                  0      0        0
  MONTH TO DATE    0                  0      0        0
  SINCE MAR 1      0                  0      0        0
  SINCE JAN 1      0                  0      0        0
...........................................................


WIND (MPH)
  HIGHEST WIND SPEED    MM   HIGHEST WIND DIRECTION    MM
  HIGHEST GUST SPEED    14   HIGHEST GUST DIRECTION     S (180)
  AVERAGE WIND SPEED    MM


SKY COVER
  POSSIBLE SUNSHINE  MM
  AVERAGE SKY COVER  MM


WEATHER CONDITIONS
 THE FOLLOWING WEATHER WAS RECORDED TODAY.
  LIGHT RAIN
  LT FREEZING RAIN
  FOG
  FOG W/VISIBILITY <= 1/4 MILE


RELATIVE HUMIDITY (PERCENT)
 HIGHEST    MM
 LOWEST     MM
 AVERAGE    MM

..........................................................


THE MARQUETTE MI CLIMATE NORMALS FOR TOMORROW
                         NORMAL    RECORD    YEAR
 MAXIMUM TEMPERATURE (F)   39        68      1989
 MINIMUM TEMPERATURE (F)   19       -11      1965


SUNRISE AND SUNSET
MARCH 26 2017.........SUNRISE   741 AM EDT   SUNSET   811 PM EDT
MARCH 27 2017.........SUNRISE   739 AM EDT   SUNSET   813 PM EDT


-  INDICATES NEGATIVE NUMBERS.
R  INDICATES RECORD WAS SET OR TIED.
MM INDICATES DATA IS MISSING.
T  INDICATES TRACE AMOUNT.




$$
