000
CDUS43 KMQT 170515
CLIMQT


CLIMATE REPORT
NATIONAL WEATHER SERVICE MARQUETTE MI
1215 AM EST SAT FEB 17 2018


...................................

...THE MARQUETTE MI CLIMATE SUMMARY FOR FEBRUARY 16 2018...

CLIMATE NORMAL PERIOD 1981 TO 2010
CLIMATE RECORD PERIOD 1961 TO 2018


WEATHER ITEM   OBSERVED RECORD YEAR NORMAL DEPARTURE LAST
                VALUE   VALUE       VALUE  FROM      YEAR
                                           NORMAL
...........................................................
TEMPERATURE (F)
 YESTERDAY
  MAXIMUM         20     57    2011  26     -6       26
  MINIMUM          4    -25    1963   5     -1        0
  AVERAGE         12                 16     -4       13

PRECIPITATION (IN)
  YESTERDAY        0.02   1.12 1990   0.08  -0.06      T
  MONTH TO DATE    0.26               1.17  -0.91     1.22
  SINCE DEC 1      5.12               6.15  -1.03     5.15
  SINCE JAN 1      2.98               3.58  -0.60     2.96

SNOWFALL (IN)
  YESTERDAY        0.9   17.4  1990   1.3   -0.4       T
  MONTH TO DATE    4.4               20.3  -15.9     20.0
  SINCE DEC 1     79.2              106.3  -27.1     92.2
  SINCE JUL 1    104.2              136.8  -32.6    106.4
  SNOW DEPTH      19

DEGREE DAYS
 HEATING
  YESTERDAY       53                 49      4       52
  MONTH TO DATE  928                812    116      788
  SINCE DEC 1   4057               3847    210     3652
  SINCE JUL 1   6184               6049    135     5277

 COOLING
  YESTERDAY        0                  0      0        0
  MONTH TO DATE    0                  0      0        0
  SINCE DEC 1      0                  0      0        0
  SINCE JAN 1      0                  0      0        0
...........................................................


WIND (MPH)
  RESULTANT WIND SPEED  MM   RESULTANT WIND DIRECTION  MM
  HIGHEST WIND SPEED    MM   HIGHEST WIND DIRECTION    MM
  HIGHEST GUST SPEED    25   HIGHEST GUST DIRECTION     W (270)
  AVERAGE WIND SPEED    MM


SKY COVER
  POSSIBLE SUNSHINE  MM
  AVERAGE SKY COVER  MM


WEATHER CONDITIONS
 THE FOLLOWING WEATHER WAS RECORDED YESTERDAY.
  LIGHT SNOW


RELATIVE HUMIDITY (PERCENT)
 HIGHEST    MM
 LOWEST     MM
 AVERAGE    MM

..........................................................


THE MARQUETTE MI CLIMATE NORMALS FOR TODAY
                         NORMAL    RECORD    YEAR
 MAXIMUM TEMPERATURE (F)   26        61      1981
 MINIMUM TEMPERATURE (F)    5       -34      1979


SUNRISE AND SUNSET
FEBRUARY 17 2018......SUNRISE   750 AM EST   SUNSET   619 PM EST
FEBRUARY 18 2018......SUNRISE   749 AM EST   SUNSET   620 PM EST


-  INDICATES NEGATIVE NUMBERS.
R  INDICATES RECORD WAS SET OR TIED.
MM INDICATES DATA IS MISSING.
T  INDICATES TRACE AMOUNT.

$$

TITUS
