000
CDUS43 KMQT 300512
CLIMQT


CLIMATE REPORT
NATIONAL WEATHER SERVICE MARQUETTE MI
111 AM EDT SAT MAY 30 2015


...................................

...THE MARQUETTE MI CLIMATE SUMMARY FOR MAY 29 2015...

CLIMATE NORMAL PERIOD 1981 TO 2010
CLIMATE RECORD PERIOD 1961 TO 2015


WEATHER ITEM   OBSERVED RECORD YEAR NORMAL DEPARTURE LAST
                VALUE   VALUE       VALUE  FROM      YEAR
                                           NORMAL
...........................................................
TEMPERATURE (F)
 YESTERDAY
  MAXIMUM         73     93    2006  67      6       82
  MINIMUM         49     27    1965  44      5       41
  AVERAGE         61                 55      6       62

PRECIPITATION (IN)
  YESTERDAY        0.28   2.90 1983   0.11   0.17     0.00
  MONTH TO DATE    4.60               2.83   1.77     2.53
  SINCE MAR 1      8.36               8.87  -0.51     8.94
  SINCE JAN 1     11.28              13.42  -2.14    12.46

SNOWFALL (IN)
  YESTERDAY        0.0   MM      MM   0.0    0.0      0.0
  MONTH TO DATE    0.3                1.5   -1.2      3.6
  SINCE MAR 1     24.7               50.9  -26.2     69.4
  SINCE JUL 1    178.7              203.3  -24.6    198.9
  SNOW DEPTH       0

DEGREE DAYS
 HEATING
  YESTERDAY        4                 10     -6        3
  MONTH TO DATE  367                430    -63      440
  SINCE MAR 1   2429               2508    -79     2914
  SINCE JUL 1   9740               9132    608    10236

 COOLING
  YESTERDAY        0                  1     -1        0
  MONTH TO DATE    2                  9     -7       10
  SINCE MAR 1      2                 10     -8       10
  SINCE JAN 1      2                 10     -8       10
...........................................................

WIND (MPH)
  RESULTANT WIND SPEED  MM   RESULTANT WIND DIRECTION  MM
  HIGHEST WIND SPEED    MM   HIGHEST WIND DIRECTION    MM
  HIGHEST GUST SPEED    25   HIGHEST GUST DIRECTION    SW (225)
  AVERAGE WIND SPEED    MM

SKY COVER
  POSSIBLE SUNSHINE  MM
  AVERAGE SKY COVER  MM

WEATHER CONDITIONS
 THE FOLLOWING WEATHER WAS RECORDED YESTERDAY.
  LIGHT RAIN

RELATIVE HUMIDITY (PERCENT)
 HIGHEST    MM
 LOWEST     MM
 AVERAGE    MM
..........................................................

THE MARQUETTE MI CLIMATE NORMALS FOR TODAY
                         NORMAL    RECORD    YEAR
 MAXIMUM TEMPERATURE (F)   67        93      1986
 MINIMUM TEMPERATURE (F)   44        28      1973


SUNRISE AND SUNSET
MAY 30 2015...........SUNRISE   602 AM EDT   SUNSET   934 PM EDT
MAY 31 2015...........SUNRISE   602 AM EDT   SUNSET   935 PM EDT


-  INDICATES NEGATIVE NUMBERS.
R  INDICATES RECORD WAS SET OR TIED.
MM INDICATES DATA IS MISSING.
T  INDICATES TRACE AMOUNT.




$$
