000
CDUS43 KMQT 231245
CLIMQT


CLIMATE REPORT
NATIONAL WEATHER SERVICE MARQUETTE MI
745 AM EST FRI FEB 23 2018


...................................

...THE MARQUETTE MI CLIMATE SUMMARY FOR FEBRUARY 22 2018...

CLIMATE NORMAL PERIOD 1981 TO 2010
CLIMATE RECORD PERIOD 1961 TO 2018


WEATHER ITEM   OBSERVED RECORD YEAR NORMAL DEPARTURE LAST
                VALUE   VALUE       VALUE  FROM      YEAR
                                           NORMAL
...........................................................
TEMPERATURE (F)
 YESTERDAY
  MAXIMUM         MM     57    1984  28     MM       50
  MINIMUM         MM    -18    2001   6     MM       32
  AVERAGE         MM                 17     MM       41

PRECIPITATION (IN)
  YESTERDAY       MM      0.38 2017   0.08  MM        0.38
  MONTH TO DATE    0.66               1.63  -0.97     1.76
  SINCE DEC 1      5.52               6.61  -1.09     5.69
  SINCE JAN 1      3.38               4.04  -0.66     3.50

SNOWFALL (IN)
  YESTERDAY       MM      7.5  1974   1.3   MM         T
  MONTH TO DATE    6.8               28.1  -21.3     20.0
  SINCE DEC 1     81.6              114.1  -32.5     92.2
  SINCE JUL 1    106.6              144.6  -38.0    106.4
  SNOW DEPTH      MM

DEGREE DAYS
 HEATING
  YESTERDAY       MM                 48     MM       24
  MONTH TO DATE 1163               1104     59      937
  SINCE DEC 1   4292               4139    153     3801
  SINCE JUL 1   6419               6341     78     5426

 COOLING
  YESTERDAY       MM                  0     MM        0
  MONTH TO DATE    0                  0      0        0
  SINCE DEC 1      0                  0      0        0
  SINCE JAN 1      0                  0      0        0
...........................................................


WIND (MPH)
  RESULTANT WIND SPEED  MM   RESULTANT WIND DIRECTION  MM
  HIGHEST WIND SPEED    MM   HIGHEST WIND DIRECTION    MM
  HIGHEST GUST SPEED    MM   HIGHEST GUST DIRECTION    MM
  AVERAGE WIND SPEED    MM


SKY COVER
  POSSIBLE SUNSHINE  MM
  AVERAGE SKY COVER  MM


WEATHER CONDITIONS
 THE FOLLOWING WEATHER WAS RECORDED YESTERDAY.
  NO SIGNIFICANT WEATHER WAS OBSERVED.


RELATIVE HUMIDITY (PERCENT)
 HIGHEST    MM
 LOWEST     MM
 AVERAGE    MM

..........................................................


THE MARQUETTE MI CLIMATE NORMALS FOR TODAY
                         NORMAL    RECORD    YEAR
 MAXIMUM TEMPERATURE (F)   28        49      2000
                                             1984
 MINIMUM TEMPERATURE (F)    7       -28      2015


SUNRISE AND SUNSET
FEBRUARY 23 2018......SUNRISE   740 AM EST   SUNSET   627 PM EST
FEBRUARY 24 2018......SUNRISE   739 AM EST   SUNSET   629 PM EST


-  INDICATES NEGATIVE NUMBERS.
R  INDICATES RECORD WAS SET OR TIED.
MM INDICATES DATA IS MISSING.
T  INDICATES TRACE AMOUNT.




$$
