000
CDUS43 KMQT 142203
CLIMQT


CLIMATE REPORT
NATIONAL WEATHER SERVICE MARQUETTE MI
502 PM EST SUN JAN 14 2018


...................................

...THE MARQUETTE MI CLIMATE SUMMARY FOR JANUARY 14 2018...
VALID TODAY AS OF 0500 PM LOCAL TIME.

CLIMATE NORMAL PERIOD 1981 TO 2010
CLIMATE RECORD PERIOD 1961 TO 2018


WEATHER ITEM   OBSERVED RECORD YEAR NORMAL DEPARTURE LAST
                VALUE   VALUE       VALUE  FROM      YEAR
                                           NORMAL
...........................................................
TEMPERATURE (F)
 TODAY
  MAXIMUM          6     41    1987  22    -16       24
  MINIMUM        -16    -22    1965   5    -21        6
  AVERAGE         -5                 13    -18       15

PRECIPITATION (IN)
  TODAY            0.00   0.81 1985   0.08  -0.08     0.00
  MONTH TO DATE    0.96               1.10  -0.14     0.98
  SINCE DEC 1      3.10               3.67  -0.57     3.17
  SINCE JAN 1      0.96               1.10  -0.14     0.98

SNOWFALL (IN)
  TODAY            0.0   10.0  1985   1.5   -1.5      0.0
  MONTH TO DATE   12.2               19.6   -7.4     16.4
  SINCE DEC 1     50.2               62.4  -12.2     58.4
  SINCE JUL 1     75.2               92.9  -17.7     72.6
  SNOW DEPTH      11

DEGREE DAYS
 HEATING
  TODAY           70                 52     18       50
  MONTH TO DATE  796                711     85      760
  SINCE DEC 1   2375               2151    224     2193
  SINCE JUL 1   4502               4353    149     3818

 COOLING
  TODAY            0                  0      0        0
  MONTH TO DATE    0                  0      0        0
  SINCE DEC 1      0                  0      0        0
  SINCE JAN 1      0                  0      0        0
...........................................................


WIND (MPH)
  HIGHEST WIND SPEED    MM   HIGHEST WIND DIRECTION    MM
  HIGHEST GUST SPEED    21   HIGHEST GUST DIRECTION    SW (225)
  AVERAGE WIND SPEED    MM


SKY COVER
  POSSIBLE SUNSHINE  MM
  AVERAGE SKY COVER  MM


WEATHER CONDITIONS
 THE FOLLOWING WEATHER WAS RECORDED TODAY.
  NO SIGNIFICANT WEATHER WAS OBSERVED.


RELATIVE HUMIDITY (PERCENT)
 HIGHEST    MM
 LOWEST     MM
 AVERAGE    MM

..........................................................


THE MARQUETTE MI CLIMATE NORMALS FOR TOMORROW
                         NORMAL    RECORD    YEAR
 MAXIMUM TEMPERATURE (F)   22        42      1990
 MINIMUM TEMPERATURE (F)    5       -30      1965


SUNRISE AND SUNSET
JANUARY 14 2018.......SUNRISE   830 AM EST   SUNSET   529 PM EST
JANUARY 15 2018.......SUNRISE   830 AM EST   SUNSET   530 PM EST


-  INDICATES NEGATIVE NUMBERS.
R  INDICATES RECORD WAS SET OR TIED.
MM INDICATES DATA IS MISSING.
T  INDICATES TRACE AMOUNT.




$$
