206
CDUS43 KMQT 230503
CLIMQT

CLIMATE REPORT
NATIONAL WEATHER SERVICE MARQUETTE MI
102 AM EDT FRI SEP 23 2016


...................................

...THE MARQUETTE MI CLIMATE SUMMARY FOR SEPTEMBER 22 2016...

CLIMATE NORMAL PERIOD 1981 TO 2010
CLIMATE RECORD PERIOD 1961 TO 2016


WEATHER ITEM   OBSERVED RECORD YEAR NORMAL DEPARTURE LAST
                VALUE   VALUE       VALUE  FROM      YEAR
                                           NORMAL
...........................................................
TEMPERATURE (F)
 YESTERDAY
  MAXIMUM         62     79    2004  63     -1       66
  MINIMUM         53     27    1974  43     10       44
  AVERAGE         58                 53      5       55

PRECIPITATION (IN)
  YESTERDAY        T      0.99 2003   0.13  -0.13      T
  MONTH TO DATE    4.69               2.62   2.07     1.52
  SINCE SEP 1      4.69               2.62   2.07     1.52
  SINCE JAN 1     32.46              24.99   7.47    19.73

SNOWFALL (IN)
  YESTERDAY        0.0    1.4  1974   0.0    0.0      0.0
  MONTH TO DATE    0.0                0.0    0.0      0.0
  SINCE SEP 1      0.0                0.0    0.0      0.0
  SINCE JUL 1      T                  0.0    0.0      0.0
  SNOW DEPTH       0

DEGREE DAYS
 HEATING
  YESTERDAY        7                 12     -5       10
  MONTH TO DATE   91                186    -95       97
  SINCE SEP 1     91                186    -95       97
  SINCE JUL 1    191                371   -180      265

 COOLING
  YESTERDAY        0                  0      0        0
  MONTH TO DATE   10                 21    -11       64
  SINCE SEP 1     10                 21    -11       64
  SINCE JAN 1    246                241      5      246
...........................................................


WIND (MPH)
  RESULTANT WIND SPEED  MM   RESULTANT WIND DIRECTION  MM
  HIGHEST WIND SPEED    MM   HIGHEST WIND DIRECTION    MM
  HIGHEST GUST SPEED    17   HIGHEST GUST DIRECTION    NE (45)
  AVERAGE WIND SPEED    MM


SKY COVER
  POSSIBLE SUNSHINE  MM
  AVERAGE SKY COVER  MM


WEATHER CONDITIONS
 THE FOLLOWING WEATHER WAS RECORDED YESTERDAY.
  LIGHT RAIN


RELATIVE HUMIDITY (PERCENT)
 HIGHEST    MM
 LOWEST     MM
 AVERAGE    MM

..........................................................


THE MARQUETTE MI CLIMATE NORMALS FOR TODAY
                         NORMAL    RECORD    YEAR
 MAXIMUM TEMPERATURE (F)   63        82      2004
 MINIMUM TEMPERATURE (F)   43        22      1974


SUNRISE AND SUNSET
SEPTEMBER 23 2016.....SUNRISE   739 AM EDT   SUNSET   745 PM EDT
SEPTEMBER 24 2016.....SUNRISE   740 AM EDT   SUNSET   743 PM EDT


-  INDICATES NEGATIVE NUMBERS.
R  INDICATES RECORD WAS SET OR TIED.
MM INDICATES DATA IS MISSING.
T  INDICATES TRACE AMOUNT.




$$
