000
CDUS43 KMQT 230505
CLIMQT

CLIMATE REPORT
NATIONAL WEATHER SERVICE MARQUETTE MI
104 AM EDT SAT MAY 23 2015


...................................

...THE MARQUETTE MI CLIMATE SUMMARY FOR MAY 22 2015...

CLIMATE NORMAL PERIOD 1981 TO 2010
CLIMATE RECORD PERIOD 1961 TO 2015


WEATHER ITEM   OBSERVED RECORD YEAR NORMAL DEPARTURE LAST
                VALUE   VALUE       VALUE  FROM      YEAR
                                           NORMAL
...........................................................
TEMPERATURE (F)
 YESTERDAY
  MAXIMUM         55     93    1964  64     -9       58
  MINIMUM         28     21    1967  42    -14       44
  AVERAGE         42                 53    -11       51

PRECIPITATION (IN)
  YESTERDAY        0.00   1.16 1983   0.11  -0.11     0.00
  MONTH TO DATE    1.56               2.08  -0.52     2.48
  SINCE MAR 1      5.32               8.12  -2.80     8.89
  SINCE JAN 1      8.24              12.67  -4.43    12.41

SNOWFALL (IN)
  YESTERDAY        0.0    0.1  1987   0.0    0.0      0.0
  MONTH TO DATE    0.3                1.5   -1.2      3.6
  SINCE MAR 1     24.7               50.9  -26.2     69.4
  SINCE JUL 1    178.7              203.3  -24.6    198.9
  SNOW DEPTH       0

DEGREE DAYS
 HEATING
  YESTERDAY       23                 12     11       14
  MONTH TO DATE  340                351    -11      403
  SINCE MAR 1   2402               2429    -27     2877
  SINCE JUL 1   9713               9053    660    10199

 COOLING
  YESTERDAY        0                  1     -1        0
  MONTH TO DATE    2                  2      0        0
  SINCE MAR 1      2                  3     -1        0
  SINCE JAN 1      2                  3     -1        0
...........................................................


WIND (MPH)
  RESULTANT WIND SPEED  MM   RESULTANT WIND DIRECTION  MM
  HIGHEST WIND SPEED    MM   HIGHEST WIND DIRECTION    MM
  HIGHEST GUST SPEED    17   HIGHEST GUST DIRECTION    NE (45)
  AVERAGE WIND SPEED    MM


SKY COVER
  POSSIBLE SUNSHINE  MM
  AVERAGE SKY COVER  MM


WEATHER CONDITIONS
 THE FOLLOWING WEATHER WAS RECORDED YESTERDAY.
  NO SIGNIFICANT WEATHER WAS OBSERVED.


RELATIVE HUMIDITY (PERCENT)
 HIGHEST    MM
 LOWEST     MM
 AVERAGE    MM

..........................................................


THE MARQUETTE MI CLIMATE NORMALS FOR TODAY
                         NORMAL    RECORD    YEAR
 MAXIMUM TEMPERATURE (F)   65        88      2010
 MINIMUM TEMPERATURE (F)   42        23      1963


SUNRISE AND SUNSET
MAY 23 2015...........SUNRISE   608 AM EDT   SUNSET   926 PM EDT
MAY 24 2015...........SUNRISE   607 AM EDT   SUNSET   928 PM EDT


-  INDICATES NEGATIVE NUMBERS.
R  INDICATES RECORD WAS SET OR TIED.
MM INDICATES DATA IS MISSING.
T  INDICATES TRACE AMOUNT.




$$
