000
CDUS43 KMQT 140803
CLIMQT


CLIMATE REPORT
NATIONAL WEATHER SERVICE MARQUETTE MI
302 AM EST WED FEB 14 2018


...................................

...THE MARQUETTE MI CLIMATE SUMMARY FOR FEBRUARY 13 2018...

CLIMATE NORMAL PERIOD 1981 TO 2010
CLIMATE RECORD PERIOD 1961 TO 2018


WEATHER ITEM   OBSERVED RECORD YEAR NORMAL DEPARTURE LAST
                VALUE   VALUE       VALUE  FROM      YEAR
                                           NORMAL
...........................................................
TEMPERATURE (F)
 YESTERDAY
  MAXIMUM         25     44    2017  25      0       44
  MINIMUM        -12    -22    2003   5    -17       10
  AVERAGE          7                 15     -8       27

PRECIPITATION (IN)
  YESTERDAY        T      0.64 1962   0.07  -0.07     0.00
  MONTH TO DATE    0.24               0.94  -0.70     1.15
  SINCE DEC 1      5.10               5.92  -0.82     5.08
  SINCE JAN 1      2.96               3.35  -0.39     2.89

SNOWFALL (IN)
  YESTERDAY        T      8.6  2000   1.2   -1.2      0.0
  MONTH TO DATE    3.5               16.5  -13.0     16.7
  SINCE DEC 1     78.3              102.5  -24.2     88.9
  SINCE JUL 1    103.3              133.0  -29.7    103.1
  SNOW DEPTH      19

DEGREE DAYS
 HEATING
  YESTERDAY       58                 50      8       38
  MONTH TO DATE  804                663    141      650
  SINCE DEC 1   3933               3698    235     3514
  SINCE JUL 1   6060               5900    160     5139

 COOLING
  YESTERDAY        0                  0      0        0
  MONTH TO DATE    0                  0      0        0
  SINCE DEC 1      0                  0      0        0
  SINCE JAN 1      0                  0      0        0
...........................................................


WIND (MPH)
  RESULTANT WIND SPEED  MM   RESULTANT WIND DIRECTION  MM
  HIGHEST WIND SPEED    MM   HIGHEST WIND DIRECTION    MM
  HIGHEST GUST SPEED    31   HIGHEST GUST DIRECTION    SW (225)
  AVERAGE WIND SPEED    MM


SKY COVER
  POSSIBLE SUNSHINE  MM
  AVERAGE SKY COVER  MM


WEATHER CONDITIONS
 THE FOLLOWING WEATHER WAS RECORDED YESTERDAY.
  LIGHT SNOW


RELATIVE HUMIDITY (PERCENT)
 HIGHEST    MM
 LOWEST     MM
 AVERAGE    MM

..........................................................


THE MARQUETTE MI CLIMATE NORMALS FOR TODAY
                         NORMAL    RECORD    YEAR
 MAXIMUM TEMPERATURE (F)   25        43      1984
 MINIMUM TEMPERATURE (F)    5       -28      1970


SUNRISE AND SUNSET
FEBRUARY 14 2018......SUNRISE   755 AM EST   SUNSET   614 PM EST
FEBRUARY 15 2018......SUNRISE   754 AM EST   SUNSET   616 PM EST


-  INDICATES NEGATIVE NUMBERS.
R  INDICATES RECORD WAS SET OR TIED.
MM INDICATES DATA IS MISSING.
T  INDICATES TRACE AMOUNT.




$$
