000
CDUS43 KMQT 270513
CLIMQT


CLIMATE REPORT
NATIONAL WEATHER SERVICE MARQUETTE MI
110 AM EDT SUN JUL 27 2014


...................................

...THE MARQUETTE MI CLIMATE SUMMARY FOR JULY 26 2014...

CLIMATE NORMAL PERIOD 1981 TO 2010
CLIMATE RECORD PERIOD 1961 TO 2014


WEATHER ITEM   OBSERVED RECORD YEAR NORMAL DEPARTURE LAST
                VALUE   VALUE       VALUE  FROM      YEAR
                                           NORMAL
...........................................................
TEMPERATURE (F)
 YESTERDAY
  MAXIMUM         80     91    1989  77      3       62
  MINIMUM         58     40    1962  55      3       46
  AVERAGE         69                 66      3       54

PRECIPITATION (IN)
  YESTERDAY        0.02   0.89 2013   0.09  -0.07     0.89
  MONTH TO DATE    3.51               2.36   1.15     4.32
  SINCE JUN 1      9.14               5.20   3.94     7.63
  SINCE JAN 1     21.60              18.84   2.76    24.97

SNOWFALL (IN)
  YESTERDAY        0.0   MM      MM   0.0    0.0      0.0
  MONTH TO DATE    T                  0.0    0.0      0.0
  SINCE JUN 1      T                  0.0    0.0      0.0
  SINCE JUL 1      T                  0.0    0.0      0.0
  SNOW DEPTH       0

DEGREE DAYS
 HEATING
  YESTERDAY        0                  2     -2       11
  MONTH TO DATE   91                 64     27       74
  SINCE JUN 1    254                246      8      272
  SINCE JUL 1     91                 64     27       74

 COOLING
  YESTERDAY        4                  3      1        0
  MONTH TO DATE   42                 78    -36      127
  SINCE JUN 1     96                126    -30      166
  SINCE JAN 1    116                138    -22      179
...........................................................


WIND (MPH)
  RESULTANT WIND SPEED  MM   RESULTANT WIND DIRECTION  MM
  HIGHEST WIND SPEED    MM   HIGHEST WIND DIRECTION    MM
  HIGHEST GUST SPEED    25   HIGHEST GUST DIRECTION     W (270)
  AVERAGE WIND SPEED    MM


SKY COVER
  POSSIBLE SUNSHINE  MM
  AVERAGE SKY COVER  MM


WEATHER CONDITIONS
 THE FOLLOWING WEATHER WAS RECORDED YESTERDAY.
  THUNDERSTORM
  LIGHT RAIN


RELATIVE HUMIDITY (PERCENT)
 HIGHEST    MM
 LOWEST     MM
 AVERAGE    MM

..........................................................


THE MARQUETTE MI CLIMATE NORMALS FOR TODAY
                         NORMAL    RECORD    YEAR
 MAXIMUM TEMPERATURE (F)   76        88      2002
 MINIMUM TEMPERATURE (F)   55        39      2001
                                             1980


SUNRISE AND SUNSET
JULY 27 2014..........SUNRISE   625 AM EDT   SUNSET   928 PM EDT
JULY 28 2014..........SUNRISE   626 AM EDT   SUNSET   926 PM EDT


-  INDICATES NEGATIVE NUMBERS.
R  INDICATES RECORD WAS SET OR TIED.
MM INDICATES DATA IS MISSING.
T  INDICATES TRACE AMOUNT.




$$
