794
CDUS43 KMQT 012214
CLIMQT


CLIMATE REPORT
NATIONAL WEATHER SERVICE MARQUETTE MI
512 PM EST MON FEB 1 2016


...................................

...THE MARQUETTE MI CLIMATE SUMMARY FOR FEBRUARY 1 2016...
VALID TODAY AS OF 500 PM LOCAL TIME.

CLIMATE NORMAL PERIOD 1981 TO 2010
CLIMATE RECORD PERIOD 1961 TO 2016


WEATHER ITEM   OBSERVED RECORD YEAR NORMAL DEPARTURE LAST
                VALUE   VALUE       VALUE  FROM      YEAR
                                           NORMAL
...........................................................
TEMPERATURE (F)
 TODAY
  MAXIMUM         29     42    1970  23      6        8
  MINIMUM         23    -27    1985   4     19        4
  AVERAGE         26                 13     13        6

PRECIPITATION (IN)
  TODAY            T      0.70 2002   0.07  -0.07     0.11
  MONTH TO DATE    T                  0.07  -0.07     0.11
  SINCE DEC 1      6.83               5.05   1.78     3.64
  SINCE JAN 1      1.96               2.48  -0.52     1.36

SNOWFALL (IN)
  TODAY            0.1   14.6  2002   1.4   -1.3      2.6
  MONTH TO DATE    0.1                1.4   -1.3      2.6
  SINCE DEC 1     56.5               87.4  -30.9     59.7
  SINCE JUL 1     64.4              117.9  -53.5    115.9
  SNOW DEPTH      16

DEGREE DAYS
 HEATING
  TODAY           39                 52    -13       59
  MONTH TO DATE   39                 52    -13       59
  SINCE DEC 1   2627               3087   -460     3093
  SINCE JUL 1   4459               5289   -830     5623

 COOLING
  TODAY            0                  0      0        0
  MONTH TO DATE    0                  0      0        0
  SINCE DEC 1      0                  0      0        0
  SINCE JAN 1      0                  0      0        0
...........................................................


WIND (MPH)
  HIGHEST WIND SPEED    MM   HIGHEST WIND DIRECTION    MM
  HIGHEST GUST SPEED    13   HIGHEST GUST DIRECTION    NW (315)
  AVERAGE WIND SPEED    MM


SKY COVER
  POSSIBLE SUNSHINE  MM
  AVERAGE SKY COVER  MM


WEATHER CONDITIONS
 THE FOLLOWING WEATHER WAS RECORDED TODAY.
  LT FREEZING RAIN
  LIGHT SNOW


RELATIVE HUMIDITY (PERCENT)
 HIGHEST    MM
 LOWEST     MM
 AVERAGE    MM

..........................................................


THE MARQUETTE MI CLIMATE NORMALS FOR TOMORROW
                         NORMAL    RECORD    YEAR
 MAXIMUM TEMPERATURE (F)   23        54      1991
 MINIMUM TEMPERATURE (F)    4       -26      1996


SUNRISE AND SUNSET
FEBRUARY  1 2016......SUNRISE   814 AM EST   SUNSET   554 PM EST
FEBRUARY  2 2016......SUNRISE   813 AM EST   SUNSET   555 PM EST


-  INDICATES NEGATIVE NUMBERS.
R  INDICATES RECORD WAS SET OR TIED.
MM INDICATES DATA IS MISSING.
T  INDICATES TRACE AMOUNT.




$$
